(16001,'Lotse - Child Rights, MDGs and Social Policy in South Asia',67,'',2,'','','2020-11-12 11:08:04','2020-11-12 11:08:04'),(16002,'MacDermott - Social Policy in a Development Context [2003]',67,'',2,'','','2020-11-12 11:08:04','2020-11-12 11:08:04'),(16003,'MacDermott - Social Policy in a Development Context [Papers] [2003]',67,'',2,'','','2020-11-12 11:08:04','2020-11-12 11:08:04'),(16004,'Makiwane - On Sun\'s Population Policy and Reproduction in Singapore [2012]',67,'',2,'','','2020-11-12 11:08:04','2020-11-12 11:08:04'),(16005,'Maltby et al - Social Policy Review 20 [2008]',67,'',2,'','','2020-11-12 11:08:04','2020-11-12 11:08:04'),(16006,'Midgley - Developmental Social Policy - Theory and Practice [2006]',67,'',2,'','','2020-11-12 11:08:04','2020-11-12 11:08:04'),(16007,'Midgley - Developmental Social Policy - Theory and Practice [2006]yks',67,'',2,'','','2020-11-12 11:08:04','2020-11-12 11:08:04'),(16008,'Morales - Reforming Social Policy',67,'',2,'','','2020-11-12 11:08:04','2020-11-12 11:08:04'),(16009,'Namala - Children and Caste-based Discrimination',67,'',2,'','','2020-11-12 11:08:04','2020-11-12 11:08:04'),(16010,'NYT 20110824 - In First, South Korea Votes on Social Policy',67,'',2,'','','2020-11-12 11:08:04','2020-11-12 11:08:04'),(16011,'Ramesh - Social policy in East and Southeast Asia [2004]',67,'',2,'','','2020-11-12 11:08:04','2020-11-12 11:08:04'),(16012,'Sakai - Aspects of Reaching Users',67,'',2,'','','2020-11-12 11:08:04','2020-11-12 11:08:04'),(16013,'Schramm - Explaining Social Policy in Thailand',67,'',2,'','','2020-11-12 11:08:04','2020-11-12 11:08:04'),(16014,'SEU - Breaking the Cycle',67,'',2,'','','2020-11-12 11:08:04','2020-11-12 11:08:04'),(16015,'SEU - Improving Services Improving Lives',67,'',2,'','','2020-11-12 11:08:04','2020-11-12 11:08:04'),(16016,'Shat & Mehta - Maharastrhra Employment Guarantee Scheme',67,'',2,'','','2020-11-12 11:08:04','2020-11-12 11:08:04'),(16017,'Shrestha & Onoda - The 20 20 Initiative in Nepal',67,'',2,'','','2020-11-12 11:08:04','2020-11-12 11:08:04'),(16018,'Sudarshan - Gender Sensitive Macroeconomics and Impact of Public Policy',67,'',2,'','','2020-11-12 11:08:04','2020-11-12 11:08:04'),(16019,'Sundaram - The Case for Transformative Social Policy',67,'',2,'','','2020-11-12 11:08:04','2020-11-12 11:08:04'),(16020,'Sundaram - The UN and Social Policy',67,'',2,'','','2020-11-12 11:08:04','2020-11-12 11:08:04'),(16021,'UNICEF - List of Selected Key Resources in Social Policy',67,'',2,'','','2020-11-12 11:08:04','2020-11-12 11:08:04'),(16022,'UNICEF - Social Policy Workshop Proceedings',67,'',2,'','','2020-11-12 11:08:04','2020-11-12 11:08:04'),(16023,'UNICEF - Summary of Outcomes of Workshop on Social Policy',67,'',2,'','','2020-11-12 11:08:04','2020-11-12 11:08:04'),(16024,'UNRISD - Social Policy in a Developmental Context [2003]',67,'',2,'','','2020-11-12 11:08:04','2020-11-12 11:08:04'),(16025,'Utting - Social Policy in a Developmental and Political Context',67,'',2,'','','2020-11-12 11:08:04','2020-11-12 11:08:04'),(16026,'Cichon et al - The UN Social Protection Floor Initiative [2011]',67,'',2,'','','2020-11-12 11:08:04','2020-11-12 11:08:04'),(16027,'EU - Social Protection for Inclusive Development [2010]',67,'',2,'','','2020-11-12 11:08:04','2020-11-12 11:08:04'),(16028,'ILO - Social Protection Floor for a Fair and Inclusive Globalization [2011]',67,'',2,'','','2020-11-12 11:08:04','2020-11-12 11:08:04'),(16029,'ILO - Social Protection Floors for Social Justice and a Fair Globalization [2011]',67,'',2,'','','2020-11-12 11:08:04','2020-11-12 11:08:04'),(16030,'ILO - Towards National Social Protection Floors [2011]',67,'',2,'','','2020-11-12 11:08:04','2020-11-12 11:08:04'),(16031,'ILO & WHO - Social Protection Floor Initiative [2009]',67,'',2,'','','2020-11-12 11:08:04','2020-11-12 11:08:04'),(16032,'ILO & WHO - Social Protection Floor Initiative 2 [nd]',67,'',2,'','','2020-11-12 11:08:04','2020-11-12 11:08:04'),(16033,'ILO & WHO - The Social Protection Floor [2009]',67,'',2,'','','2020-11-12 11:08:04','2020-11-12 11:08:04'),(16034,'IOE - The Concept of the Social Protection Floor [2011]',67,'',2,'','','2020-11-12 11:08:04','2020-11-12 11:08:04'),(16035,'Ortiz - A Social Protection Floor as Development Policy [2010]',67,'',2,'','','2020-11-12 11:08:04','2020-11-12 11:08:04'),(16036,'Ortiz et al - Prioritizing Expenditures for a Recovery for All [2010]',67,'',2,'','','2020-11-12 11:08:04','2020-11-12 11:08:04'),(16037,'UN - Social Protection Floor Initiative [2010]',67,'',2,'','','2020-11-12 11:08:04','2020-11-12 11:08:04'),(16038,'UNDP & ILO - Successful Social Protection Floor Experiences [2011]',67,'',2,'','','2020-11-12 11:08:04','2020-11-12 11:08:04');
INSERT INTO `books` VALUES (16039,'Social protection',67,'',2,'','','2020-11-12 11:08:04','2020-11-12 11:08:04'),(16040,'Adam et al - Social Protection in Southeast and East Asia [2002]',67,'',2,'','','2020-11-12 11:08:04','2020-11-12 11:08:04'),(16041,'Barrientos & Barrientos - Extending Social Protection to Informal Workers [2002]',67,'',2,'','','2020-11-12 11:08:04','2020-11-12 11:08:04'),(16042,'Barrientos & Shepherd - Chronic Poverty and Social Protection',67,'',2,'','','2020-11-12 11:08:04','2020-11-12 11:08:04'),(16043,'Bloomberg 20110531 - Ryan Says Rich Should Pay More as Sanders Defends Entitlements for Wealthy',67,'',2,'','','2020-11-12 11:08:04','2020-11-12 11:08:04'),(16044,'Cook - Social Protection in East and SE Asia - A Regional Review [2009]',67,'',2,'','','2020-11-12 11:08:04','2020-11-12 11:08:04'),(16045,'Cook - Social Protection in East and Southeast Asia - A Regional Review [2009]',67,'',2,'','','2020-11-12 11:08:04','2020-11-12 11:08:04'),(16046,'CPRC - Social Protection to Chronically Poor People',67,'',2,'','','2020-11-12 11:08:05','2020-11-12 11:08:05'),(16047,'Definition of Social Protection Terms',67,'',2,'','','2020-11-12 11:08:05','2020-11-12 11:08:05'),(16048,'d\'Ercole & Salvini - Towards Sustainable Development - The Role of Social Protection [2003]',67,'',2,'','','2020-11-12 11:08:05','2020-11-12 11:08:05'),(16049,'Destremau et al - Analysis and Comparison of Social Protection Systems in the Developing World  [2006]',67,'',2,'','','2020-11-12 11:08:05','2020-11-12 11:08:05'),(16050,'Dhanani & Islam - Poverty and Social Protection in Indonesia',67,'',2,'','','2020-11-12 11:08:05','2020-11-12 11:08:05'),(16051,'Duckett - China\' Social security Reforms',67,'',2,'','','2020-11-12 11:08:05','2020-11-12 11:08:05'),(16052,'EU - Social Protection for Inclusive Development [2010]',67,'',2,'','','2020-11-12 11:08:05','2020-11-12 11:08:05'),(16053,'Fritzen - Strengthening Social Protection in Vietnam [nd]',67,'',2,'','','2020-11-12 11:08:05','2020-11-12 11:08:05'),(16054,'Frota - Social Protection and Low-Income Urban Settlements',67,'',2,'','','2020-11-12 11:08:05','2020-11-12 11:08:05'),(16055,'Gardner & Ahmed - Informal Social Protection in Bangladesh',67,'',2,'','','2020-11-12 11:08:05','2020-11-12 11:08:05'),(16056,'Gibbins - The Convention on the Rights of the Child',67,'',2,'','','2020-11-12 11:08:05','2020-11-12 11:08:05'),(16057,'Heyzer - A Social Protection Agenda for Asia and the Pacific [2010]',67,'',2,'','','2020-11-12 11:08:05','2020-11-12 11:08:05'),(16058,'HomeNet - Comparitive Policy Initiaitives for Home Based Workers in Thailand and Philippines [2008]',67,'',2,'','','2020-11-12 11:08:05','2020-11-12 11:08:05'),(16059,'ILO - Decent Work and Social Protection in Six Countries [2009]',67,'',2,'','','2020-11-12 11:08:05','2020-11-12 11:08:05'),(16060,'Kabeer - A Review of Social Protection in South Asia [2009]',67,'',2,'','','2020-11-12 11:08:05','2020-11-12 11:08:05'),(16061,'Kabeer - Past, Present, Future of Child Labour',67,'',2,'','','2020-11-12 11:08:05','2020-11-12 11:08:05'),(16062,'Kabir & Seeley - Social protection for Work Migrants in Bangladesh',67,'',2,'','','2020-11-12 11:08:05','2020-11-12 11:08:05'),(16063,'Li & Peng - The Social Protection of Rural Workers in the Construction Industry in Urban China [2006]',67,'',2,'','','2020-11-12 11:08:05','2020-11-12 11:08:05'),(16064,'Norton et al - Social Protection Concepts and Approaches [2001]',67,'',2,'','','2020-11-12 11:08:05','2020-11-12 11:08:05'),(16065,'OECD - Towards Asia\'s Sustainable Development The Role of Social Protection',67,'',2,'','','2020-11-12 11:08:05','2020-11-12 11:08:05'),(16066,'Sabates & Devereux - Transformative Social Protection - The Currency of Social Justice',67,'',2,'','','2020-11-12 11:08:05','2020-11-12 11:08:05'),(16067,'Schmidt  et al - Social Protection Systems in Developing Countries',67,'',2,'','','2020-11-12 11:08:05','2020-11-12 11:08:05'),(16068,'UNESCAP - Social Protection in Asian Cities [2009]',67,'',2,'','','2020-11-12 11:08:05','2020-11-12 11:08:05'),(16069,'UNICEF & ILO - Social Protection Floor Costing Tool  [nd]',67,'',2,'','','2020-11-12 11:08:05','2020-11-12 11:08:05'),(16070,'von Hauff - Social Security - Growing Safely',67,'',2,'','','2020-11-12 11:08:05','2020-11-12 11:08:05'),(16071,'Wei - China\'s Social Protection System of the Elderly [2010]',67,'',2,'','','2020-11-12 11:08:05','2020-11-12 11:08:05'),(16072,'World Bank - Social Protection Sector Strategy',67,'',2,'','','2020-11-12 11:08:05','2020-11-12 11:08:05'),(16073,'World Bank - Towards an East Asian Social Protection Strategy [1999]',67,'',2,'','','2020-11-12 11:08:05','2020-11-12 11:08:05'),(16074,'Yuzon - Social Protection of the Informal Sector in Southeast Asia [2006]',67,'',2,'','','2020-11-12 11:08:05','2020-11-12 11:08:05'),(16075,'Ahmad - Social Security and the Poor',67,'',2,'','','2020-11-12 11:08:05','2020-11-12 11:08:05'),(16076,'Bautista et al - Social Safety Net in the Philippines [nd]',67,'',2,'','','2020-11-12 11:08:05','2020-11-12 11:08:05'),(16077,'BKKPost 20100919 - Making Social Security More Secure',67,'',2,'','','2020-11-12 11:08:05','2020-11-12 11:08:05'),(16078,'Chen - Social Security in China',67,'',2,'','','2020-11-12 11:08:05','2020-11-12 11:08:05'),(16079,'Conning & Kevane - Community-Based Targeting for Social Safety Nets',67,'',2,'','','2020-11-12 11:08:05','2020-11-12 11:08:05'),(16080,'Dercon - Income Risks Coping Strategies and Safety Nets',67,'',2,'','','2020-11-12 11:08:05','2020-11-12 11:08:05'),(16081,'Halperin - The Case against Privatization of Social security',67,'',2,'','','2020-11-12 11:08:05','2020-11-12 11:08:05'),(16082,'Morduch - Can Informal Insurance Patch the Satefy Net',67,'',2,'','','2020-11-12 11:08:05','2020-11-12 11:08:05'),(16083,'NYT 20100808 - With the Poor Still Starving, India Rethinks Safety Net',67,'',2,'','','2020-11-12 11:08:05','2020-11-12 11:08:05'),(16084,'NYT 20111225 - The Anti-Entitlement Strategy',67,'',2,'','','2020-11-12 11:08:05','2020-11-12 11:08:05'),(16085,'NYT 20120211 - Even Critics of Safety Net Increasingly Depend on It',67,'',2,'','','2020-11-12 11:08:05','2020-11-12 11:08:05'),(16086,'NYT 20120403 - Europe\'s Economy Is Eating Its Young and It\'s About to Get Worse',67,'',2,'','','2020-11-12 11:08:05','2020-11-12 11:08:05'),(16087,'NYT 20120407 - Welfare Limits Left Poor Adrift as Recession Hit',67,'',2,'','','2020-11-12 11:08:05','2020-11-12 11:08:05'),(16088,'NYT 20120410 - America Is Eating Its Poor',67,'',2,'','','2020-11-12 11:08:05','2020-11-12 11:08:05'),(16089,'opment aDicke - Beyond Charity [2011]',67,'',2,'','','2020-11-12 11:08:05','2020-11-12 11:08:05'),(16090,'Paitoonpong et al - The Meaning of Social Safety Nets [2008]',67,'',2,'','','2020-11-12 11:08:05','2020-11-12 11:08:05'),(16091,'Paitoonpong et al - The Meaning of Social Safety Nets',67,'',2,'','','2020-11-12 11:08:05','2020-11-12 11:08:05'),(16092,'Pongsapich - Social Safety Nets in Thailand [2009]',67,'',2,'','','2020-11-12 11:08:05','2020-11-12 11:08:05'),(16093,'Ravallion - Reaching Rural Poor through Public Employment',67,'',2,'','','2020-11-12 11:08:05','2020-11-12 11:08:05'),(16094,'Silvey - Migration under Crisis - Household Safety Nets in Indonesia\'s Economic Collapse [2001]',67,'',2,'','','2020-11-12 11:08:05','2020-11-12 11:08:05'),(16095,'Sumarto - Safety Nets in Indonesia',67,'',2,'','','2020-11-12 11:08:05','2020-11-12 11:08:05'),(16096,'Van Stolk - The Governance Dimension of Social Safety Net Programs in ASEAN [2010]',67,'',2,'','','2020-11-12 11:08:05','2020-11-12 11:08:05'),(16097,'Various - Social Security',67,'',2,'','','2020-11-12 11:08:05','2020-11-12 11:08:05'),(16098,'ACFS - Global Pension INdex [2012]',67,'',2,'','','2020-11-12 11:08:05','2020-11-12 11:08:05'),(16099,'ADB - Pension Systems in East and Southeast Asia [2012]',67,'',2,'','','2020-11-12 11:08:05','2020-11-12 11:08:05'),(16100,'Adema & Ladaique - How expensive is the Welfare State [2009]',67,'',2,'','','2020-11-12 11:08:05','2020-11-12 11:08:05'),(16101,'Arrow - A Difficulty in the Concept of Social Welfare [1950]',67,'',2,'','','2020-11-12 11:08:05','2020-11-12 11:08:05'),(16102,'Arts & Gelissen -Three Worlds of welfare Capitalism or More - A State of teh art Report [2002]',67,'',2,'','','2020-11-12 11:08:05','2020-11-12 11:08:05'),(16103,'Aspalter - The East Asian Welfare Model [2006]',67,'',2,'','','2020-11-12 11:08:05','2020-11-12 11:08:05'),(16104,'Aspalter - The Welfare State in Emerging-Market Economies [2003]',67,'',2,'','','2020-11-12 11:08:05','2020-11-12 11:08:05'),(16105,'Bennett & Cooke - Citizen-Centred Welfare',67,'',2,'','','2020-11-12 11:08:05','2020-11-12 11:08:05'),(16106,'BKKPost 20110529 - Social Welfare Won\'t Come Cheap',67,'',2,'','','2020-11-12 11:08:05','2020-11-12 11:08:05'),(16107,'Bloomberg 20120229 - Middle-Class Welfare State Is Invisible by Design',67,'',2,'','','2020-11-12 11:08:05','2020-11-12 11:08:05'),(16108,'Bradley & Rector - Confronting the Unsustainable Growth of Welfare Entitlements [2010]',67,'',2,'','','2020-11-12 11:08:05','2020-11-12 11:08:05'),(16109,'Chak - Re-thinking the Incrementalist Thesis in China [2010]',67,'',2,'','','2020-11-12 11:08:05','2020-11-12 11:08:05'),(16110,'Chen & Barrientos - Extending Social Assistance in China',67,'',2,'','','2020-11-12 11:08:05','2020-11-12 11:08:05'),(16111,'Clarke - Welfare Economic Analysis of Thailand',67,'',2,'','','2020-11-12 11:08:05','2020-11-12 11:08:05'),(16112,'Conley & Gifford - Home Ownership Social Insurance and the Welfare State [2006]',67,'',2,'','','2020-11-12 11:08:05','2020-11-12 11:08:05'),(16113,'Daly - Making Policy for Care - Experience in Europe and its Implications for Asia [2012]',67,'',2,'','','2020-11-12 11:08:05','2020-11-12 11:08:05'),(16114,'Doling & Ronald - Meeting the Income Needs of Older People in East Asia - Using Housing Equity ]2011]',67,'',2,'','','2020-11-12 11:08:05','2020-11-12 11:08:05'),(16115,'Dudley - Refugee Welfare in Thailand',67,'',2,'','','2020-11-12 11:08:05','2020-11-12 11:08:05'),(16116,'Economist 20120908 - Asian Welfare States - New Cradles to Graves',67,'',2,'','','2020-11-12 11:08:05','2020-11-12 11:08:05'),(16117,'Economist 20120908 - Rethinking the Welfare State - Asia’s Next Revolution',67,'',2,'','','2020-11-12 11:08:05','2020-11-12 11:08:05'),(16118,'Esping-Andersen - The Three Worlds of Welfare Capitalism [1990]',67,'',2,'','','2020-11-12 11:08:05','2020-11-12 11:08:05'),(16119,'Estevez - The Changing Japanese Welfare State [nd]',67,'',2,'','','2020-11-12 11:08:05','2020-11-12 11:08:05'),(16120,'Fritz & Menocal - Developmental States in the New Millennium  - Concepts and Challenges for a New Aid Agenda [2007]',67,'',2,'','','2020-11-12 11:08:05','2020-11-12 11:08:05'),(16121,'Gao et al - Social benefits and Income Inequality in China and Vietnam [2009]',67,'',2,'','','2020-11-12 11:08:05','2020-11-12 11:08:05'),(16122,'Goodman et al - The East Asian Welfare Model [1998]',67,'',2,'','','2020-11-12 11:08:05','2020-11-12 11:08:05'),(16123,'Gough - East Asia - The Limits of Productivist Regimes [nd]',67,'',2,'','','2020-11-12 11:08:05','2020-11-12 11:08:05'),(16124,'Gough - East Asia - The Limits to Productivist Regimes [2004]',67,'',2,'','','2020-11-12 11:08:05','2020-11-12 11:08:05'),(16125,'Gough - Welfare Regimes in East Asia',67,'',2,'','','2020-11-12 11:08:05','2020-11-12 11:08:05'),(16126,'Gough & Wood - Insecurity and Welfare Regimes in Asia Africa and Latin America [2004]',67,'',2,'','','2020-11-12 11:08:05','2020-11-12 11:08:05'),(16127,'Hagberg - A Brief Analysis of Esping-Anderson\'s The Three Worlds of Welfare Capitalism [nd]',67,'',2,'','','2020-11-12 11:08:05','2020-11-12 11:08:05'),(16128,'Holliday - East Asian Social Policy in the Wake of the Financial Crisis [nd]',67,'',2,'','','2020-11-12 11:08:05','2020-11-12 11:08:05'),(16129,'Holliday - Productivist Welfare Capitalism - Social Policy in East Asia [2000]',67,'',2,'','','2020-11-12 11:08:05','2020-11-12 11:08:05'),(16130,'Holliday & Wilding - Welfare Capitalism in the Tiger Economies of East and Southeast Asia [2004]',67,'',2,'','','2020-11-12 11:08:05','2020-11-12 11:08:05'),(16131,'Hong - A Reinterpretation of the East Asian Welfare State [nd]',67,'',2,'','','2020-11-12 11:08:05','2020-11-12 11:08:05'),(16132,'Hort & Kuhnle - The Coming of East and Southeast Asian Welfare States [2000]',67,'',2,'','','2020-11-12 11:08:05','2020-11-12 11:08:05'),(16133,'Jessop - The Changing Governance of Welfare [2000]',67,'',2,'','','2020-11-12 11:08:05','2020-11-12 11:08:05'),(16134,'Jessop - Towards a Schumpterian Workfare State [1993]',67,'',2,'','','2020-11-12 11:08:05','2020-11-12 11:08:05'),(16135,'Kamimura - Towards a Comparative Study of East Asian Welfare States [2002]',67,'',2,'','','2020-11-12 11:08:05','2020-11-12 11:08:05'),(16136,'Kananurak & Nuthall - Welfare Improvement for the Urban Poor in Bangkok',67,'',2,'','','2020-11-12 11:08:05','2020-11-12 11:08:05'),(16137,'Kim & Choi - Private Transfers and Emerging Welfare States in East Asia [nd]',67,'',2,'','','2020-11-12 11:08:05','2020-11-12 11:08:05'),(16138,'Knodel & Chayovan - Intergenerational Family Care for and by Older People in Thailand [2012]',67,'',2,'','','2020-11-12 11:08:05','2020-11-12 11:08:05'),(16139,'Krongkaew - Economic Growth and Social Welfare in Thailand',67,'',2,'','','2020-11-12 11:08:05','2020-11-12 11:08:05'),(16140,'Kwon - Income Transfers to the Elderly in East Asia [1999]',67,'',2,'','','2020-11-12 11:08:05','2020-11-12 11:08:05'),(16141,'Kwon - Transforming the Developmental Welfare State in East Asia [2005]',67,'',2,'','','2020-11-12 11:08:05','2020-11-12 11:08:05'),(16142,'Lee & Ku - East Asian Welfare Regimes [2007]',67,'',2,'','','2020-11-12 11:08:05','2020-11-12 11:08:05'),(16143,'Levin - Beyond the Welfare State [2011]',67,'',2,'','','2020-11-12 11:08:05','2020-11-12 11:08:05'),(16144,'Martin - Legacies of Welfare Reform in the US [2009]',67,'',2,'','','2020-11-12 11:08:05','2020-11-12 11:08:05'),(16145,'NYT 20120514 - Define \'Welfare State\' Please',67,'',2,'','','2020-11-12 11:08:05','2020-11-12 11:08:05'),(16146,'NYT 20120920 - In Britain Austerity Collides With Pension System',67,'',2,'','','2020-11-12 11:08:05','2020-11-12 11:08:05'),(16147,'NYT 20120930 - Greek-Spanish Pension Split Illustrates Europe’s Dilemma',67,'',2,'','','2020-11-12 11:08:05','2020-11-12 11:08:05'),(16148,'NYT 20130514 - International Retirement Plans Offer Insight to Aid America’s System',67,'',2,'','','2020-11-12 11:08:05','2020-11-12 11:08:05'),(16149,'Park & Jung - Making Sense of the Asian Welfare Regimes [2008]',67,'',2,'','','2020-11-12 11:08:05','2020-11-12 11:08:05'),(16150,'Peng - Social and Political Economy of Care in Japan and South Korea [2012]',67,'',2,'','','2020-11-12 11:08:05','2020-11-12 11:08:05'),(16151,'Risseeuw - Institutional Care Provisions for the Aged in Sri Lanka [2012]',67,'',2,'','','2020-11-12 11:08:05','2020-11-12 11:08:05'),(16152,'Rudra - Welfare States in Developing Countries - Unique or universal [2007]',67,'',2,'','','2020-11-12 11:08:05','2020-11-12 11:08:05'),(16153,'Schmidt & Juego - Social Welfare in East and West [nd]',67,'',2,'','','2020-11-12 11:08:05','2020-11-12 11:08:05'),(16154,'Sharkh & Gough - Global Welfare Regimes - A Cluster Analysis - draft [2007]',67,'',2,'','','2020-11-12 11:08:05','2020-11-12 11:08:05'),(16155,'Shepherd - Free Drugs for India\'s Poor [2012]',67,'',2,'','','2020-11-12 11:08:05','2020-11-12 11:08:05'),(16156,'Sherk - Extended UI Payments do not Benefit the Economy [2011]',67,'',2,'','','2020-11-12 11:08:05','2020-11-12 11:08:05'),(16157,'Sun - Care Expectations Mismatched - State and Family in Singapore [2012]',67,'',2,'','','2020-11-12 11:08:05','2020-11-12 11:08:05'),(16158,'Townsend - A Society for People [2011]',67,'',2,'','','2020-11-12 11:08:05','2020-11-12 11:08:05'),(16159,'Wong - Hong Kong\'s Welfare Model Reconsidered [nd]',67,'',2,'','','2020-11-12 11:08:05','2020-11-12 11:08:05'),(16160,'Wood & Gough - A Compararive Welfare Regime Approach to Global Social Policy [2006]',67,'',2,'','','2020-11-12 11:08:05','2020-11-12 11:08:05'),(16161,'Yoyota & Xiang - The Emerging Transnational Retirement Industry in Southeast Asia [2012]',67,'',2,'','','2020-11-12 11:08:05','2020-11-12 11:08:05'),(16162,'Zhang & Maclean - Rolling back of the State in Child Care in Urban China [2012]',67,'',2,'','','2020-11-12 11:08:05','2020-11-12 11:08:05'),(16163,'Zhang & Yeung - Shifting Boundaries of Care in Asia [2012]',67,'',2,'','','2020-11-12 11:08:05','2020-11-12 11:08:05'),(16164,'Coady et al - Outcomes of Targeting',67,'',2,'','','2020-11-12 11:08:05','2020-11-12 11:08:05'),(16165,'Matin - Targeted Programmes for the Extreme  Poor',67,'',2,'','','2020-11-12 11:08:05','2020-11-12 11:08:05'),(16166,'Ravallion - Targeted Transfers in Poor Countries',67,'',2,'','','2020-11-12 11:08:05','2020-11-12 11:08:05'),(16167,'Aspalter - Towards a More People-Centred Paradigm in Social Development [2006]',67,'',2,'','','2020-11-12 11:08:05','2020-11-12 11:08:05'),(16168,'Baldwin - The Politics of Social Solidarity [1990]',67,'',2,'','','2020-11-12 11:08:05','2020-11-12 11:08:05'),(16169,'Barrientos et al - Social Assistance Database [2010]',67,'',2,'','','2020-11-12 11:08:05','2020-11-12 11:08:05'),(16170,'BCG - How Governments Are Harnessing the Power of Social Investment [2012]',67,'',2,'','','2020-11-12 11:08:05','2020-11-12 11:08:05'),(16171,'Bloomberg 20110607 - The Arithmetic and Politics of a Social Security Solution',67,'',2,'','','2020-11-12 11:08:05','2020-11-12 11:08:05'),(16172,'Chan et al - The Relatiosnhip between Formal and Familial Support of the Elderly in Singapore and Taiwan [2003]',67,'',2,'','','2020-11-12 11:08:05','2020-11-12 11:08:05'),(16173,'D+C - Microinsurance',67,'',2,'','','2020-11-12 11:08:05','2020-11-12 11:08:05'),(16174,'Economist 20110407 - Falling Short',67,'',2,'','','2020-11-12 11:08:05','2020-11-12 11:08:05'),(16175,'Elder - Time, Human Agency and Social Change [1994]',67,'',2,'','','2020-11-12 11:08:05','2020-11-12 11:08:05'),(16176,'Hamann - Collaboration Encourages Equal Sharing [2011]',67,'',2,'','','2020-11-12 11:08:05','2020-11-12 11:08:05'),(16177,'Hutagalung et al - Problems and Challenges for the Indonesian Conditional Cash Transfer Programme [2009]',67,'',2,'','','2020-11-12 11:08:05','2020-11-12 11:08:05'),(16178,'ILO - Extending Social Security to All [2010]',67,'',2,'','','2020-11-12 11:08:05','2020-11-12 11:08:05'),(16179,'ILO - Social Security and the Rule of Law [2011]',67,'',2,'','','2020-11-12 11:08:05','2020-11-12 11:08:05'),(16180,'ILO - Social Security for Social Justrice and a Fair Globalization [2011]',67,'',2,'','','2020-11-12 11:08:05','2020-11-12 11:08:05'),(16181,'ILO - World Social Security Report 2010-11 [2010]',67,'',2,'','','2020-11-12 11:08:05','2020-11-12 11:08:05'),(16182,'ILO - World Social Security Report 2010-2011 [2010]',67,'',2,'','','2020-11-12 11:08:05','2020-11-12 11:08:05'),(16183,'IRCircuit 20110926 - Indonesia - Why Facebook',67,'',2,'','','2020-11-12 11:08:05','2020-11-12 11:08:05'),(16184,'Kabeer - Social Protection in Asia [2010]',67,'',2,'','','2020-11-12 11:08:05','2020-11-12 11:08:05'),(16185,'Kim - Social Development in Korea [2006]',67,'',2,'','','2020-11-12 11:08:05','2020-11-12 11:08:05'),(16186,'Lim - Social and Economic Integration of Different Ethnic Groups in SEA',67,'',2,'','','2020-11-12 11:08:05','2020-11-12 11:08:05'),(16187,'Midgley - Developmental Social Policy - Theory and Practice [2006]',67,'',2,'','','2020-11-12 11:08:05','2020-11-12 11:08:05'),(16188,'Natu et al - Linking Financial Inclusion with Social Security Schemes [2008]',67,'',2,'','','2020-11-12 11:08:05','2020-11-12 11:08:05'),(16189,'New Geography 20120920 - What to Look for in the Nordic Model',67,'',2,'','','2020-11-12 11:08:05','2020-11-12 11:08:05'),(16190,'NYT 20120220 - The Talent Society',67,'',2,'','','2020-11-12 11:08:05','2020-11-12 11:08:05'),(16191,'NYT 20120512 - Entitlement Reform For the Entitled',67,'',2,'','','2020-11-12 11:08:05','2020-11-12 11:08:05'),(16192,'OECD - Social Cohesion in Southeast Asia [2011]',67,'',2,'','','2020-11-12 11:08:05','2020-11-12 11:08:05'),(16193,'Sudarshan - Examining India\'s National Regional Employment Guarantee Act [2009]',67,'',2,'','','2020-11-12 11:08:05','2020-11-12 11:08:05'),(16194,'Szreter - Development Identity Registration and Social Security [2007]',67,'',2,'','','2020-11-12 11:08:05','2020-11-12 11:08:05'),(16195,'UN - Copenhagen Declaration on Social Development',67,'',2,'','','2020-11-12 11:08:05','2020-11-12 11:08:05'),(16196,'Van Slyke - Mythology of Privitization in Contracting for Social Services',67,'',2,'','','2020-11-12 11:08:05','2020-11-12 11:08:05'),(16197,'Wang - Intergenerational Transmission of Family Property in Urban China [ 2010]',67,'',2,'','','2020-11-12 11:08:05','2020-11-12 11:08:05'),(16198,'ADB - Municipal Solid Waste Treatment in Wenzhou [2010]',68,'',2,'','','2020-11-12 11:08:05','2020-11-12 11:08:05'),(16199,'ADB - Sustainable Organic Waste Management in South Asia [2011]',68,'',2,'','','2020-11-12 11:08:05','2020-11-12 11:08:05'),(16200,'Ali - Sustainable Composting',68,'',2,'','','2020-11-12 11:08:05','2020-11-12 11:08:05'),(16201,'Amost Zero Waste [nd]',68,'',2,'','','2020-11-12 11:08:05','2020-11-12 11:08:05'),(16202,'APO - Solid Waste Management in Asia [2007]',68,'',2,'','','2020-11-12 11:08:05','2020-11-12 11:08:05'),(16203,'Bahttarai & Kafle - Bibliography Economics of Solid Waste Management',68,'',2,'','','2020-11-12 11:08:05','2020-11-12 11:08:05'),(16204,'Baud & Post - Between markets and partnership - Urban Solid Waste Management [2003]',68,'',2,'','','2020-11-12 11:08:05','2020-11-12 11:08:05'),(16205,'Baud et al - Solid Waste Management in Urban Areas of India [1995]',68,'',2,'','','2020-11-12 11:08:05','2020-11-12 11:08:05'),(16206,'Baud et al. - Quality of Life and Alliances in Solid Waste Management [2001]',68,'',2,'','','2020-11-12 11:08:05','2020-11-12 11:08:05'),(16207,'Beede & Bloom - Economics of Municipal Solid Waste',68,'',2,'','','2020-11-12 11:08:05','2020-11-12 11:08:05'),(16208,'Bennagen et al - Solid Waste Segregation and Recycling in Metro Manila [2002]',68,'',2,'','','2020-11-12 11:08:05','2020-11-12 11:08:05'),(16209,'Bhiuyan - Urban Solid Waste Management in Bangladesh [2010]',68,'',2,'','','2020-11-12 11:08:05','2020-11-12 11:08:05'),(16210,'Bhuiyan - Sustainable solid Wadte Management in Bangladesh [2008]',68,'',2,'','','2020-11-12 11:08:05','2020-11-12 11:08:05'),(16211,'BKKPost 20120415 - Enterprising Collectors Find Trash Means Cash',68,'',2,'','','2020-11-12 11:08:05','2020-11-12 11:08:05'),(16212,'Bose & Blore - Economics of Solid Waste in Calcutta',68,'',2,'','','2020-11-12 11:08:05','2020-11-12 11:08:05'),(16213,'Chakrabarti et al - Public-Community Participation in Household Waste Management in India [2008]',68,'',2,'','','2020-11-12 11:08:05','2020-11-12 11:08:05'),(16214,'Chattopadhyyay et al - Municipal Solid Waste Management in Kolkata [2009]',68,'',2,'','','2020-11-12 11:08:05','2020-11-12 11:08:05'),(16215,'Chikarmane & Narayan - Organising the Unorganised - Trade Union of Waste-Pickers [nd]',68,'',2,'','','2020-11-12 11:08:05','2020-11-12 11:08:05'),(16216,'Chikarmane & Narayan - Rising from the Waste [2009]',68,'',2,'','','2020-11-12 11:08:05','2020-11-12 11:08:05'),(16217,'Choudhry - Adjusting the Poor [2010]',68,'',2,'','','2020-11-12 11:08:05','2020-11-12 11:08:05'),(16218,'DiGregorio - Social Construction of Solid Waste Management in Hanoi',68,'',2,'','','2020-11-12 11:08:05','2020-11-12 11:08:05'),(16219,'Ekop - Population Growth Solid Waste Generation and Management and Public Health in Nigerai [1995]',68,'',2,'','','2020-11-12 11:08:05','2020-11-12 11:08:05'),(16220,'Elias-Ozkan - A Recycling Model for Local Governments',68,'',2,'','','2020-11-12 11:08:05','2020-11-12 11:08:05'),(16221,'Fahmi & Sutton - Garbage Recyclers in Cairo',68,'',2,'','','2020-11-12 11:08:05','2020-11-12 11:08:05'),(16222,'Forsyth - Building Public-Private Partnerships for Waste Management in Asia [2005]',68,'',2,'','','2020-11-12 11:08:05','2020-11-12 11:08:05'),(16223,'Furedy - Social Aspects of Solid Waste Recovery in Asian Cities [1990]',68,'',2,'','','2020-11-12 11:08:05','2020-11-12 11:08:05'),(16224,'Hanafie - The Roles of Community Organizations in Solid Waste Management in Indonesia [1995]',68,'',2,'','','2020-11-12 11:08:05','2020-11-12 11:08:05'),(16225,'Herald 199307 - The Waste Merchant',68,'',2,'','','2020-11-12 11:08:05','2020-11-12 11:08:05'),(16226,'Islam and Shafi - Solid Waste Management and the Urban Poor in Dhaka [2004]',68,'',2,'','','2020-11-12 11:08:05','2020-11-12 11:08:05'),(16227,'Ittiravivongse - The Impact of Habit on Household Waste Recycling Behaviour in Thailand [2012]',68,'',2,'','','2020-11-12 11:08:05','2020-11-12 11:08:05'),(16228,'JICA - Capacity Development for Solid Waste Management',68,'',2,'','','2020-11-12 11:08:05','2020-11-12 11:08:05'),(16229,'JICA - Solid Waste Management in Vientiane',68,'',2,'','','2020-11-12 11:08:05','2020-11-12 11:08:05'),(16230,'Johannessen & Boyer - Solid Waste Landfills in Developing Countries',68,'',2,'','','2020-11-12 11:08:05','2020-11-12 11:08:05'),(16231,'Jones - Costing and Cost Recovery for Solid Waste and Recycling',68,'',2,'','','2020-11-12 11:08:05','2020-11-12 11:08:05'),(16232,'Kootatep - Integrated Solid Waste Disposal System in Chiang Mai [1995]',68,'',2,'','','2020-11-12 11:08:05','2020-11-12 11:08:05'),(16233,'Kumara - Solid Waste Management',68,'',2,'','','2020-11-12 11:08:05','2020-11-12 11:08:05'),(16234,'Kwon - Municipal Waste Management in Ulsan Korea [nd]',68,'',2,'','','2020-11-12 11:08:05','2020-11-12 11:08:05'),(16235,'Lavagnolo - A Glance at the World SWM [2009]',68,'',2,'','','2020-11-12 11:08:05','2020-11-12 11:08:05'),(16236,'Livemint 20121001 - Bangalore Implements Waste Segregation',68,'',2,'','','2020-11-12 11:08:05','2020-11-12 11:08:05'),(16237,'Medina - Scavenger Cooperatives in Asia and LAC [nd]',68,'',2,'','','2020-11-12 11:08:05','2020-11-12 11:08:05'),(16238,'Medina - Solid Wastes Poverty and Environment in Developing Countriy Cities [2010]',68,'',2,'','','2020-11-12 11:08:05','2020-11-12 11:08:05'),(16239,'Medina - Waste Picker Cooperatives in Developing Countries [nd]',68,'',2,'','','2020-11-12 11:08:05','2020-11-12 11:08:05'),(16240,'Mitchell - The Shifting Experience of Informal Waste Collecting during Hanoi\'s Urban Transition [2008]',68,'',2,'','','2020-11-12 11:08:05','2020-11-12 11:08:05'),(16241,'Mo et al - China\'s Recyclable Resources Recycling System and Polocy [2009]',68,'',2,'','','2020-11-12 11:08:05','2020-11-12 11:08:05'),(16242,'Mongkolnchaiarunya - How to Separate Waste at the Community Level [2000]',68,'',2,'','','2020-11-12 11:08:05','2020-11-12 11:08:05'),(16243,'Muller - The Potential for Community Based Waste Services in Cities of the South [1995]',68,'',2,'','','2020-11-12 11:08:05','2020-11-12 11:08:05'),(16244,'Myanmar Times 20130527 - YCDC Opens Tender to Turn Trash into Power',68,'',2,'','','2020-11-12 11:08:05','2020-11-12 11:08:05'),(16245,'Nation 19890417 - Now It\'s AIDS from Garbage',68,'',2,'','','2020-11-12 11:08:05','2020-11-12 11:08:05'),(16246,'NYT 20110119 - Indian Scavengers Doing What Officials Can\'t',68,'',2,'','','2020-11-12 11:08:05','2020-11-12 11:08:05'),(16247,'NYT 20110815 - Refuse Collects Here but Visitors and Wildlife Can Breathe Free',68,'',2,'','','2020-11-12 11:08:05','2020-11-12 11:08:05'),(16248,'NYT 20120129 - In Hong Kong a Wasted Chance to Recycle Glass',68,'',2,'','','2020-11-12 11:08:05','2020-11-12 11:08:05'),(16249,'NYT 20120323 - Companies Pick Up Used Packaging, and Recycling’s Cost',68,'',2,'','','2020-11-12 11:08:05','2020-11-12 11:08:05'),(16250,'NYT 20121026 - India’s Plague Trash Drowns Bangalore Its Garden City',68,'',2,'','','2020-11-12 11:08:05','2020-11-12 11:08:05'),(16251,'NYT 20121027 - Bangalore\'s Female Trash Pickers',68,'',2,'','','2020-11-12 11:08:05','2020-11-12 11:08:05'),(16252,'NYT 20121105 - As Bangalore\'s Garbage Crisis Eases Recycling Suffers',68,'',2,'','','2020-11-12 11:08:05','2020-11-12 11:08:05'),(16253,'NYT 20130123 - Why India\'s Waste-to-Energy Industry Won\'t Catch Fire',68,'',2,'','','2020-11-12 11:08:05','2020-11-12 11:08:05'),(16254,'NYT 20130429 - Mayor Bloomberg Rethinks Recycling',68,'',2,'','','2020-11-12 11:08:05','2020-11-12 11:08:05'),(16255,'NYT 20130429 - Oslo Copes With Shortage of Garbage',68,'',2,'','','2020-11-12 11:08:05','2020-11-12 11:08:05'),(16256,'Othman - Household Preferences for Solid Waste Management in Malaysia [2002]',68,'',2,'','','2020-11-12 11:08:05','2020-11-12 11:08:05'),(16257,'Raman - A Comparison of Solid Waste Collection and Disposal in Indian Human Settlements [1995]',68,'',2,'','','2020-11-12 11:08:05','2020-11-12 11:08:05'),(16258,'Richardson - Community-Based Solid Waste Management Systems in Hanoi [2003]',68,'',2,'','','2020-11-12 11:08:05','2020-11-12 11:08:05'),(16259,'Rufo & Rufo - Clean Incineration of Solid Waste in Manila [2004]',68,'',2,'','','2020-11-12 11:08:05','2020-11-12 11:08:05'),(16260,'Saeed et al - Municipal Solid Waste Generation and Recyclable Matetials Potential in Kuala Lumpur  [2009]',68,'',2,'','','2020-11-12 11:08:05','2020-11-12 11:08:05'),(16261,'Samson - Reclaiming Livelihoods [nd]',68,'',2,'','','2020-11-12 11:08:05','2020-11-12 11:08:05'),(16262,'Schubeler - Conceptual Framework for Solid Waste Management',68,'',2,'','','2020-11-12 11:08:05','2020-11-12 11:08:05'),(16263,'Shekdar - Sustainable Solid Waste Management [2009]',68,'',2,'','','2020-11-12 11:08:05','2020-11-12 11:08:05'),(16264,'Sinnatamby - Solid Waste Management in a Large Squatter Settlement in Karachi [1986]',68,'',2,'','','2020-11-12 11:08:05','2020-11-12 11:08:05'),(16265,'Solid Waste Sri Lanka Ch1',68,'',2,'','','2020-11-12 11:08:05','2020-11-12 11:08:05'),(16266,'Solid Waste Sri Lanka Ch2',68,'',2,'','','2020-11-12 11:08:05','2020-11-12 11:08:05'),(16267,'Solid Waste Sri Lanka Ch3',68,'',2,'','','2020-11-12 11:08:05','2020-11-12 11:08:05'),(16268,'Solid Waste Sri Lanka Ch4',68,'',2,'','','2020-11-12 11:08:05','2020-11-12 11:08:05'),(16269,'Solid Waste Sri Lanka Ch5',68,'',2,'','','2020-11-12 11:08:05','2020-11-12 11:08:05'),(16270,'Solid Waste Sri Lanka Ch6',68,'',2,'','','2020-11-12 11:08:05','2020-11-12 11:08:05'),(16271,'Soma - Solid Waste Neighbourhood Self-Management in Bogor [nd]',68,'',2,'','','2020-11-12 11:08:05','2020-11-12 11:08:05'),(16272,'Suttibak & nitivatannanon - Assessment of Factors Influencing the Performance of Solid Waste Recycling Programmes [2008]',68,'',2,'','','2020-11-12 11:08:05','2020-11-12 11:08:05'),(16273,'Tin et al - Cost-Benefit Analysis of the Municipal Solid Waste Collection System in Yangon [1995]',68,'',2,'','','2020-11-12 11:08:05','2020-11-12 11:08:05'),(16274,'UNCHS - Solid Waste Management in Low-Income Housing Projects',68,'',2,'','','2020-11-12 11:08:05','2020-11-12 11:08:05'),(16275,'UNEP - Vital Waste Graphics [2004]',68,'',2,'','','2020-11-12 11:08:05','2020-11-12 11:08:05'),(16276,'UNESCAP - Integrated Resource Recovery Centre [2012]',68,'',2,'','','2020-11-12 11:08:05','2020-11-12 11:08:05'),(16277,'UNESCAP - Republic of Korea\'s Volume-Based Waste Charging Scheme [2012]',68,'',2,'','','2020-11-12 11:08:05','2020-11-12 11:08:05'),(16278,'UNESCAP - Sri Lanka\'s Community-Based Decentralized Solid Waste Management [2012]',68,'',2,'','','2020-11-12 11:08:05','2020-11-12 11:08:05'),(16279,'Uyen & Schnitzer - Sustainable Solutions for Solid Waste Management in SEA Countries [2009]',68,'',2,'','','2020-11-12 11:08:05','2020-11-12 11:08:05'),(16280,'World Bank - Solid Waste Management in Asia [1999]',68,'',2,'','','2020-11-12 11:08:05','2020-11-12 11:08:05'),(16281,'Zhang et al - Municipal Solid Waste Management in China [2010]',68,'',2,'','','2020-11-12 11:08:05','2020-11-12 11:08:05'),(16282,'Zurbrugg - Urban Solid Waste Management in Low-Income Countries of Asia [2003]',68,'',2,'','','2020-11-12 11:08:05','2020-11-12 11:08:05'),(16283,'Bailet - Decrying the Pursuit of Unnecessary Things [2010]',70,'',2,'','','2020-11-12 11:08:05','2020-11-12 11:08:05'),(16284,'BKKPost 20110427 - More Consumption cannot be the Answer',70,'',2,'','','2020-11-12 11:08:05','2020-11-12 11:08:05'),(16285,'Bloomberg 20121029 - U.S. Prosperity Slides in Index That Ranks Norway No. 1',70,'',2,'','','2020-11-12 11:08:05','2020-11-12 11:08:05'),(16286,'Booth - and the Pursuit of Happiness [2012]',70,'',2,'','','2020-11-12 11:08:05','2020-11-12 11:08:05'),(16287,'Boston Globe 20110703 - Trusting Your Instincts',70,'',2,'','','2020-11-12 11:08:05','2020-11-12 11:08:05'),(16288,'Curcio - A New Economic Measure of the Standard of Living [2005]',70,'',2,'','','2020-11-12 11:08:05','2020-11-12 11:08:05'),(16289,'de Leon & Boris - Measuring Economic Success and Human Well-Being [2010]',70,'',2,'','','2020-11-12 11:08:05','2020-11-12 11:08:05'),(16290,'Easterlin et al - China\'s Life Satisfaction 1990-2010 [2012]',70,'',2,'','','2020-11-12 11:08:05','2020-11-12 11:08:05'),(16291,'EC - GDP and Beyond [2007]',70,'',2,'','','2020-11-12 11:08:05','2020-11-12 11:08:05'),(16292,'Economist 20061219 - Affluence Happiness and How to Measure it',70,'',2,'','','2020-11-12 11:08:05','2020-11-12 11:08:05'),(16293,'Economist 20061219 - Happiness and Economics - Economics Discovers its Feelings',70,'',2,'','','2020-11-12 11:08:05','2020-11-12 11:08:05'),(16294,'Economist 20091217 - The Idea of Progress - Onwards and Upwards',70,'',2,'','','2020-11-12 11:08:05','2020-11-12 11:08:05'),(16295,'Economist 20100920 - Standards of Living - Beyond GDP',70,'',2,'','','2020-11-12 11:08:05','2020-11-12 11:08:05'),(16296,'Economist 20110518 - Happiness',70,'',2,'','','2020-11-12 11:08:05','2020-11-12 11:08:05'),(16297,'Economist 20111125 - The Joyless or the Jobless',70,'',2,'','','2020-11-12 11:08:05','2020-11-12 11:08:05'),(16298,'Economist 20120402 - The Pursuit of Money',70,'',2,'','','2020-11-12 11:08:05','2020-11-12 11:08:05'),(16299,'EEA - Accounting fully for Ecosystem Services and Human Well-Being [2007]',70,'',2,'','','2020-11-12 11:08:05','2020-11-12 11:08:05'),(16300,'Fellner - Standard of Living [XXXX]',70,'',2,'','','2020-11-12 11:08:05','2020-11-12 11:08:05'),(16301,'Frank - Supplementing Per Capita GDP as Measure of Well-Being',70,'',2,'','','2020-11-12 11:08:05','2020-11-12 11:08:05'),(16302,'Gasper - Understanding the Diversity of Conceptions of Well-Being [2009]',70,'',2,'','','2020-11-12 11:08:05','2020-11-12 11:08:05'),(16303,'Giovannini & Hall - Measuring Well-Being and Societal Progress [2007]',70,'',2,'','','2020-11-12 11:08:05','2020-11-12 11:08:05'),(16304,'Goossens - Alternative Progress Indicators to GDP [2007]',70,'',2,'','','2020-11-12 11:08:05','2020-11-12 11:08:05'),(16305,'Graham - Insights on Development from the Economics of Happiness [2005]',70,'',2,'','','2020-11-12 11:08:05','2020-11-12 11:08:05'),(16306,'Groot - Alle Nederlanders behalve Ik zijn Ongelukkig en Hufterig [2011]',70,'',2,'','','2020-11-12 11:08:05','2020-11-12 11:08:05'),(16307,'Helliwell et al - World Happiness Report [nd]',70,'',2,'','','2020-11-12 11:08:05','2020-11-12 11:08:05'),(16308,'Holdren - Science and Technology for Sustainable Well-Being [2010]',70,'',2,'','','2020-11-12 11:08:05','2020-11-12 11:08:05'),(16309,'Jackson - Societal Transformations for a Sustainable Economy [2011]',70,'',2,'','','2020-11-12 11:08:05','2020-11-12 11:08:05'),(16310,'Jones & Klenow - Beyond GDP - Welfare across Countries and Time [2010]',70,'',2,'','','2020-11-12 11:08:05','2020-11-12 11:08:05'),(16311,'Li & Muchie - Globalization and Social Well-Being - Alternative Approach to Well-Being Attainment and Measurement [2003]',70,'',2,'','','2020-11-12 11:08:05','2020-11-12 11:08:05'),(16312,'NEF - The Great Transition - Social Justice and the Core Economy [nd]',70,'',2,'','','2020-11-12 11:08:05','2020-11-12 11:08:05'),(16313,'NEF - The Happy Planet Index 2012 Report [2012]',70,'',2,'','','2020-11-12 11:08:05','2020-11-12 11:08:05'),(16314,'NEF - The Practical Politics of Wellbeing [nd]',70,'',2,'','','2020-11-12 11:08:05','2020-11-12 11:08:05'),(16315,'NEF - Well Being and the Role of Government [2012]',70,'',2,'','','2020-11-12 11:08:05','2020-11-12 11:08:05'),(16316,'NEF - Well-Being - Evidence for Policy - A Review [nd]',70,'',2,'','','2020-11-12 11:08:05','2020-11-12 11:08:05'),(16317,'Norberg - The Pressure to Modernise [nd]',70,'',2,'','','2020-11-12 11:08:05','2020-11-12 11:08:05'),(16318,'NYT 20100718 - Rethinking the Measure of Growth',70,'',2,'','','2020-11-12 11:08:05','2020-11-12 11:08:05'),(16319,'NYT 20100807 - But Will It Make You Happy',70,'',2,'','','2020-11-12 11:08:05','2020-11-12 11:08:05'),(16320,'NYT 20110808 - Evolution’s Gold Standard',70,'',2,'','','2020-11-12 11:08:05','2020-11-12 11:08:05'),(16321,'NYT 20110912 - If It Feels Right',70,'',2,'','','2020-11-12 11:08:05','2020-11-12 11:08:05'),(16322,'NYT 20111008 - G.D.P. Doesn’t Measure Happiness',70,'',2,'','','2020-11-12 11:08:05','2020-11-12 11:08:05'),(16323,'NYT 20111016 - A Better Not Bigger Economy',70,'',2,'','','2020-11-12 11:08:05','2020-11-12 11:08:05'),(16324,'NYT 20120707 - Conservatives Are Happier, and Extremists Are Happiest of All',70,'',2,'','','2020-11-12 11:08:05','2020-11-12 11:08:05'),(16325,'NYT 20120707 - Don’t Indulge. Be Happy',70,'',2,'','','2020-11-12 11:08:05','2020-11-12 11:08:05'),(16326,'NYT 20120715 - Who’s Got the Lock on Happiness',70,'',2,'','','2020-11-12 11:08:05','2020-11-12 11:08:05'),(16327,'NYT 20120927 - When Growth Outpaces Happiness',70,'',2,'','','2020-11-12 11:08:05','2020-11-12 11:08:05'),(16328,'NYT 20121223 - The Moral Animal',70,'',2,'','','2020-11-12 11:08:05','2020-11-12 11:08:05'),(16329,'Pacione - Urban Environmental Quality and Human Wellbeing [2003]',70,'',2,'','','2020-11-12 11:08:05','2020-11-12 11:08:05'),(16330,'Philipsen - Rethinking GDP -  Why We Must Broaden Our Measures of Economic Success [2011]',70,'',2,'','','2020-11-12 11:08:05','2020-11-12 11:08:05'),(16331,'Philipsen - Rethinking GDP - Why We Must Broaden Our Measures of Economic Success [2011]',70,'',2,'','','2020-11-12 11:08:05','2020-11-12 11:08:05'),(16332,'Revkin - The Endless Pursuit of Unnecessary Things [2010]',70,'',2,'','','2020-11-12 11:08:05','2020-11-12 11:08:05'),(16333,'Robeyns & Van der Veen - Sustainable Quality of Life [2007]',70,'',2,'','','2020-11-12 11:08:05','2020-11-12 11:08:05'),(16334,'Saltelli et al - Well Being Stories [2007]',70,'',2,'','','2020-11-12 11:08:05','2020-11-12 11:08:05'),(16335,'Sobolevsky - Stature and Other Indicators of the Standard of Living [1996]',70,'',2,'','','2020-11-12 11:08:05','2020-11-12 11:08:05'),(16336,'Speth - What is the American Dream [2011]',70,'',2,'','','2020-11-12 11:08:05','2020-11-12 11:08:05'),(16337,'Thumboo et al - Quality of Life in an Urban Asian Population [2003]',70,'',2,'','','2020-11-12 11:08:05','2020-11-12 11:08:05'),(16338,'Van Kamp et al - Urban Environmental Quality and Human Well-Being [2003]',70,'',2,'','','2020-11-12 11:08:05','2020-11-12 11:08:05'),(16339,'Washington Post 20120330 - If you\'re happy and you know it ... let the government know',70,'',2,'','','2020-11-12 11:08:05','2020-11-12 11:08:05'),(16340,'Wesselink et al - Measurement beyond GDP [2007]',70,'',2,'','','2020-11-12 11:08:05','2020-11-12 11:08:05'),(16341,'White - Re-thinking the Measurement of Economic Development - Application to Central Asia [nd]',70,'',2,'','','2020-11-12 11:08:05','2020-11-12 11:08:05'),(16342,'White - The Use of Indicators in the European Commission [2007]',70,'',2,'','','2020-11-12 11:08:05','2020-11-12 11:08:05'),(16343,'ADB - Key Indicators 2007',71,'',2,'','','2020-11-12 11:08:05','2020-11-12 11:08:05'),(16344,'ADB - Key Indicators 2010',71,'',2,'','','2020-11-12 11:08:05','2020-11-12 11:08:05'),(16345,'ADB - Key Indicators for Asia and the Pacific 2009',71,'',2,'','','2020-11-12 11:08:05','2020-11-12 11:08:05'),(16346,'Chrystal & Mitzen - Goodhart\'s Law [2001]',71,'',2,'','','2020-11-12 11:08:05','2020-11-12 11:08:05'),(16347,'Henderson - GDP Fetishism [2010]',71,'',2,'','','2020-11-12 11:08:05','2020-11-12 11:08:05'),(16348,'NYT 20110816 - Raw Data on Economic Growth Paints Fuzzy Picture',71,'',2,'','','2020-11-12 11:08:05','2020-11-12 11:08:05'),(16349,'Socio-Economic-Indicators-Indonesia-2009',71,'',2,'','','2020-11-12 11:08:05','2020-11-12 11:08:05'),(16350,'The Importance of Goodhart\'s Law [2010]',71,'',2,'','','2020-11-12 11:08:05','2020-11-12 11:08:05'),(16351,'1-Demographic-trends',71,'',2,'','','2020-11-12 11:08:05','2020-11-12 11:08:05'),(16352,'2-Urbanization',71,'',2,'','','2020-11-12 11:08:05','2020-11-12 11:08:05'),(16353,'ESCAP - Statistical Yearbook 2009',71,'',2,'','','2020-11-12 11:08:05','2020-11-12 11:08:05'),(16354,'ESCAP - Statistical Yearbook for Asia and the Pacific 2008',71,'',2,'','','2020-11-12 11:08:05','2020-11-12 11:08:05'),(16355,'UNESCAP - Statistical Yearbook for Asia and the Pacific [2011]',71,'',2,'','','2020-11-12 11:08:05','2020-11-12 11:08:05'),(16356,'AS - Statistical Yearbook Kazakhstan in 2009 [2010]',71,'',2,'','','2020-11-12 11:08:05','2020-11-12 11:08:05'),(16357,'Bruck et al - Household Survey Data in Central Asia [2012]',71,'',2,'','','2020-11-12 11:08:05','2020-11-12 11:08:05'),(16358,'DCS - Population of Sri Lanka by District [2012]',71,'',2,'','','2020-11-12 11:08:05','2020-11-12 11:08:05'),(16359,'GoI - Family Welfare Statistics in India [2011]',71,'',2,'','','2020-11-12 11:08:05','2020-11-12 11:08:05'),(16360,'UN - Demographic Yearbook 2009-2010 [2011]',71,'',2,'','','2020-11-12 11:08:05','2020-11-12 11:08:05'),(16361,'UN - Population and Vital Statistics Report [2013]',71,'',2,'','','2020-11-12 11:08:05','2020-11-12 11:08:05'),(16362,'WPP2010_Highlights',71,'',2,'','','2020-11-12 11:08:05','2020-11-12 11:08:05'),(16363,'WPP2010_Volume-I_Comprehensive-Tables',71,'',2,'','','2020-11-12 11:08:05','2020-11-12 11:08:05'),(16364,'WPP2010_Volume-II_Demographic-Profiles',71,'',2,'','','2020-11-12 11:08:05','2020-11-12 11:08:05'),(16365,'UNPD - WUP 2009 Press Release Final Rev1',71,'',2,'','','2020-11-12 11:08:05','2020-11-12 11:08:05'),(16366,'WPP2009_DEFINITION_OF_MAJOR_AREAS_AND_REGIONS',71,'',2,'','','2020-11-12 11:08:05','2020-11-12 11:08:05'),(16367,'WUP2009_Highlights_Final',71,'',2,'','','2020-11-12 11:08:05','2020-11-12 11:08:05'),(16368,'Dade & Adair - Defining th e Urban in Urbanization and Health [2001]',71,'',2,'','','2020-11-12 11:08:05','2020-11-12 11:08:05'),(16369,'De Vries - Urban Statistics',71,'',2,'','','2020-11-12 11:08:05','2020-11-12 11:08:05'),(16370,'Demographia - World Urban Areas [2013]',71,'',2,'','','2020-11-12 11:08:05','2020-11-12 11:08:05'),(16371,'Hoornweg - City Indicators',71,'',2,'','','2020-11-12 11:08:05','2020-11-12 11:08:05'),(16372,'UNHabitat - EGM Urban Indicators Slums',71,'',2,'','','2020-11-12 11:08:05','2020-11-12 11:08:05'),(16373,'UN-HABITAT - Global Urban Indicators',71,'',2,'','','2020-11-12 11:08:05','2020-11-12 11:08:05'),(16374,'UN-HABITAT - The State of Asian Cities - Graphs and Tables [2011]',71,'',2,'','','2020-11-12 11:08:05','2020-11-12 11:08:05'),(16375,'UN-HABITAT & ESCAP - Report Workshop on Asian City Census Data Analysis [2009]',71,'',2,'','','2020-11-12 11:08:05','2020-11-12 11:08:05'),(16376,'UNPD - Definition Urban',71,'',2,'','','2020-11-12 11:08:05','2020-11-12 11:08:05'),(16377,'UNPD - WUP 2001',71,'',2,'','','2020-11-12 11:08:05','2020-11-12 11:08:05'),(16378,'Wyly - Urban Studies',71,'',2,'','','2020-11-12 11:08:05','2020-11-12 11:08:05'),(16379,'Bloom et al - Urban Settlements - Data Measures and Trends [2010]',71,'',2,'','','2020-11-12 11:08:05','2020-11-12 11:08:05'),(16380,'Heilig - WUP 2007',71,'',2,'','','2020-11-12 11:08:05','2020-11-12 11:08:05'),(16381,'Hoornweg et al - City Indicators Now to Nanjing [2007]',71,'',2,'','','2020-11-12 11:08:05','2020-11-12 11:08:05'),(16382,'Ploeckl - Towns and Villages - Definitions and Implications [2011]',71,'',2,'','','2020-11-12 11:08:05','2020-11-12 11:08:05'),(16383,'Rose - Cities and Countries',71,'',2,'','','2020-11-12 11:08:05','2020-11-12 11:08:05'),(16384,'Satterthwaite - Urban Myths and the Misuse of Data that Underpin Them [2010]',71,'',2,'','','2020-11-12 11:08:05','2020-11-12 11:08:05'),(16385,'Uchida & Nelson - Agglomeration Index [2010]',71,'',2,'','','2020-11-12 11:08:05','2020-11-12 11:08:05'),(16386,'UN - World Urbanization Prospects The 2005 Revision',71,'',2,'','','2020-11-12 11:08:05','2020-11-12 11:08:05'),(16387,'UN-HABITAT - Graphs and tables from SoACR 2010',71,'',2,'','','2020-11-12 11:08:05','2020-11-12 11:08:05'),(16388,'UNPD - Components of Urban Growth',71,'',2,'','','2020-11-12 11:08:05','2020-11-12 11:08:05'),(16389,'UNPD - The World Urbanization Prospects - The 1999 Revision [2001]',71,'',2,'','','2020-11-12 11:08:05','2020-11-12 11:08:05'),(16390,'UNPD - The World Urbanization Prospects - The 2007 Revision [2008]',71,'',2,'','','2020-11-12 11:08:05','2020-11-12 11:08:05'),(16391,'UNPD - The World Urbanization Prospects - The 2009 Revision Highlights [2010]',71,'',2,'','','2020-11-12 11:08:05','2020-11-12 11:08:05'),(16392,'UNPD - The World Urbanization Prospects - The 2011 Revision [2012]',71,'',2,'','','2020-11-12 11:08:05','2020-11-12 11:08:05'),(16393,'World Bank - World Development Indicators [2010]',71,'',2,'','','2020-11-12 11:08:05','2020-11-12 11:08:05'),(16394,'WRI - Urban Growth Patterns',71,'',2,'','','2020-11-12 11:08:05','2020-11-12 11:08:05'),(16395,'BBC News 20120914 - Sweden\'s Rape Rate under the Spotlight',71,'',2,'','','2020-11-12 11:08:05','2020-11-12 11:08:05'),(16396,'ECOSOC - Human Settlements Statistics [2008]',71,'',2,'','','2020-11-12 11:08:05','2020-11-12 11:08:05'),(16397,'KOSTAT - Exploring Korea through Statistics [2010]',71,'',2,'','','2020-11-12 11:08:05','2020-11-12 11:08:05'),(16398,'New Mandala 20121009 - Naughty Numbers - Power in Southeast Asia',71,'',2,'','','2020-11-12 11:08:05','2020-11-12 11:08:05'),(16399,'NYT 20121028 - Data-Gathering via Apps Presents a Gray Legal Area',71,'',2,'','','2020-11-12 11:08:05','2020-11-12 11:08:05'),(16400,'UN-HABITAT - Global Urban Indicators [2009]',71,'',2,'','','2020-11-12 11:08:05','2020-11-12 11:08:05'),(16401,'Vu - Gross Regional Products - Concepts and Country Practices [2010]',71,'',2,'','','2020-11-12 11:08:05','2020-11-12 11:08:05'),(16402,'Camagni et al - Sustainable City Policy [1995]',72,'',2,'','','2020-11-12 11:08:05','2020-11-12 11:08:05'),(16403,'IFTF - Communities - Citizens of Sustainability [2007]',72,'',2,'','','2020-11-12 11:08:05','2020-11-12 11:08:05'),(16404,'IFTF - Map of the Decade [2010]',72,'',2,'','','2020-11-12 11:08:05','2020-11-12 11:08:05'),(16405,'IFTF - The Future of Cities Information and Inclusion [nd]',72,'',2,'','','2020-11-12 11:08:05','2020-11-12 11:08:05'),(16406,'UNEP - Towards a Green Economy [2011]',72,'',2,'','','2020-11-12 11:08:05','2020-11-12 11:08:05'),(16407,'Wittmer & Birner - Between Conservationism Eco-Populism and Developmentalism - Discourses in Biodiversity Policy in Thailand and Indonesia [2005]',72,'',2,'','','2020-11-12 11:08:05','2020-11-12 11:08:05'),(16408,'Krisanaphan & Sajor - Intermediaries and Informal Interactions in Decentralized and Environmental Management in Peri-Urban Bangkok [2011]',72,'',2,'','','2020-11-12 11:08:05','2020-11-12 11:08:05'),(16409,'NYT 20120802 - Growth of Indonesian Airlines Strains the Infrastructure',73,'',2,'','','2020-11-12 11:08:05','2020-11-12 11:08:05'),(16410,'NYT 20130403 - Airports in China Hew to an Unswerving Flight Path',73,'',2,'','','2020-11-12 11:08:05','2020-11-12 11:08:05'),(16411,'Dumbaugh & Li - Designing for Safety of Pedestrians Cyclists etc in Urban Environments [2010]',73,'',2,'','','2020-11-12 11:08:05','2020-11-12 11:08:05'),(16412,'New Geography 20120623 - The Beijing Bicycle - A Requiem',73,'',2,'','','2020-11-12 11:08:05','2020-11-12 11:08:05'),(16413,'NYT 20120717 - In Denmark Pedaling to Work on a Superhighway',73,'',2,'','','2020-11-12 11:08:05','2020-11-12 11:08:05'),(16414,'NYT 20120730 - Bike-Share City',73,'',2,'','','2020-11-12 11:08:05','2020-11-12 11:08:05'),(16415,'NYT 20120709 - Next Stop Supreme Court, for Delhi\'s Bitter Bus Corridor Battle',73,'',2,'','','2020-11-12 11:08:05','2020-11-12 11:08:05'),(16416,'UNESCAP - Guangzhou, China\'s Bus Rapid Transit System [2012]',73,'',2,'','','2020-11-12 11:08:05','2020-11-12 11:08:05'),(16417,'UNESCAP - Intracity Bus Rapid Transit and Trolly Buses [2012]',73,'',2,'','','2020-11-12 11:08:05','2020-11-12 11:08:05'),(16418,'UNESCAP - Intracity Conventional Buses [2012]',73,'',2,'','','2020-11-12 11:08:05','2020-11-12 11:08:05'),(16419,'McKiney - Recharging China\'s Electric Vehicle Aspirations [2012]',73,'',2,'','','2020-11-12 11:08:05','2020-11-12 11:08:05'),(16420,'McKinsey - A New Segmentation for Electric Vehicles [2009]',73,'',2,'','','2020-11-12 11:08:05','2020-11-12 11:08:05'),(16421,'McKinsey - Electrifying Cars [2009]',73,'',2,'','','2020-11-12 11:08:05','2020-11-12 11:08:05'),(16422,'McKinsey - The Fast Lane to Adoption of Electric Cars [2011]',73,'',2,'','','2020-11-12 11:08:05','2020-11-12 11:08:05'),(16423,'Quill - From Gasoline Alleys to Electric Avenues [2008]',73,'',2,'','','2020-11-12 11:08:05','2020-11-12 11:08:05'),(16424,'UNESCAP - Electric Vehicles [2012]',73,'',2,'','','2020-11-12 11:08:05','2020-11-12 11:08:05'),(16425,'Atlantic City 20130426 - Ho Chi Minh City Scrambling to Put Transit in Place',73,'',2,'','','2020-11-12 11:08:05','2020-11-12 11:08:05'),(16426,'BBC News - 10 Monster Traffic Jams from around the World',73,'',2,'','','2020-11-12 11:08:05','2020-11-12 11:08:05'),(16427,'Bloomberg 20130107 - Malaysia Funds Subway With First Exchange Bonds',73,'',2,'','','2020-11-12 11:08:05','2020-11-12 11:08:05'),(16428,'Brommelstroet & Berttolini - The Role of Transport Related-Models in Urban Planning [2012]',73,'',2,'','','2020-11-12 11:08:05','2020-11-12 11:08:05'),(16429,'Butcher - Cultures of Commuting - The Mobile Negotiation of Space and Subjectivity on Delhi\'s Metro [2011]',73,'',2,'','','2020-11-12 11:08:05','2020-11-12 11:08:05'),(16430,'Catanese - Home and Workplace Separation in Four Urban Regions  [1971]',73,'',2,'','','2020-11-12 11:08:05','2020-11-12 11:08:05'),(16431,'Cui et al - Developing Shanghai Underground Pedestrian System [2012]',73,'',2,'','','2020-11-12 11:08:05','2020-11-12 11:08:05'),(16432,'EIU 20130404 - Singapore Cars - Driving Up the Motoring Costs',73,'',2,'','','2020-11-12 11:08:05','2020-11-12 11:08:05'),(16433,'IBM - Frustration Rising - IBM 2011 Commuter Pain Report [2011]',73,'',2,'','','2020-11-12 11:08:05','2020-11-12 11:08:05'),(16434,'IBM - Frustration Rising - IBM 2011 Commuter Pain Report [2011]',73,'',2,'','','2020-11-12 11:08:05','2020-11-12 11:08:05'),(16435,'IBM News Room 20110908 - IBM Global Commuter Pain Survey - Traffic Congestion Down Pain Way Up',73,'',2,'','','2020-11-12 11:08:05','2020-11-12 11:08:05'),(16436,'New Geography 20120616 - Cities Cars and People - Is Changing Car Use a Function of New Urbanism',73,'',2,'','','2020-11-12 11:08:05','2020-11-12 11:08:05'),(16437,'New Geography 20121212 - Hong Kong\'s Decentralizing Commuting Patterns',73,'',2,'','','2020-11-12 11:08:05','2020-11-12 11:08:05'),(16438,'New Geography 20130209 - Falling Private Car Use',73,'',2,'','','2020-11-12 11:08:05','2020-11-12 11:08:05'),(16439,'New Indian Express 20120729 - One Vehicle for Every Two Bangaloreans',73,'',2,'','','2020-11-12 11:08:05','2020-11-12 11:08:05'),(16440,'NYT 20120910 - Does Delhi Need a Cap on Car Ownership',73,'',2,'','','2020-11-12 11:08:05','2020-11-12 11:08:05'),(16441,'NYT 20120927 - Hanoi Traffic Daunts Tourists',73,'',2,'','','2020-11-12 11:08:05','2020-11-12 11:08:05'),(16442,'NYT 20130416 - A Case For Bringing Subways To Vietnam',73,'',2,'','','2020-11-12 11:08:05','2020-11-12 11:08:05'),(16443,'NYT 20130707 - How Driverless Cars Could Reshape Cities',73,'',2,'','','2020-11-12 11:08:05','2020-11-12 11:08:05'),(16444,'Pucher et al - Urban Transport Trends and Policies in China and India [2007]',73,'',2,'','','2020-11-12 11:08:05','2020-11-12 11:08:05'),(16445,'Singh - Bus System Reform in India [2010]',73,'',2,'','','2020-11-12 11:08:05','2020-11-12 11:08:05'),(16446,'UNESCAP - Beijing China\'s Traffic Policy Package [2012]',73,'',2,'','','2020-11-12 11:08:05','2020-11-12 11:08:05'),(16447,'UNESCAP - Congestion and Road-Use Charge [2012]',73,'',2,'','','2020-11-12 11:08:05','2020-11-12 11:08:05'),(16448,'UNESCAP - Integrated Land Use and Transit Planning [2012]',73,'',2,'','','2020-11-12 11:08:05','2020-11-12 11:08:05'),(16449,'UNESCAP - Intracity Heavy Rail and Metro Systems [2012]',73,'',2,'','','2020-11-12 11:08:05','2020-11-12 11:08:05'),(16450,'UNESCAP - Intracity Light Rail [2012]',73,'',2,'','','2020-11-12 11:08:05','2020-11-12 11:08:05'),(16451,'UNESCAP - Policy Options to Improve the Quality of Public Transport [2012]',73,'',2,'','','2020-11-12 11:08:05','2020-11-12 11:08:05'),(16452,'UNESCAP - Restricting Licence Plates [2012]',73,'',2,'','','2020-11-12 11:08:05','2020-11-12 11:08:05'),(16453,'UNESCAP - Singapore\'s Traffic Policy Package [2012]',73,'',2,'','','2020-11-12 11:08:05','2020-11-12 11:08:05'),(16454,'UNESCAP - Urban Transport [2012]',73,'',2,'','','2020-11-12 11:08:05','2020-11-12 11:08:05'),(16455,'UNESCAP - Vehicle and Fuel Taxes plus the Removal of Car-Oriented Subsidies [2012]',73,'',2,'','','2020-11-12 11:08:05','2020-11-12 11:08:05'),(16456,'UNESCAP - Walkability [2012]',73,'',2,'','','2020-11-12 11:08:05','2020-11-12 11:08:05'),(16457,'Zhao - Car Use Commuting and Urban Form in a Rapidly Growing City - Beijing [2011]',73,'',2,'','','2020-11-12 11:08:05','2020-11-12 11:08:05'),(16458,'Zhao - Care Use Commuting and Urban Form in Beijing [2011]',73,'',2,'','','2020-11-12 11:08:05','2020-11-12 11:08:05'),(16459,'AAPA - World Port Ranking 2005',73,'',2,'','','2020-11-12 11:08:05','2020-11-12 11:08:05'),(16460,'Acharya - Motorization and Urban Mobility in Developing Countries [2005]',73,'',2,'','','2020-11-12 11:08:05','2020-11-12 11:08:05'),(16461,'ADB - Changing Course - A New Paradigm for Sustainable Urban Transport  [2009]',73,'',2,'','','2020-11-12 11:08:05','2020-11-12 11:08:05'),(16462,'ADB - Changing Course - A New Paradigm for Sustainable urban Transport',73,'',2,'','','2020-11-12 11:08:05','2020-11-12 11:08:05'),(16463,'ADB - Mobility of People by Bus Rapid Transit in India [2010]',73,'',2,'','','2020-11-12 11:08:05','2020-11-12 11:08:05'),(16464,'ADB - Urban Public Transport in Beijing [2010]',73,'',2,'','','2020-11-12 11:08:05','2020-11-12 11:08:05'),(16465,'ADB - Urban Public Transport in China [2010]',73,'',2,'','','2020-11-12 11:08:05','2020-11-12 11:08:05'),(16466,'APERC - Urban Transport Energy Use in the APEC Region [2008]',73,'',2,'','','2020-11-12 11:08:05','2020-11-12 11:08:05'),(16467,'Arora & Tiwari - Handbook for Socio-Economic Impact Assessment of Future Urban Transport',73,'',2,'','','2020-11-12 11:08:05','2020-11-12 11:08:05'),(16468,'ASEAN Secretariat - ASEAN Transport Cooperation',73,'',2,'','','2020-11-12 11:08:05','2020-11-12 11:08:05'),(16469,'Asri & Hidayat - Transportation Issues in Jakarta [2005]',73,'',2,'','','2020-11-12 11:08:05','2020-11-12 11:08:05'),(16470,'BCG 20121010 - Restoring Profitability to Container Shipping',73,'',2,'','','2020-11-12 11:08:05','2020-11-12 11:08:05'),(16471,'Beesley & Kemp - Urban Transportation [1987]',73,'',2,'','','2020-11-12 11:08:05','2020-11-12 11:08:05'),(16472,'BKKPost 20110703 - Indonesian Capital Faces $3 billion Traffic Nightmare',73,'',2,'','','2020-11-12 11:08:05','2020-11-12 11:08:05'),(16473,'Bloomberg 20120627 - India Plans $5.3 Billion of Highways as Jams Sap Growth',73,'',2,'','','2020-11-12 11:08:05','2020-11-12 11:08:05'),(16474,'Bridging the Last Mile [nd]',73,'',2,'','','2020-11-12 11:08:06','2020-11-12 11:08:06'),(16475,'Cera - Land Use Transport and Environmental Sustainability in Cities',73,'',2,'','','2020-11-12 11:08:06','2020-11-12 11:08:06'),(16476,'Chamon et al - The Implications of Mass Car Ownership [nd]',73,'',2,'','','2020-11-12 11:08:06','2020-11-12 11:08:06'),(16477,'Chew & Chua - Development of Singapore\'s Rapid Transit System and the Environment [1998]',73,'',2,'','','2020-11-12 11:08:06','2020-11-12 11:08:06'),(16478,'ChinaAutoWeb 20120621 - China\'s Auto Ownership Rose to 114 Million [2012]',73,'',2,'','','2020-11-12 11:08:06','2020-11-12 11:08:06'),(16479,'Choocharukul et al - Effects of Travel Behaviour on Residential Location Choice [2008]',73,'',2,'','','2020-11-12 11:08:06','2020-11-12 11:08:06'),(16480,'CityFix 20101021 - Cities in Flux',73,'',2,'','','2020-11-12 11:08:06','2020-11-12 11:08:06'),(16481,'Cuapio & Fernandez - Commuting in Mexico',73,'',2,'','','2020-11-12 11:08:06','2020-11-12 11:08:06'),(16482,'Daniere - The Role of Non-Motorized Transport in Megacities',73,'',2,'','','2020-11-12 11:08:06','2020-11-12 11:08:06'),(16483,'Das - Enhancing ASEAN Connectivity [2011]',73,'',2,'','','2020-11-12 11:08:06','2020-11-12 11:08:06'),(16484,'DFID - Transport\'s Role in Achieving the MDGs [2002]',73,'',2,'','','2020-11-12 11:08:06','2020-11-12 11:08:06'),(16485,'Dimitriou - Towards a Generic Sustainable Urban Transport Strategy in Asia [2006]',73,'',2,'','','2020-11-12 11:08:06','2020-11-12 11:08:06'),(16486,'Dirgahayani Harata & Ohmori - Bus Rapid Transit System in Jakarta',73,'',2,'','','2020-11-12 11:08:06','2020-11-12 11:08:06'),(16487,'Economist - A Global Love Affair',73,'',2,'','','2020-11-12 11:08:06','2020-11-12 11:08:06'),(16488,'Economist - Pile Them High',73,'',2,'','','2020-11-12 11:08:06','2020-11-12 11:08:06'),(16489,'Economist - The Art of the Possible',73,'',2,'','','2020-11-12 11:08:06','2020-11-12 11:08:06'),(16490,'Economist - The Home Team',73,'',2,'','','2020-11-12 11:08:06','2020-11-12 11:08:06'),(16491,'Economist - Theme & Variations',73,'',2,'','','2020-11-12 11:08:06','2020-11-12 11:08:06'),(16492,'Economist 19980903 - A survey of Commuting_ Railroad Job',73,'',2,'','','2020-11-12 11:08:06','2020-11-12 11:08:06'),(16493,'Economist 20100930 - The Bubble Car is Back',73,'',2,'','','2020-11-12 11:08:06','2020-11-12 11:08:06'),(16494,'Economist 20110622 - Chinese Mass Transit On the Right Track',73,'',2,'','','2020-11-12 11:08:06','2020-11-12 11:08:06'),(16495,'Economist 20111217 - Crowd Dynamics_ The Wisdom of Crowds',73,'',2,'','','2020-11-12 11:08:06','2020-11-12 11:08:06'),(16496,'Economist 20120922 - Driving - The road Less Travelled',73,'',2,'','','2020-11-12 11:08:06','2020-11-12 11:08:06'),(16497,'Economist 20120922 - The Future of Driving - Seeing the Back of the Car',73,'',2,'','','2020-11-12 11:08:06','2020-11-12 11:08:06'),(16498,'Economist 20121027 - A Sense of Place',73,'',2,'','','2020-11-12 11:08:06','2020-11-12 11:08:06'),(16499,'Economist 20121222 - A Bridge in Mumbai Halfway to Paradise',73,'',2,'','','2020-11-12 11:08:06','2020-11-12 11:08:06'),(16500,'Economist 20130518 - The Humble Hero - Containers',73,'',2,'','','2020-11-12 11:08:06','2020-11-12 11:08:06'),(16501,'Emberger et al - Decision-Making Processes for Transport Planning in Europe and Southeast Asia [2008]',73,'',2,'','','2020-11-12 11:08:06','2020-11-12 11:08:06'),(16502,'Emberger et al - Ideal Decision-Making Processes for Sustainable Transport Planning [2009]',73,'',2,'','','2020-11-12 11:08:06','2020-11-12 11:08:06'),(16503,'Ernst - Bus Rapid Transit\'s Relation to Clean Transport for the Urban Poor',73,'',2,'','','2020-11-12 11:08:06','2020-11-12 11:08:06'),(16504,'Fernan & Rivera- Enhancing Capabilities for Access to Transport Services in the Philippines [2009]',73,'',2,'','','2020-11-12 11:08:06','2020-11-12 11:08:06'),(16505,'Flamm et al - Travel Adaptation Behaviour Processes [2008]',73,'',2,'','','2020-11-12 11:08:06','2020-11-12 11:08:06'),(16506,'Fortune - Going up - Vertical Transportation in the 21st Century [2011]',73,'',2,'','','2020-11-12 11:08:06','2020-11-12 11:08:06'),(16507,'Fwa - Sustainable Urban Transport Planning and Development [nd]',73,'',2,'','','2020-11-12 11:08:06','2020-11-12 11:08:06'),(16508,'Goldman & Gorham - Sustainable Urban Transport [2006]',73,'',2,'','','2020-11-12 11:08:06','2020-11-12 11:08:06'),(16509,'Hai et al - Community Responses to Road Traffic Noise in Hanoi and HCMCity [2010]',73,'',2,'','','2020-11-12 11:08:06','2020-11-12 11:08:06'),(16510,'Haider & Badami - Public Transit for the Urban Poor in Pakistan []',73,'',2,'','','2020-11-12 11:08:06','2020-11-12 11:08:06'),(16511,'Han - Managing Motorization in Sustainable Transport Planning in Singapore [2010]',73,'',2,'','','2020-11-12 11:08:06','2020-11-12 11:08:06'),(16512,'Han - Sustainable Transport Planning in Asia - The Singapore Story [nd]',73,'',2,'','','2020-11-12 11:08:06','2020-11-12 11:08:06'),(16513,'Hartgen & Fields - Gridlock and Growth in the US [nd]',73,'',2,'','','2020-11-12 11:08:06','2020-11-12 11:08:06'),(16514,'Hayashi et al - Asian Trends, Problems and Policy Practices [2004]',73,'',2,'','','2020-11-12 11:08:06','2020-11-12 11:08:06'),(16515,'Hayashi et al - Urban Transport Sustainability in Asia [2004]',73,'',2,'','','2020-11-12 11:08:06','2020-11-12 11:08:06'),(16516,'Hodgkinson & Walton - Transport Sustainability and Better Lives in Bangladesh nd]',73,'',2,'','','2020-11-12 11:08:06','2020-11-12 11:08:06'),(16517,'Hook - Urban Transportation and the MDGs [2006]',73,'',2,'','','2020-11-12 11:08:06','2020-11-12 11:08:06'),(16518,'Hook & Replogle - Motorization and Non-Motorized Transport in Asia [1996]',73,'',2,'','','2020-11-12 11:08:06','2020-11-12 11:08:06'),(16519,'IBM - Driving Innovation [2007]',73,'',2,'','','2020-11-12 11:08:06','2020-11-12 11:08:06'),(16520,'IBM - Global Innovation Outlook 2005',73,'',2,'','','2020-11-12 11:08:06','2020-11-12 11:08:06'),(16521,'IBM - Globalization of Traffic Congestion [2010]',73,'',2,'','','2020-11-12 11:08:06','2020-11-12 11:08:06'),(16522,'IBM - Globalization of Traffic Congestion 2010',73,'',2,'','','2020-11-12 11:08:06','2020-11-12 11:08:06'),(16523,'IEA - Bus Systems for the Future [2002]',73,'',2,'','','2020-11-12 11:08:06','2020-11-12 11:08:06'),(16524,'IEA - Making Cars More Fuel Efficient [2005]',73,'',2,'','','2020-11-12 11:08:06','2020-11-12 11:08:06'),(16525,'ISED - Mobility and Urban Development [2007]',73,'',2,'','','2020-11-12 11:08:06','2020-11-12 11:08:06'),(16526,'ISED - Urban Transport and Sustainable Cities [1999]',73,'',2,'','','2020-11-12 11:08:06','2020-11-12 11:08:06'),(16527,'IUTP - Assessing the Benefits of Public Transport [2009]',73,'',2,'','','2020-11-12 11:08:06','2020-11-12 11:08:06'),(16528,'IUTP - Integrating Public Transport and Urban Planning [2009]',73,'',2,'','','2020-11-12 11:08:06','2020-11-12 11:08:06'),(16529,'IUTP - The Metro - An Opportunity for Sustainable Development',73,'',2,'','','2020-11-12 11:08:06','2020-11-12 11:08:06'),(16530,'Jun & Har - Commuting Costs of Newtown Development in Seoul',73,'',2,'','','2020-11-12 11:08:06','2020-11-12 11:08:06'),(16531,'Kenworthy - Transpor and Urban Planning for the Post Petroleum Era',73,'',2,'','','2020-11-12 11:08:06','2020-11-12 11:08:06'),(16532,'Knoflacher et al - Moving People - Making City [2006]',73,'',2,'','','2020-11-12 11:08:06','2020-11-12 11:08:06'),(16533,'Kodukula - Urbanisation and Transport Energy Use',73,'',2,'','','2020-11-12 11:08:06','2020-11-12 11:08:06'),(16534,'Kutzbach - Motorization in Developing Countries [2009]',73,'',2,'','','2020-11-12 11:08:06','2020-11-12 11:08:06'),(16535,'Lakshmaman - The Wider Economic Benefits of Transportation [2007]',73,'',2,'','','2020-11-12 11:08:06','2020-11-12 11:08:06'),(16536,'Leather et al - Walkability and Pedestrian Facilities in Asian Cities [2011]',73,'',2,'','','2020-11-12 11:08:06','2020-11-12 11:08:06'),(16537,'Lim - Urban Transortation Development and Managemen tin Singapore [nd]',73,'',2,'','','2020-11-12 11:08:06','2020-11-12 11:08:06'),(16538,'LTA - A World Class Land Transport System [1996]',73,'',2,'','','2020-11-12 11:08:06','2020-11-12 11:08:06'),(16539,'Luu - Role of Private Transport in Vietnam',73,'',2,'','','2020-11-12 11:08:06','2020-11-12 11:08:06'),(16540,'Marks - Free Public Transportation [2011]',73,'',2,'','','2020-11-12 11:08:06','2020-11-12 11:08:06'),(16541,'Narberhaus - One Planet Mobility [2009]',73,'',2,'','','2020-11-12 11:08:06','2020-11-12 11:08:06'),(16542,'New Geography 20120222 - China\'s Expanding Motorways',73,'',2,'','','2020-11-12 11:08:06','2020-11-12 11:08:06'),(16543,'New Geography 20120608 - How to Build a Culture of Bike Safety',73,'',2,'','','2020-11-12 11:08:06','2020-11-12 11:08:06'),(16544,'New Geography 20120731 - China Personal Vehicles now More than US',73,'',2,'','','2020-11-12 11:08:06','2020-11-12 11:08:06'),(16545,'New Geography 20120924 - The Road Less Understood',73,'',2,'','','2020-11-12 11:08:06','2020-11-12 11:08:06'),(16546,'NewGeography 20120208 - How Lower Income Citizens Commute',73,'',2,'','','2020-11-12 11:08:06','2020-11-12 11:08:06'),(16547,'Newman & Kenworthy - The Ten Myths of Automobile Dependence [2000]',73,'',2,'','','2020-11-12 11:08:06','2020-11-12 11:08:06'),(16548,'Nguyen - Demand Supply and Pricing in Urban Road Transport in HCMCity [1999]',73,'',2,'','','2020-11-12 11:08:06','2020-11-12 11:08:06'),(16549,'NYT 20100817 - Straddling Bus Offered as a Traffic Fix in China',73,'',2,'','','2020-11-12 11:08:06','2020-11-12 11:08:06'),(16550,'NYT 20101218 - Shakedown Street',73,'',2,'','','2020-11-12 11:08:06','2020-11-12 11:08:06'),(16551,'NYT 20110626 - Europe Stifles Drivers in Favor of Mass Transit and Walking',73,'',2,'','','2020-11-12 11:08:06','2020-11-12 11:08:06'),(16552,'NYT 20110730 - The Dutch Way - Bicycles and Fresh Bread',73,'',2,'','','2020-11-12 11:08:06','2020-11-12 11:08:06'),(16553,'NYT 20110815 - Florida Again Found Most Dangerous Place for Pedestrians',73,'',2,'','','2020-11-12 11:08:06','2020-11-12 11:08:06'),(16554,'NYT 20110904 - China Carmakers Told to Seek Fuel Efficiency Not Sales',73,'',2,'','','2020-11-12 11:08:06','2020-11-12 11:08:06'),(16555,'NYT 20110929 - Behind the Wheel Moving Up',73,'',2,'','','2020-11-12 11:08:06','2020-11-12 11:08:06'),(16556,'NYT 20111005 - Conversation with Sreedharan - Delhi Metro',73,'',2,'','','2020-11-12 11:08:06','2020-11-12 11:08:06'),(16557,'NYT 20111007 - Hitting the Road to Get to Work and Back',73,'',2,'','','2020-11-12 11:08:06','2020-11-12 11:08:06'),(16558,'NYT 20111226 - China’s Push for Electric Cars Flows Through Grid Operators',73,'',2,'','','2020-11-12 11:08:06','2020-11-12 11:08:06'),(16559,'NYT 20120103 - Hawaii Train Line Is Likely to Rise on Oahu',73,'',2,'','','2020-11-12 11:08:06','2020-11-12 11:08:06'),(16560,'NYT 20120205 - Indonesia to Hit Train Roof Riders With Nasty Goop',73,'',2,'','','2020-11-12 11:08:06','2020-11-12 11:08:06'),(16561,'NYT 20120611 - Experimental Campaigns Pay Drivers to Avoid Rush-Hour Traffic',73,'',2,'','','2020-11-12 11:08:06','2020-11-12 11:08:06'),(16562,'NYT 20120613 - Low-Cost Airlines Open at Fast Clip in Asia-Pacific Region',73,'',2,'','','2020-11-12 11:08:06','2020-11-12 11:08:06'),(16563,'NYT 20121002 - India’s Schoolchildren Face Deadly Roadways',73,'',2,'','','2020-11-12 11:08:06','2020-11-12 11:08:06'),(16564,'NYT 20121116 - New Toll Jolts L.A. Motorists Used to Freeways- NYTimes',73,'',2,'','','2020-11-12 11:08:06','2020-11-12 11:08:06'),(16565,'NYT 20130101 - Laos May Bear Cost of Planned Chinese Railroad',73,'',2,'','','2020-11-12 11:08:06','2020-11-12 11:08:06'),(16566,'NYT 20130101 - Planned Updates to Southeast Asia’s Rail Network',73,'',2,'','','2020-11-12 11:08:06','2020-11-12 11:08:06'),(16567,'NYT 20130430 - Airports and Hotels in Emerging Markets Outpace the West',73,'',2,'','','2020-11-12 11:08:06','2020-11-12 11:08:06'),(16568,'NYT 20130513 -  Americans Are Driving Less',73,'',2,'','','2020-11-12 11:08:06','2020-11-12 11:08:06'),(16569,'OECD - Environmentally Sustainable Transport in the Asian Region [2004]',73,'',2,'','','2020-11-12 11:08:06','2020-11-12 11:08:06'),(16570,'OECD - Towards Sustainable Transport [1997]',73,'',2,'','','2020-11-12 11:08:06','2020-11-12 11:08:06'),(16571,'Onishi - Earning a Living in Jakarta Traffic Jams [2009]',73,'',2,'','','2020-11-12 11:08:06','2020-11-12 11:08:06'),(16572,'Parry et al - Automobile Externalities and Policies [2007]',73,'',2,'','','2020-11-12 11:08:06','2020-11-12 11:08:06'),(16573,'PATA - Air Travel Propensity',73,'',2,'','','2020-11-12 11:08:06','2020-11-12 11:08:06'),(16574,'Paulley & Pedler - Integration of Transport and Land Use Planning in Europe [2000]',73,'',2,'','','2020-11-12 11:08:06','2020-11-12 11:08:06'),(16575,'Polzin - The Cost of Slow Travel [2010]',73,'',2,'','','2020-11-12 11:08:06','2020-11-12 11:08:06'),(16576,'Pucher et al - Urban Transport Trends and Practices in China and India [2007]',73,'',2,'','','2020-11-12 11:08:06','2020-11-12 11:08:06'),(16577,'Rajan et al - Joint Venture of State and National Governments in Developing Rail Facilities in Chennai [nd]',73,'',2,'','','2020-11-12 11:08:06','2020-11-12 11:08:06'),(16578,'Reddy & Balachandra - Dynamics of Urban Mobility in Megacities of India [2010]',73,'',2,'','','2020-11-12 11:08:06','2020-11-12 11:08:06'),(16579,'Reuters 20120419 - Mini-Electric Cars Fill Gap in China [2012]',73,'',2,'','','2020-11-12 11:08:06','2020-11-12 11:08:06'),(16580,'Riano - Mobility on Demand Shanghai Case Study [nd]',73,'',2,'','','2020-11-12 11:08:06','2020-11-12 11:08:06'),(16581,'Rode - Faster but Further - Shanghai [2005]',73,'',2,'','','2020-11-12 11:08:06','2020-11-12 11:08:06'),(16582,'Schley - Urban Transport Strategy Review in Germany and Zurich [2000]',73,'',2,'','','2020-11-12 11:08:06','2020-11-12 11:08:06'),(16583,'Science 20080208 - From Gasoline to Electric Avenues',73,'',2,'','','2020-11-12 11:08:06','2020-11-12 11:08:06'),(16584,'Shore - Land Use Transportation and Sustainability [2006]',73,'',2,'','','2020-11-12 11:08:06','2020-11-12 11:08:06'),(16585,'Sim et al - Integrating Land Use and Transport Planning in Singapore [2001]',73,'',2,'','','2020-11-12 11:08:06','2020-11-12 11:08:06'),(16586,'Small & Gomez - Urban Transportation [1999]',73,'',2,'','','2020-11-12 11:08:06','2020-11-12 11:08:06'),(16587,'Smith et al - Stuck in Asia',73,'',2,'','','2020-11-12 11:08:06','2020-11-12 11:08:06'),(16588,'Socio-Economic Impact Assessment Handbook for Urban Transport Projects',73,'',2,'','','2020-11-12 11:08:06','2020-11-12 11:08:06'),(16589,'Sorek - Migration Cost Commuting Cost and Intercity Population Sorting [2009]',73,'',2,'','','2020-11-12 11:08:06','2020-11-12 11:08:06'),(16590,'Suhadi - Strategies for Environmentally Sustainable Transport in Asia [2009]',73,'',2,'','','2020-11-12 11:08:06','2020-11-12 11:08:06'),(16591,'Susilo et al - Motorization and Public Transport in Jakarta [2007]',73,'',2,'','','2020-11-12 11:08:06','2020-11-12 11:08:06'),(16592,'Tiwari - Urban Mobility and Informal Transport',73,'',2,'','','2020-11-12 11:08:06','2020-11-12 11:08:06'),(16593,'Tiwari - Urban Transport in Indian Cities [2007]',73,'',2,'','','2020-11-12 11:08:06','2020-11-12 11:08:06'),(16594,'Tiwari - Urban Transport Priorities in Delhi [2002]',73,'',2,'','','2020-11-12 11:08:06','2020-11-12 11:08:06'),(16595,'Townsend - A Critical Approach to Southeast Asia\'s Urban Transport  Dynamics [2003]',73,'',2,'','','2020-11-12 11:08:06','2020-11-12 11:08:06'),(16596,'Transport Challenges for the Urban Poor',73,'',2,'','','2020-11-12 11:08:06','2020-11-12 11:08:06'),(16597,'Tretheway and Kincaid - Competition between Airports [2005]',73,'',2,'','','2020-11-12 11:08:06','2020-11-12 11:08:06'),(16598,'Ueda et al - An Analysis of Maritime Container Transport in the Asian Region [2005]',73,'',2,'','','2020-11-12 11:08:06','2020-11-12 11:08:06'),(16599,'UITP - Better Mobility in Urban Areas [2001]',73,'',2,'','','2020-11-12 11:08:06','2020-11-12 11:08:06'),(16600,'UITP - Better Urban Mobility in Developing Countries [2003]',73,'',2,'','','2020-11-12 11:08:06','2020-11-12 11:08:06'),(16601,'UNCTAD - Review of Maritime Transport [2010]',73,'',2,'','','2020-11-12 11:08:06','2020-11-12 11:08:06'),(16602,'UNESCAP - Intercity High-Speed Railway Systems [2012]',73,'',2,'','','2020-11-12 11:08:06','2020-11-12 11:08:06'),(16603,'UNESCAP - Review of Developments in Transport in Asia and the Pacific 2007',73,'',2,'','','2020-11-12 11:08:06','2020-11-12 11:08:06'),(16604,'Wang - Shaping Urban Transport Policies in China [2010]',73,'',2,'','','2020-11-12 11:08:06','2020-11-12 11:08:06'),(16605,'Wang & Chan - Public Transport and Planned High Density Living in Hong Kong - Do They Help the Poor [2004]',73,'',2,'','','2020-11-12 11:08:06','2020-11-12 11:08:06'),(16606,'WBCSD - Mobility 2001 [2001]',73,'',2,'','','2020-11-12 11:08:06','2020-11-12 11:08:06'),(16607,'WBCSD - Mobility 2030 [2004]',73,'',2,'','','2020-11-12 11:08:06','2020-11-12 11:08:06'),(16608,'WBCSD - Mobility 2030 Meeting the Challenges to Sustainability',73,'',2,'','','2020-11-12 11:08:06','2020-11-12 11:08:06'),(16609,'WBCSD - Mobility for Development [2009]',73,'',2,'','','2020-11-12 11:08:06','2020-11-12 11:08:06'),(16610,'WBCSD - Mobility for Development Facts_and Trends [2007]',73,'',2,'','','2020-11-12 11:08:06','2020-11-12 11:08:06'),(16611,'WBCSD - Mobility for Development Shanghai [2008]',73,'',2,'','','2020-11-12 11:08:06','2020-11-12 11:08:06'),(16612,'WEF - Megatrends Shaping the Travel and Transport Ecosystem [2012]',73,'',2,'','','2020-11-12 11:08:06','2020-11-12 11:08:06'),(16613,'Wisetjindawat - Good Practices in Urban Freight Transportation [nd]',73,'',2,'','','2020-11-12 11:08:06','2020-11-12 11:08:06'),(16614,'World Bank - Cities on the Move [2002]',73,'',2,'','','2020-11-12 11:08:06','2020-11-12 11:08:06'),(16615,'World Bank - Urban Transport Development in India [2005]',73,'',2,'','','2020-11-12 11:08:06','2020-11-12 11:08:06'),(16616,'WORLD PORT RANKINGS 2008',73,'',2,'','','2020-11-12 11:08:06','2020-11-12 11:08:06'),(16617,'Yan - The Benefit of Public Transportation [2008]',73,'',2,'','','2020-11-12 11:08:06','2020-11-12 11:08:06'),(16618,'Zacharias - Resisting Motorization in Guangzhou [2011]',73,'',2,'','','2020-11-12 11:08:06','2020-11-12 11:08:06'),(16619,'Zegras & Gakenheimer - Driving Forces in Developing Cities\' Transportation Systems [2006]',73,'',2,'','','2020-11-12 11:08:06','2020-11-12 11:08:06'),(16620,'Zhao - Consequences of Urban Sprawl for Mobility on the Urban Fringe of Beijing [2010]',73,'',2,'','','2020-11-12 11:08:06','2020-11-12 11:08:06'),(16621,'CGPRT Main Evaluation Report 3',75,'',2,'','','2020-11-12 11:08:06','2020-11-12 11:08:06'),(16622,'Flash0810',75,'',2,'','','2020-11-12 11:08:06','2020-11-12 11:08:06'),(16623,'pn1008',75,'',2,'','','2020-11-12 11:08:06','2020-11-12 11:08:06'),(16624,'2003 Pacific Urban Agenda Workshop Outcomes',75,'',2,'','','2020-11-12 11:08:06','2020-11-12 11:08:06'),(16625,'Concept Note Pacific Urbanisation Aug 2007',75,'',2,'','','2020-11-12 11:08:06','2020-11-12 11:08:06'),(16626,'Pacific Urban Agenda Resolution 2004',75,'',2,'','','2020-11-12 11:08:06','2020-11-12 11:08:06'),(16627,'PIFS Paper on Urban Poverty and Informal Settlements in Fiji [2007]',75,'',2,'','','2020-11-12 11:08:06','2020-11-12 11:08:06'),(16628,'PUA implementation strategy summary 2-09-07',75,'',2,'','','2020-11-12 11:08:06','2020-11-12 11:08:06'),(16629,'PUA Workshop Outcomes Report 2007',75,'',2,'','','2020-11-12 11:08:06','2020-11-12 11:08:06'),(16630,'Regional Acton Framework for the Pacific Urban Agenda [2007]',75,'',2,'','','2020-11-12 11:08:06','2020-11-12 11:08:06'),(16631,'State, Society and Governance in Melanesia',75,'',2,'','','2020-11-12 11:08:06','2020-11-12 11:08:06'),(16632,'UNFPA - Urban Drift, Urban Growth, Urban Youth',75,'',2,'','','2020-11-12 11:08:06','2020-11-12 11:08:06'),(16633,'Urbanisation in the Pacific',75,'',2,'','','2020-11-12 11:08:06','2020-11-12 11:08:06'),(16634,'Wilkinson - Implementing the Pacific Urban Agenda [2007]',75,'',2,'','','2020-11-12 11:08:06','2020-11-12 11:08:06'),(16635,'Quick Guides 1 - Urbanization',75,'',2,'','','2020-11-12 11:08:06','2020-11-12 11:08:06'),(16636,'BKKPost 20110529 - Spirit of Rebellion Gently Rocks UNESCAP',75,'',2,'','','2020-11-12 11:08:06','2020-11-12 11:08:06'),(16637,'Econimic-and-Social-Survey-2011',75,'',2,'','','2020-11-12 11:08:06','2020-11-12 11:08:06'),(16638,'ESCAP - A Case for more Aid [2006]',75,'',2,'','','2020-11-12 11:08:06','2020-11-12 11:08:06'),(16639,'ESCAP - A Future within Reach Stats Annex',75,'',2,'','','2020-11-12 11:08:06','2020-11-12 11:08:06'),(16640,'ESCAP - A Future within Reach',75,'',2,'','','2020-11-12 11:08:06','2020-11-12 11:08:06'),(16641,'ESCAP - Enabling Environment for Poverty Reduction Initiatives [2004]',75,'',2,'','','2020-11-12 11:08:06','2020-11-12 11:08:06'),(16642,'ESCAP - Overview - A Future within Reach',75,'',2,'','','2020-11-12 11:08:06','2020-11-12 11:08:06'),(16643,'ESCAP - Ten as One [2007]',75,'',2,'','','2020-11-12 11:08:06','2020-11-12 11:08:06'),(16644,'Quick Guide 1',75,'',2,'','','2020-11-12 11:08:06','2020-11-12 11:08:06'),(16645,'Quick Guide 2',75,'',2,'','','2020-11-12 11:08:06','2020-11-12 11:08:06'),(16646,'Quick Guide 3',75,'',2,'','','2020-11-12 11:08:06','2020-11-12 11:08:06'),(16647,'Quick Guide 4',75,'',2,'','','2020-11-12 11:08:06','2020-11-12 11:08:06'),(16648,'Quick Guide 5',75,'',2,'','','2020-11-12 11:08:06','2020-11-12 11:08:06'),(16649,'Quick Guide 6',75,'',2,'','','2020-11-12 11:08:06','2020-11-12 11:08:06'),(16650,'Quick Guide 7',75,'',2,'','','2020-11-12 11:08:06','2020-11-12 11:08:06'),(16651,'UNESCAP - Economic and Social Survey 2009 [2009]',75,'',2,'','','2020-11-12 11:08:06','2020-11-12 11:08:06'),(16652,'UNEP - Annual Report 2008',74,'',2,'','','2020-11-12 11:08:06','2020-11-12 11:08:06'),(16653,'UNEP - Annual Year Book 2009',74,'',2,'','','2020-11-12 11:08:06','2020-11-12 11:08:06'),(16654,'UNEP Overview 2004',74,'',2,'','','2020-11-12 11:08:06','2020-11-12 11:08:06'),(16655,'UNEP Year Book 2009',74,'',2,'','','2020-11-12 11:08:06','2020-11-12 11:08:06'),(16656,'UNCHS - Global Report on Human Settlements 1996 ExSum [1996]',76,'',2,'','','2020-11-12 11:08:06','2020-11-12 11:08:06'),(16657,'UN-HABITAT - An Urbanizing World GRHS 1996',76,'',2,'','','2020-11-12 11:08:06','2020-11-12 11:08:06'),(16658,'UN-HABITAT - Cities in a Globalizing World GRHS 2001',76,'',2,'','','2020-11-12 11:08:06','2020-11-12 11:08:06'),(16659,'ESCAP - Guidelines for Localizing the Habitat Agenda',76,'',2,'','','2020-11-12 11:08:06','2020-11-12 11:08:06'),(16660,'Serrano - The Promise of Habitat [1996]',76,'',2,'','','2020-11-12 11:08:06','2020-11-12 11:08:06'),(16661,'Habitat Debate V09 N1 Apr03',76,'',2,'','','2020-11-12 11:08:06','2020-11-12 11:08:06'),(16662,'Habitat Debate V09 N4 Dec03',76,'',2,'','','2020-11-12 11:08:06','2020-11-12 11:08:06'),(16663,'Habitat Debate V10 N3 Sep04',76,'',2,'','','2020-11-12 11:08:06','2020-11-12 11:08:06'),(16664,'Habitat Debate V10 N4 Dec04',76,'',2,'','','2020-11-12 11:08:06','2020-11-12 11:08:06'),(16665,'Habitat Debate V11 N2 Jun05',76,'',2,'','','2020-11-12 11:08:06','2020-11-12 11:08:06'),(16666,'Habitat Debate V11 N4 Dec05',76,'',2,'','','2020-11-12 11:08:06','2020-11-12 11:08:06'),(16667,'Habitat Debate V12 N1 Mar06',76,'',2,'','','2020-11-12 11:08:06','2020-11-12 11:08:06'),(16668,'Habitat Debate V12 N2 Jun06',76,'',2,'','','2020-11-12 11:08:06','2020-11-12 11:08:06'),(16669,'Habitat Debate V12 N3 Sep06',76,'',2,'','','2020-11-12 11:08:06','2020-11-12 11:08:06'),(16670,'Habitat Debate V12 N4 Dec06',76,'',2,'','','2020-11-12 11:08:06','2020-11-12 11:08:06'),(16671,'Habitat Debate V13 N2 Jun07',76,'',2,'','','2020-11-12 11:08:06','2020-11-12 11:08:06'),(16672,'Habitat Debate V13 N3 Sep07',76,'',2,'','','2020-11-12 11:08:06','2020-11-12 11:08:06'),(16673,'Habitat Debate V13 N4 Dec07',76,'',2,'','','2020-11-12 11:08:06','2020-11-12 11:08:06'),(16674,'The Vancouver Action Plan',76,'',2,'','','2020-11-12 11:08:06','2020-11-12 11:08:06'),(16675,'The Vancouver Declaration on Human Settlements - A_CONF.70_15...',76,'',2,'','','2020-11-12 11:08:06','2020-11-12 11:08:06'),(16676,'Annez & Friendly - Cities in the Developing World [1996]',76,'',2,'','','2020-11-12 11:08:06','2020-11-12 11:08:06'),(16677,'ISED - Habitat II + 5',76,'',2,'','','2020-11-12 11:08:06','2020-11-12 11:08:06'),(16678,'OECD - Cities in the Global Economy - Melbourne 1994 Vol 1',76,'',2,'','','2020-11-12 11:08:06','2020-11-12 11:08:06'),(16679,'OECD - Cities in the Global Economy - Melbourne 1994 Vol 2',76,'',2,'','','2020-11-12 11:08:06','2020-11-12 11:08:06'),(16680,'OECD - Cities in the Global Economy - Melbourne 1994 Vol 3',76,'',2,'','','2020-11-12 11:08:06','2020-11-12 11:08:06'),(16681,'Satterthwaite - A Review of the Istanbul Declaration',76,'',2,'','','2020-11-12 11:08:06','2020-11-12 11:08:06'),(16682,'UN - Report of the UN Conference on Human Settlements Habitat II June 1996',76,'',2,'','','2020-11-12 11:08:06','2020-11-12 11:08:06'),(16683,'UNCHS - Report of Habitat II',76,'',2,'','','2020-11-12 11:08:06','2020-11-12 11:08:06'),(16684,'UNCHS - The Future of Human Settlements',76,'',2,'','','2020-11-12 11:08:06','2020-11-12 11:08:06'),(16685,'UN-HABITAT - Istanbul+5 Declaration',76,'',2,'','','2020-11-12 11:08:06','2020-11-12 11:08:06'),(16686,'UN-HABITAT - Third Conference on Housing and Sustainable Urban Development [2011]',76,'',2,'','','2020-11-12 11:08:06','2020-11-12 11:08:06'),(16687,'Quick Guide 1 - Urban Africa - Building with Untapped Potential_0',76,'',2,'','','2020-11-12 11:08:06','2020-11-12 11:08:06'),(16688,'Quick Guide 2 - Low Income Housing_0',76,'',2,'','','2020-11-12 11:08:06','2020-11-12 11:08:06'),(16689,'Quick Guide 3 - Land - A Crucial Element in Housing the Poor_0',76,'',2,'','','2020-11-12 11:08:06','2020-11-12 11:08:06'),(16690,'Quick Guide 4 - Eviction - Alternatives to the Evictions of Urban Poor Communities_0(1)',76,'',2,'','','2020-11-12 11:08:06','2020-11-12 11:08:06'),(16691,'Quick Guide 5 - Housing Finance - Ways to Help the Urban Poor Pay for Hpusing_0',76,'',2,'','','2020-11-12 11:08:06','2020-11-12 11:08:06'),(16692,'Quick Guide 6 - Community-based Organizations - The Poor as Agents of Development_0',76,'',2,'','','2020-11-12 11:08:06','2020-11-12 11:08:06'),(16693,'Quick Guide 7 - Rental Housing - A Much Neglected Option for the Urban Poor_0',76,'',2,'','','2020-11-12 11:08:06','2020-11-12 11:08:06'),(16694,'Quick Guide 8 - Local Government - Addressing Urban Challenges in a Participatory and Integrated Way_0',76,'',2,'','','2020-11-12 11:08:06','2020-11-12 11:08:06'),(16695,'ADB - The State of Pacific Towns and Cities [2011]',76,'',2,'','','2020-11-12 11:08:06','2020-11-12 11:08:06'),(16696,'Chapter 2-Urbanizing Asia-29th',76,'',2,'','','2020-11-12 11:08:06','2020-11-12 11:08:06'),(16697,'Chapter 2-Urbanizing Asia-29th[yks]',76,'',2,'','','2020-11-12 11:08:06','2020-11-12 11:08:06'),(16698,'Chapter 3-Economic role of cities-31st July',76,'',2,'','','2020-11-12 11:08:06','2020-11-12 11:08:06'),(16699,'Chapter 3-Economic role of cities-31st July[yks]',76,'',2,'','','2020-11-12 11:08:06','2020-11-12 11:08:06'),(16700,'Chapter 4-Poverty and Inequality in Asian Cities [YKS]',76,'',2,'','','2020-11-12 11:08:06','2020-11-12 11:08:06'),(16701,'Chapter 4-Poverty and Inequality in Asian Cities',76,'',2,'','','2020-11-12 11:08:06','2020-11-12 11:08:06'),(16702,'Chapter 5 Environment-14th Aug',76,'',2,'','','2020-11-12 11:08:06','2020-11-12 11:08:06'),(16703,'Chapter 6-Managing Asian Cities-Urban Governance and Finance',76,'',2,'','','2020-11-12 11:08:06','2020-11-12 11:08:06'),(16704,'Components of Urban Growth',76,'',2,'','','2020-11-12 11:08:06','2020-11-12 11:08:06'),(16705,'draft zero full document may 1509 [yks]',76,'',2,'','','2020-11-12 11:08:06','2020-11-12 11:08:06'),(16706,'State of the Asian Cities Report 2009 150509',76,'',2,'','','2020-11-12 11:08:06','2020-11-12 11:08:06'),(16707,'UN-HABITAT - The State of Chinese Cities 2010-2011 []',76,'',2,'','','2020-11-12 11:08:06','2020-11-12 11:08:06'),(16708,'UN-Habitat - The State of the Asian Cities Report 2010-11',76,'',2,'','','2020-11-12 11:08:06','2020-11-12 11:08:06'),(16709,'ADB & Jones - The State of Pacific Towns and Cities [2012]',76,'',2,'','','2020-11-12 11:08:06','2020-11-12 11:08:06'),(16710,'AG - State of Australian Cities 2010 [2010]',76,'',2,'','','2020-11-12 11:08:06','2020-11-12 11:08:06'),(16711,'AG - State of Australian Cities 2011 {2011]',76,'',2,'','','2020-11-12 11:08:06','2020-11-12 11:08:06'),(16712,'AG - State of Australian Cities 2012 [2012]',76,'',2,'','','2020-11-12 11:08:06','2020-11-12 11:08:06'),(16713,'SWCR 2010-2011a',76,'',2,'','','2020-11-12 11:08:06','2020-11-12 11:08:06'),(16714,'UNCHS - The State of the World\'s Cities 1999',76,'',2,'','','2020-11-12 11:08:06','2020-11-12 11:08:06'),(16715,'UNDP_Urban_StrategyPaper_v7Jan',76,'',2,'','','2020-11-12 11:08:06','2020-11-12 11:08:06'),(16716,'UN-HABITAT - State of China\'s Cities 2010-2011',76,'',2,'','','2020-11-12 11:08:06','2020-11-12 11:08:06'),(16717,'UN-HABITAT - State of the World\'s Cities 2010-2011',76,'',2,'','','2020-11-12 11:08:06','2020-11-12 11:08:06'),(16718,'UN-Habitat - State of the World\'s Cities 2012-2013 [2012]',76,'',2,'','','2020-11-12 11:08:06','2020-11-12 11:08:06'),(16719,'UN-HABITAT - State of World Cities 2006-2007',76,'',2,'','','2020-11-12 11:08:06','2020-11-12 11:08:06'),(16720,'UN-Habitat - The State of China\'s Cities 2012-2013 [2012]',76,'',2,'','','2020-11-12 11:08:06','2020-11-12 11:08:06'),(16721,'Urban World Vol 1 No 2',76,'',2,'','','2020-11-12 11:08:06','2020-11-12 11:08:06'),(16722,'Urban World Vol 2 No 2',76,'',2,'','','2020-11-12 11:08:06','2020-11-12 11:08:06'),(16723,'Urban World Vol 2 No 3',76,'',2,'','','2020-11-12 11:08:06','2020-11-12 11:08:06'),(16724,'ISED - Vancouver 2006',76,'',2,'','','2020-11-12 11:08:06','2020-11-12 11:08:06'),(16725,'Quintana - The UN Habitat and Human Settlements Foundation [1978]',76,'',2,'','','2020-11-12 11:08:06','2020-11-12 11:08:06'),(16726,'UNCHS - Roles Responsibilities and Capabilities of Governmental and Non-Governmental Sectors in the Field of Human Settlements [1988]',76,'',2,'','','2020-11-12 11:08:06','2020-11-12 11:08:06'),(16727,'UNICEF - Children in an Urban World [2012]',77,'',2,'','','2020-11-12 11:08:06','2020-11-12 11:08:06'),(16728,'UNICEF - Children with Disabilities [2013]',77,'',2,'','','2020-11-12 11:08:06','2020-11-12 11:08:06'),(16729,'UNICEF - State of the World\'s Children 2004',77,'',2,'','','2020-11-12 11:08:06','2020-11-12 11:08:06'),(16730,'UNICEF - State of the World\'s Children 2005',77,'',2,'','','2020-11-12 11:08:06','2020-11-12 11:08:06'),(16731,'UNICEF State of the World\'s Children 2011',77,'',2,'','','2020-11-12 11:08:06','2020-11-12 11:08:06'),(16732,'Urban Age - Community Regeneration',79,'',2,'','','2020-11-12 11:08:06','2020-11-12 11:08:06'),(16733,'Urban Age - Cultural Heritage',79,'',2,'','','2020-11-12 11:08:06','2020-11-12 11:08:06'),(16734,'Urban Age - Who Cares',79,'',2,'','','2020-11-12 11:08:06','2020-11-12 11:08:06'),(16735,'Urban Age 1-1',79,'',2,'','','2020-11-12 11:08:06','2020-11-12 11:08:06'),(16736,'Urban Age 1-2',79,'',2,'','','2020-11-12 11:08:06','2020-11-12 11:08:06'),(16737,'Urban Age 1-3',79,'',2,'','','2020-11-12 11:08:06','2020-11-12 11:08:06'),(16738,'Urban Age 1-4',79,'',2,'','','2020-11-12 11:08:06','2020-11-12 11:08:06'),(16739,'Urban Age 2-1',79,'',2,'','','2020-11-12 11:08:06','2020-11-12 11:08:06'),(16740,'Urban Age 2-2',79,'',2,'','','2020-11-12 11:08:06','2020-11-12 11:08:06'),(16741,'Urban Age 2-3',79,'',2,'','','2020-11-12 11:08:06','2020-11-12 11:08:06'),(16742,'Urban Age 2-4',79,'',2,'','','2020-11-12 11:08:06','2020-11-12 11:08:06'),(16743,'Urban Age 3-1',79,'',2,'','','2020-11-12 11:08:06','2020-11-12 11:08:06'),(16744,'Urban Age 3-2',79,'',2,'','','2020-11-12 11:08:06','2020-11-12 11:08:06'),(16745,'Urban Age 3-3',79,'',2,'','','2020-11-12 11:08:06','2020-11-12 11:08:06'),(16746,'Urban Age 3-4',79,'',2,'','','2020-11-12 11:08:06','2020-11-12 11:08:06'),(16747,'Urban Age 4-1',79,'',2,'','','2020-11-12 11:08:06','2020-11-12 11:08:06'),(16748,'Urban Age 4-2',79,'',2,'','','2020-11-12 11:08:06','2020-11-12 11:08:06'),(16749,'Urban Age 4-3',79,'',2,'','','2020-11-12 11:08:06','2020-11-12 11:08:06'),(16750,'Urban Age 4-4',79,'',2,'','','2020-11-12 11:08:06','2020-11-12 11:08:06'),(16751,'Urban Age 5-1',79,'',2,'','','2020-11-12 11:08:06','2020-11-12 11:08:06'),(16752,'Urban Age 5-2',79,'',2,'','','2020-11-12 11:08:06','2020-11-12 11:08:06'),(16753,'Urban Age 5-3',79,'',2,'','','2020-11-12 11:08:06','2020-11-12 11:08:06'),(16754,'Urban Age 5-4',79,'',2,'','','2020-11-12 11:08:06','2020-11-12 11:08:06'),(16755,'Urban Age 6-1',79,'',2,'','','2020-11-12 11:08:06','2020-11-12 11:08:06'),(16756,'Urban Age 6-2',79,'',2,'','','2020-11-12 11:08:06','2020-11-12 11:08:06'),(16757,'Urban Age 6-3',79,'',2,'','','2020-11-12 11:08:06','2020-11-12 11:08:06'),(16758,'Urban Age 6-4',79,'',2,'','','2020-11-12 11:08:06','2020-11-12 11:08:06'),(16759,'Urban Age 7-1',79,'',2,'','','2020-11-12 11:08:06','2020-11-12 11:08:06'),(16760,'Aquaculture News No.33 [2007]',80,'',2,'','','2020-11-12 11:08:06','2020-11-12 11:08:06'),(16761,'Armar - Urban Agriculture and Food Security',80,'',2,'','','2020-11-12 11:08:06','2020-11-12 11:08:06'),(16762,'Bloomberg 20110817 - Atlanta Grows Lettuce Near Runway as Urban Farms Bloom',80,'',2,'','','2020-11-12 11:08:06','2020-11-12 11:08:06'),(16763,'Bourque - Policy Options for Urban Agriculture',80,'',2,'','','2020-11-12 11:08:06','2020-11-12 11:08:06'),(16764,'Castillo - Agriculture Livelihoods and the City',80,'',2,'','','2020-11-12 11:08:06','2020-11-12 11:08:06'),(16765,'de Zeeuw & Dubbeling -  Cities Food and Agriculture [2009]',80,'',2,'','','2020-11-12 11:08:06','2020-11-12 11:08:06'),(16766,'De Zeeuw et al - Agriculture in Urban Policies',80,'',2,'','','2020-11-12 11:08:06','2020-11-12 11:08:06'),(16767,'Deelstra & Girardet - Urban Agriculture and Sustainable Cities [nd]',80,'',2,'','','2020-11-12 11:08:06','2020-11-12 11:08:06'),(16768,'Deelstra & Girardet - Urban Agriculture and Sustainable Cities',80,'',2,'','','2020-11-12 11:08:06','2020-11-12 11:08:06'),(16769,'Devenish - Urban Agriculture for Poverty Alleviation [2009]',80,'',2,'','','2020-11-12 11:08:06','2020-11-12 11:08:06'),(16770,'Drescher - Urban Agriculture',80,'',2,'','','2020-11-12 11:08:06','2020-11-12 11:08:06'),(16771,'Fraser - Urban Ecology in Bangkok [2002]',80,'',2,'','','2020-11-12 11:08:06','2020-11-12 11:08:06'),(16772,'IFPRI - Improving Urban Livelihoods in Bangladesh',80,'',2,'','','2020-11-12 11:08:06','2020-11-12 11:08:06'),(16773,'IFPRI - Living in the City',80,'',2,'','','2020-11-12 11:08:06','2020-11-12 11:08:06'),(16774,'Local Foods [nd]',80,'',2,'','','2020-11-12 11:08:06','2020-11-12 11:08:06'),(16775,'Mougeot - Urban Agriculture - Definition Presence Potential and Risks [nd]',80,'',2,'','','2020-11-12 11:08:06','2020-11-12 11:08:06'),(16776,'Mougeot - Urban Agriculture',80,'',2,'','','2020-11-12 11:08:06','2020-11-12 11:08:06'),(16777,'Mwalukasa - Urban Agriculture in Dar-es-Salam',80,'',2,'','','2020-11-12 11:08:06','2020-11-12 11:08:06'),(16778,'Nguyen et al - Small-Scale Peri-Urban Vegetable farming Systems in Hanoi [2007]',80,'',2,'','','2020-11-12 11:08:06','2020-11-12 11:08:06'),(16779,'Nguyen Thi Tinh et - Bibliography of Urban Agriculture in Hanoi',80,'',2,'','','2020-11-12 11:08:06','2020-11-12 11:08:06'),(16780,'Nugent - The Impact of Urban Agriculture on the Household and Local Economies [nd]',80,'',2,'','','2020-11-12 11:08:06','2020-11-12 11:08:06'),(16781,'Nugent - The Impact of Urban Agriculture',80,'',2,'','','2020-11-12 11:08:06','2020-11-12 11:08:06'),(16782,'NYT 20110814 - At Vacant Homes Foraging for Fruit',80,'',2,'','','2020-11-12 11:08:06','2020-11-12 11:08:06'),(16783,'NYT 20110829 - The Local Food Movement Is Rooted in Globalization',80,'',2,'','','2020-11-12 11:08:06','2020-11-12 11:08:06'),(16784,'Purnomohadi - Urban Agriculture in Jakarta',80,'',2,'','','2020-11-12 11:08:06','2020-11-12 11:08:06'),(16785,'Science 20080208 - Upending the Traditional Farm',80,'',2,'','','2020-11-12 11:08:06','2020-11-12 11:08:06'),(16786,'Smit & Nasr - Urban Agriculture for Sustainable Cities [1992]',80,'',2,'','','2020-11-12 11:08:06','2020-11-12 11:08:06'),(16787,'Soemarwoto & Conway - The Javanese Homegarden [nd]',80,'',2,'','','2020-11-12 11:08:06','2020-11-12 11:08:06'),(16788,'Thapa & Murayama - Land Evaluation for Peri-Urban Agriculture in Hanoi [2008]',80,'',2,'','','2020-11-12 11:08:06','2020-11-12 11:08:06'),(16789,'Vagneron - Economic Appraisal of Peri-Urban Agriculture in Bangkok [2007]',80,'',2,'','','2020-11-12 11:08:06','2020-11-12 11:08:06'),(16790,'Vagneron - Economic Appraisal of Profitability and Sustainabilioty of Peri-Urban Agriculture in Bangkok [2007]',80,'',2,'','','2020-11-12 11:08:06','2020-11-12 11:08:06'),(16791,'Zezza & Tasciotti - Urban Agriculture Poverty and Foor Security [2010]',80,'',2,'','','2020-11-12 11:08:06','2020-11-12 11:08:06'),(16792,'Ahmed & Khan - Evolution of House Form in Dhaka City [2003]',81,'',2,'','','2020-11-12 11:08:06','2020-11-12 11:08:06'),(16793,'Asia Society - The Future of Asia\'s Past [1995]',81,'',2,'','','2020-11-12 11:08:06','2020-11-12 11:08:06'),(16794,'BKKPost 20120504 - Ayutthaya Tops Endangered Sites List',81,'',2,'','','2020-11-12 11:08:06','2020-11-12 11:08:06'),(16795,'Bui - Renovating Tube Houses in the Hanoi Old Quarter [2007]',81,'',2,'','','2020-11-12 11:08:06','2020-11-12 11:08:06'),(16796,'Chen - Traditional Architectural Forms in Market Oriented Chinese Cites [2011]',81,'',2,'','','2020-11-12 11:08:06','2020-11-12 11:08:06'),(16797,'China.Org.Cn 20061220 - 70 Per Cent of Beijing Hutongs Destroyed',81,'',2,'','','2020-11-12 11:08:06','2020-11-12 11:08:06'),(16798,'Ee - An Approach to the Search for Identity [1983]',81,'',2,'','','2020-11-12 11:08:06','2020-11-12 11:08:06'),(16799,'Fels - Penang\'s Shophouse Culture [1994]',81,'',2,'','','2020-11-12 11:08:06','2020-11-12 11:08:06'),(16800,'GHF - Asia\'s Heritage in Peril [2012]',81,'',2,'','','2020-11-12 11:08:06','2020-11-12 11:08:06'),(16801,'Gonzales - A Conservation Management Action Plan for Malogonlong Bridge [2006]',81,'',2,'','','2020-11-12 11:08:06','2020-11-12 11:08:06'),(16802,'Lee et al - Strategies for Urban Conservation in George Town [2008]',81,'',2,'','','2020-11-12 11:08:06','2020-11-12 11:08:06'),(16803,'Mhenni - The Hafsia Quarter Project',81,'',2,'','','2020-11-12 11:08:06','2020-11-12 11:08:06'),(16804,'Nadarajah & Yamamoto - UrbanCrisis - Urban Culture and the Sustainability of Cities',81,'',2,'','','2020-11-12 11:08:06','2020-11-12 11:08:06'),(16805,'Ngo - Conservation Improvement and Sustainable Development - The 36 Old Streets in Hanoi [2003]',81,'',2,'','','2020-11-12 11:08:06','2020-11-12 11:08:06'),(16806,'Ngo - Conservation Improvement and Sustainable Development in Hanoi [2003]',81,'',2,'','','2020-11-12 11:08:06','2020-11-12 11:08:06'),(16807,'NYT 20101213 - Saving a Korean District',81,'',2,'','','2020-11-12 11:08:06','2020-11-12 11:08:06'),(16808,'NYT 20120709 - Gateway to Myanmar’s Past and Its Future',81,'',2,'','','2020-11-12 11:08:06','2020-11-12 11:08:06'),(16809,'NYT 20121102 - In China Reviving an Ancient City and Its Craft Traditions',81,'',2,'','','2020-11-12 11:08:06','2020-11-12 11:08:06'),(16810,'Pimonsathean - Historic Preservation of Phuket',81,'',2,'','','2020-11-12 11:08:06','2020-11-12 11:08:06'),(16811,'Pimonsathean - Local Initiatives for Conservation Planning in Phuket',81,'',2,'','','2020-11-12 11:08:06','2020-11-12 11:08:06'),(16812,'Pimonsathean - Local-Based Urban Conservation in Thailand',81,'',2,'','','2020-11-12 11:08:06','2020-11-12 11:08:06'),(16813,'Pimonsathean - Old Town Phuket Conservation Program',81,'',2,'','','2020-11-12 11:08:06','2020-11-12 11:08:06'),(16814,'PRCUD - Revitalization of Kota Tua [2007]',81,'',2,'','','2020-11-12 11:08:06','2020-11-12 11:08:06'),(16815,'Rao - Historic Housing and Policy in India [2010]',81,'',2,'','','2020-11-12 11:08:06','2020-11-12 11:08:06'),(16816,'Sirisrisak - Conservation of Bangkok Old Town [2009]',81,'',2,'','','2020-11-12 11:08:06','2020-11-12 11:08:06'),(16817,'Steinberg - Conservatio and Rehabilitation of Urban Heritage in Developing Countries [1996]',81,'',2,'','','2020-11-12 11:08:06','2020-11-12 11:08:06'),(16818,'Waibel - The Ancient Quarter of Hanoi',81,'',2,'','','2020-11-12 11:08:06','2020-11-12 11:08:06'),(16819,'Wong - Urban Renewal Authority in Hong Kong [2010]',81,'',2,'','','2020-11-12 11:08:06','2020-11-12 11:08:06'),(16820,'INSEAD - Family Philantropy in Asia [nd]',82,'',2,'','','2020-11-12 11:08:06','2020-11-12 11:08:06'),(16821,'NYT 20100729 - Is India Modern',82,'',2,'','','2020-11-12 11:08:06','2020-11-12 11:08:06'),(16822,'NYT 20110330 - In Mexico City, Kissing Tells of More Than Romance',82,'',2,'','','2020-11-12 11:08:06','2020-11-12 11:08:06'),(16823,'NYT 20111021 - Modifying a Definition of Modernity',82,'',2,'','','2020-11-12 11:08:06','2020-11-12 11:08:06'),(16824,'UNESCO - Sharing A World of Differences',82,'',2,'','','2020-11-12 11:08:06','2020-11-12 11:08:06'),(16825,'Wirth - Urbanism as a Way of Life [1938]',82,'',2,'','','2020-11-12 11:08:06','2020-11-12 11:08:06'),(16826,'RoMF - Platform of Reincarnation [2010]',83,'',2,'','','2020-11-12 11:08:06','2020-11-12 11:08:06'),(16827,'Ancien - Global City Theory and the New Urban Politics 20 Years on [2011]',83,'',2,'','','2020-11-12 11:08:06','2020-11-12 11:08:06'),(16828,'Brenner & Theodore - Cities and the Geographies of Actually Existing Neoliberalism [2002]',83,'',2,'','','2020-11-12 11:08:06','2020-11-12 11:08:06'),(16829,'Brenner & Theodore - From the New Localism to the Spaces of Neoliberalism [2002]',83,'',2,'','','2020-11-12 11:08:06','2020-11-12 11:08:06'),(16830,'Brenner et al - Neoliberal Urbanism - Cities and the Rule of the Markets [2005]',83,'',2,'','','2020-11-12 11:08:06','2020-11-12 11:08:06'),(16831,'Chatterjee - Governance - New Urban Politics in Ahmedabad [2011]',83,'',2,'','','2020-11-12 11:08:06','2020-11-12 11:08:06'),(16832,'Chatterjee - Social Conflict and the Neoliberal City [2009]',83,'',2,'','','2020-11-12 11:08:06','2020-11-12 11:08:06'),(16833,'Crossa - Resisting the Entrepreneurial City - Street Vendors in Mexico City [2009]',83,'',2,'','','2020-11-12 11:08:06','2020-11-12 11:08:06'),(16834,'DiGaetanio & Klemanski - Power and City Governance [1999]',83,'',2,'','','2020-11-12 11:08:06','2020-11-12 11:08:06'),(16835,'Douglas - Mega-Urban Regions and World City Formatio in Pacific Asia [2000]',83,'',2,'','','2020-11-12 11:08:06','2020-11-12 11:08:06'),(16836,'Goldman - Speculative Urbansm and the Making of the Next World City - Bangalore [2011]',83,'',2,'','','2020-11-12 11:08:06','2020-11-12 11:08:06'),(16837,'Gough - Neoliberalism and Socialisation in the Contemporary City [2002]',83,'',2,'','','2020-11-12 11:08:06','2020-11-12 11:08:06'),(16838,'Harvey - From Managerialism to Entrepreneurialism - The Transformation in Urban Governance in Late Capitalism [1989]',83,'',2,'','','2020-11-12 11:08:06','2020-11-12 11:08:06'),(16839,'Harvey - From Managerialism to Entrepreneurialism [1989]',83,'',2,'','','2020-11-12 11:08:06','2020-11-12 11:08:06'),(16840,'Harvey - The Right to the City [2008]',83,'',2,'','','2020-11-12 11:08:06','2020-11-12 11:08:06'),(16841,'Helsley - Urban Political Economy [2003]',83,'',2,'','','2020-11-12 11:08:06','2020-11-12 11:08:06'),(16842,'Jessop - Liberalism Neoliberalism and Urban Governance [2002]',83,'',2,'','','2020-11-12 11:08:06','2020-11-12 11:08:06'),(16843,'Kim - Real Rights to the City in Eastern Asia [2011]',83,'',2,'','','2020-11-12 11:08:06','2020-11-12 11:08:06'),(16844,'LacLeod - Urban Politics Reconsidered - Growth Machine or Post-Democratic City [2011]',83,'',2,'','','2020-11-12 11:08:06','2020-11-12 11:08:06'),(16845,'Mahadevia - Communal Space over Life Space [2002]',83,'',2,'','','2020-11-12 11:08:06','2020-11-12 11:08:06'),(16846,'Mahadevia - Policies Politics and Processes of Urban Development in the Reform Era [2011]',83,'',2,'','','2020-11-12 11:08:06','2020-11-12 11:08:06'),(16847,'Marcuse - From Critical Urban Theory to the Right to the City [2009], City',83,'',2,'','','2020-11-12 11:08:06','2020-11-12 11:08:06'),(16848,'Mayer - The Right to the City [2009]',83,'',2,'','','2020-11-12 11:08:06','2020-11-12 11:08:06'),(16849,'New Geography 20120514 - London\'s Social Cleansing',83,'',2,'','','2020-11-12 11:08:06','2020-11-12 11:08:06'),(16850,'Parnell and Pieterse - The Right to the City and Institutional Imperatives [2010]',83,'',2,'','','2020-11-12 11:08:06','2020-11-12 11:08:06'),(16851,'Peck & Tickell - Neoliberalizing Space [2002]',83,'',2,'','','2020-11-12 11:08:06','2020-11-12 11:08:06'),(16852,'Purcell - Citizenship and the Right to the Global City [2003]',83,'',2,'','','2020-11-12 11:08:06','2020-11-12 11:08:06'),(16853,'Smith - New Globalism New Urbanism - Gentrification as Global Urban Strategy [2002]',83,'',2,'','','2020-11-12 11:08:06','2020-11-12 11:08:06'),(16854,'Van Eijk - Exclusionary Policies are not just about the Neoliberal City [2010]',83,'',2,'','','2020-11-12 11:08:06','2020-11-12 11:08:06'),(16855,'Weber - Neoliberalism and Urban Redevelopment [2002]',83,'',2,'','','2020-11-12 11:08:06','2020-11-12 11:08:06'),(16856,'Wilson - Toward a Contingent Urban Neoliberalism [2004]',83,'',2,'','','2020-11-12 11:08:06','2020-11-12 11:08:06'),(16857,'Fernandes - Constructing the Right to the City in Brazil [2007]',83,'',2,'','','2020-11-12 11:08:06','2020-11-12 11:08:06'),(16858,'UNESCO - Urban Policies and the Right to the City [2009]',83,'',2,'','','2020-11-12 11:08:06','2020-11-12 11:08:06'),(16859,'Abidin et al - Review and Analysis of Structural Change in the Main Cities of Indonesia',83,'',2,'','','2020-11-12 11:08:06','2020-11-12 11:08:06'),(16860,'Abidin et al - Structural Change in the Main Cities of Indonesia [1994]',83,'',2,'','','2020-11-12 11:08:06','2020-11-12 11:08:06'),(16861,'ADB - Philippines Urban Sector Road Map [2011]',83,'',2,'','','2020-11-12 11:08:06','2020-11-12 11:08:06'),(16862,'ADB - Urban Development [2010]',83,'',2,'','','2020-11-12 11:08:06','2020-11-12 11:08:06'),(16863,'ADB - Urban Development and Housing Sector Evaluation',83,'',2,'','','2020-11-12 11:08:06','2020-11-12 11:08:06'),(16864,'ADB - Urban Development in India and China',83,'',2,'','','2020-11-12 11:08:06','2020-11-12 11:08:06'),(16865,'Afrakhtek - The Problems of Regional Development and Border Cities - Zahedan Iran [2006]',83,'',2,'','','2020-11-12 11:08:06','2020-11-12 11:08:06'),(16866,'Akumu & Olima - The dynamics and implications of residential segregation in Nairobi',83,'',2,'','','2020-11-12 11:08:06','2020-11-12 11:08:06'),(16867,'Amodei - Tunis 1860-1930 [1984]',83,'',2,'','','2020-11-12 11:08:06','2020-11-12 11:08:06'),(16868,'Angel - Dynamics Urban Expansion',83,'',2,'','','2020-11-12 11:08:06','2020-11-12 11:08:06'),(16869,'Angel et al - Atlas of Urban Expansion [2012]',83,'',2,'','','2020-11-12 11:08:06','2020-11-12 11:08:06'),(16870,'Angel et al - Making Room for a Planet of Cities [2011]',83,'',2,'','','2020-11-12 11:08:06','2020-11-12 11:08:06'),(16871,'AP 20121127 - Hong Kong Parking Spaces Selling for Big Bucks',83,'',2,'','','2020-11-12 11:08:06','2020-11-12 11:08:06'),(16872,'ASDB - Gender Checklist for Urban Development and Housing',83,'',2,'','','2020-11-12 11:08:06','2020-11-12 11:08:06'),(16873,'Atkinson - Sustainable Human Development in Cities of the South',83,'',2,'','','2020-11-12 11:08:06','2020-11-12 11:08:06'),(16874,'Aziz et al - In the Quest for Quality Urban Living - A Case Study of Urban Development in Kuala Lumpur [nd]',83,'',2,'','','2020-11-12 11:08:06','2020-11-12 11:08:06'),(16875,'Balooni et al - Urban Sustainability and Changing Green Spaces [2011]',83,'',2,'','','2020-11-12 11:08:06','2020-11-12 11:08:06'),(16876,'Bardhan & Kroll - Globalization and the Real Estate Industry [2007]',83,'',2,'','','2020-11-12 11:08:06','2020-11-12 11:08:06'),(16877,'Batty - The Size Scale and Shape of Cities [2008]',83,'',2,'','','2020-11-12 11:08:06','2020-11-12 11:08:06'),(16878,'Beaverstock et al - Roster of World Cities',83,'',2,'','','2020-11-12 11:08:06','2020-11-12 11:08:06'),(16879,'Belmont - Metropolitan Recentralization [2007]',83,'',2,'','','2020-11-12 11:08:06','2020-11-12 11:08:06'),(16880,'Bertaud - Kabul Urban Development',83,'',2,'','','2020-11-12 11:08:06','2020-11-12 11:08:06'),(16881,'Bertaud - Spatial Organization Cities V3',83,'',2,'','','2020-11-12 11:08:06','2020-11-12 11:08:06'),(16882,'Bertaud & Malpezzi - Spatial Distribution of Population in 50 World Cities',83,'',2,'','','2020-11-12 11:08:06','2020-11-12 11:08:06'),(16883,'Berthelsen - Return of the Skycraper Index',83,'',2,'','','2020-11-12 11:08:06','2020-11-12 11:08:06'),(16884,'BKKPost 20110808 - In China Some New Cities are Ghost Towns',83,'',2,'','','2020-11-12 11:08:06','2020-11-12 11:08:06'),(16885,'Bloomberg - Innovating for a Better City [2011]',83,'',2,'','','2020-11-12 11:08:06','2020-11-12 11:08:06'),(16886,'Bloomberg 20100720 - Tianjin Says Wait a Minute as China Property Slumps',83,'',2,'','','2020-11-12 11:08:06','2020-11-12 11:08:06'),(16887,'Briffett et al - Quality of Urban Life in Singapore',83,'',2,'','','2020-11-12 11:08:06','2020-11-12 11:08:06'),(16888,'Brookings Institute - Urbanized - Shaping Cities [2011]',83,'',2,'','','2020-11-12 11:08:06','2020-11-12 11:08:06'),(16889,'Browder et al - Urban Fringe Expansion',83,'',2,'','','2020-11-12 11:08:06','2020-11-12 11:08:06'),(16890,'BTU - The Balance of Urban Growth and Redevelopment in HCMCity [2008]',83,'',2,'','','2020-11-12 11:08:06','2020-11-12 11:08:06'),(16891,'Business Insider 20110616 - Satellite Pictures Of Chinese Ghost Cities',83,'',2,'','','2020-11-12 11:08:06','2020-11-12 11:08:06'),(16892,'BVBS - National Urban Development Policy Germany [nd]',83,'',2,'','','2020-11-12 11:08:06','2020-11-12 11:08:06'),(16893,'BVBS - Towards a National Urban Development Policy in Germany [2007]',83,'',2,'','','2020-11-12 11:08:06','2020-11-12 11:08:06'),(16894,'CER - Spatial Development and Effective Allocation of Productive Forces in Uzbekistan [2011]',83,'',2,'','','2020-11-12 11:08:06','2020-11-12 11:08:06'),(16895,'Chakrabarti - Urban Crisis in India',83,'',2,'','','2020-11-12 11:08:06','2020-11-12 11:08:06'),(16896,'Chang & Huang - Waterfront Development in Singapore [2011]',83,'',2,'','','2020-11-12 11:08:06','2020-11-12 11:08:06'),(16897,'Cities Alliance - Urban Development',83,'',2,'','','2020-11-12 11:08:06','2020-11-12 11:08:06'),(16898,'Clammer - Globalization and Southeast Asian Cities',83,'',2,'','','2020-11-12 11:08:06','2020-11-12 11:08:06'),(16899,'CNN - China Urban Development',83,'',2,'','','2020-11-12 11:08:06','2020-11-12 11:08:06'),(16900,'Cohen - Aid Density and Urban Form in Dakar',83,'',2,'','','2020-11-12 11:08:06','2020-11-12 11:08:06'),(16901,'Conrad et al - Public Space for Sale [2008]',83,'',2,'','','2020-11-12 11:08:06','2020-11-12 11:08:06'),(16902,'Constantino - Unsustainable Development [Philippines]',83,'',2,'','','2020-11-12 11:08:06','2020-11-12 11:08:06'),(16903,'Coulthart et al - Urban Development Strategy [Vietnam]',83,'',2,'','','2020-11-12 11:08:06','2020-11-12 11:08:06'),(16904,'Coulthart et al - Urban Development Strategy [Vietnam]',83,'',2,'','','2020-11-12 11:08:06','2020-11-12 11:08:06'),(16905,'Cox - The Draw of Dhaka [2009]',83,'',2,'','','2020-11-12 11:08:06','2020-11-12 11:08:06'),(16906,'Cox - The Evolving Urban Form - Beijing [2011]',83,'',2,'','','2020-11-12 11:08:06','2020-11-12 11:08:06'),(16907,'Cox - The Evolving Urban Form - Delhi [2011]',83,'',2,'','','2020-11-12 11:08:06','2020-11-12 11:08:06'),(16908,'Cox - Definition of Terms used in the Evolving Urban Form Series [nd]',83,'',2,'','','2020-11-12 11:08:06','2020-11-12 11:08:06'),(16909,'Cox - The Evolving Urban Form - Jakarta [2011]',83,'',2,'','','2020-11-12 11:08:06','2020-11-12 11:08:06'),(16910,'Cox - The Evolving Urban Form - Kolkata 50 Mile City [2012]',83,'',2,'','','2020-11-12 11:08:06','2020-11-12 11:08:06'),(16911,'Cox - The Evolving Urban Form - Mumbai [2011]',83,'',2,'','','2020-11-12 11:08:06','2020-11-12 11:08:06'),(16912,'Cox - The Evolving Urban Form - Quanzhou [2011]',83,'',2,'','','2020-11-12 11:08:06','2020-11-12 11:08:06'),(16913,'Cox - The Evolving Urban Form - Seoul [2011]',83,'',2,'','','2020-11-12 11:08:06','2020-11-12 11:08:06'),(16914,'Cox - The Evolving Urban Form - Shanghai [2011]',83,'',2,'','','2020-11-12 11:08:06','2020-11-12 11:08:06'),(16915,'Cox - The Evolving Urban Form [2011]',83,'',2,'','','2020-11-12 11:08:06','2020-11-12 11:08:06'),(16916,'CSDHA - Social Services in Major Cities',83,'',2,'','','2020-11-12 11:08:06','2020-11-12 11:08:06'),(16917,'CTBUH - Tall & Urban [2011]',83,'',2,'','','2020-11-12 11:08:06','2020-11-12 11:08:06'),(16918,'CTBUH - Tall Buildings in Numbers [2010]',83,'',2,'','','2020-11-12 11:08:06','2020-11-12 11:08:06'),(16919,'CTBUH - Tall Buildings in Numbers [2011]',83,'',2,'','','2020-11-12 11:08:06','2020-11-12 11:08:06'),(16920,'CTBUH - Tall Buildings in Numbers [2012]',83,'',2,'','','2020-11-12 11:08:06','2020-11-12 11:08:06'),(16921,'CTBUH - The Tallest Buildings in the World [2008]',83,'',2,'','','2020-11-12 11:08:06','2020-11-12 11:08:06'),(16922,'Dale & Newman - Sustainable Development for Some - Green Urban Development and Affordability [2009]',83,'',2,'','','2020-11-12 11:08:06','2020-11-12 11:08:06'),(16923,'Dapice et al - HCMCity - The Challenges of Growth [2009]',83,'',2,'','','2020-11-12 11:08:06','2020-11-12 11:08:06'),(16924,'Dick & Rimmer - The New Urban Geography of Southeast Asia',83,'',2,'','','2020-11-12 11:08:06','2020-11-12 11:08:06'),(16925,'DiGregorio - Facing the Urban Transition in Hanoi\'s Western Suburbs [2011]',83,'',2,'','','2020-11-12 11:08:06','2020-11-12 11:08:06'),(16926,'Douglass & Huang - Globalzing the City in SEA - Saigon [2007]',83,'',2,'','','2020-11-12 11:08:06','2020-11-12 11:08:06'),(16927,'DRAFT FINAL  STRATEGY GMS Urban Development TA 8042 as of 23 Oct 2012',83,'',2,'','','2020-11-12 11:08:06','2020-11-12 11:08:06'),(16928,'Drummond - Street Scenes - Practices of Public and Privat Space in Urban Vietnam [2000]',83,'',2,'','','2020-11-12 11:08:06','2020-11-12 11:08:06'),(16929,'DUD - A National Urban Development Policy Kenya [2008]',83,'',2,'','','2020-11-12 11:08:06','2020-11-12 11:08:06'),(16930,'Duranton - Cities Engines of Growth and Prosperity',83,'',2,'','','2020-11-12 11:08:06','2020-11-12 11:08:06'),(16931,'Duranton - From Cities to Productivity and Growth',83,'',2,'','','2020-11-12 11:08:06','2020-11-12 11:08:06'),(16932,'Endo - The Role of ADB in Urban Development',83,'',2,'','','2020-11-12 11:08:06','2020-11-12 11:08:06'),(16933,'Evers - The End of Urban Involution [2005]',83,'',2,'','','2020-11-12 11:08:06','2020-11-12 11:08:06'),(16934,'Feyzi et al - Socio-Cultural Impacts of Redevelopment of the Urban Coastal Areas in Mazandaran Iran [2011]',83,'',2,'','','2020-11-12 11:08:07','2020-11-12 11:08:07'),(16935,'Firman - Land Conversion and Urban Development in West Java [1997]',83,'',2,'','','2020-11-12 11:08:07','2020-11-12 11:08:07'),(16936,'Firman - Major Issues in Indonesia\'s Urban Land Development [2004]',83,'',2,'','','2020-11-12 11:08:07','2020-11-12 11:08:07'),(16937,'Firman - New Town Development in Jakarta Metropolitan Region [2004]',83,'',2,'','','2020-11-12 11:08:07','2020-11-12 11:08:07'),(16938,'Firman - The Restructuring of the Jakarta Metropolitan Area [1998]',83,'',2,'','','2020-11-12 11:08:07','2020-11-12 11:08:07'),(16939,'Firman - Urban Development in Indonesia 1990-2001 [2002]',83,'',2,'','','2020-11-12 11:08:07','2020-11-12 11:08:07'),(16940,'Firman - Urban Restructuring in the Jakarta Metropolitan Region [1994]',83,'',2,'','','2020-11-12 11:08:07','2020-11-12 11:08:07'),(16941,'Forbes India Magazine 20120802 - Gurgaon - How not to Build a City',83,'',2,'','','2020-11-12 11:08:07','2020-11-12 11:08:07'),(16942,'Freire & Stren - The Challenge of Urban Government [2001]',83,'',2,'','','2020-11-12 11:08:07','2020-11-12 11:08:07'),(16943,'Fujita - Asian Crisis Financial Systems and Urban Development [2000]',83,'',2,'','','2020-11-12 11:08:07','2020-11-12 11:08:07'),(16944,'Geller - Smart Growth - A Prescription for Livable Cities [2003]',83,'',2,'','','2020-11-12 11:08:07','2020-11-12 11:08:07'),(16945,'Genoway - The Provision of Urban Infrastructure in Nagoya during the 1990s [1999]',83,'',2,'','','2020-11-12 11:08:07','2020-11-12 11:08:07'),(16946,'Gilbert - Review WB Urban Portfolio',83,'',2,'','','2020-11-12 11:08:07','2020-11-12 11:08:07'),(16947,'Gnaneshwar - Basic Services Approach to Urban Development',83,'',2,'','','2020-11-12 11:08:07','2020-11-12 11:08:07'),(16948,'Guardian 20101228 - Overstretched Jakarta\'s Future as Indonesia\'s Capital is in Doubt',83,'',2,'','','2020-11-12 11:08:07','2020-11-12 11:08:07'),(16949,'Haila - Globalizing Asian Cties [2000]',83,'',2,'','','2020-11-12 11:08:07','2020-11-12 11:08:07'),(16950,'Hall - Urban Land, Housing, and Transport',83,'',2,'','','2020-11-12 11:08:07','2020-11-12 11:08:07'),(16951,'Han - Shanghai\'s Urban Transformation',83,'',2,'','','2020-11-12 11:08:07','2020-11-12 11:08:07'),(16952,'Han & He - Diminishing Farmland and Urban Development in China',83,'',2,'','','2020-11-12 11:08:07','2020-11-12 11:08:07'),(16953,'Han & Yan - China\'s Coastal Cities',83,'',2,'','','2020-11-12 11:08:07','2020-11-12 11:08:07'),(16954,'Hardoy & Satterthwaite - Small and Intermediate Urban Centres',83,'',2,'','','2020-11-12 11:08:07','2020-11-12 11:08:07'),(16955,'Harre-Rogers - Urban Studies in Cairo',83,'',2,'','','2020-11-12 11:08:07','2020-11-12 11:08:07'),(16956,'He & Wu - China\'s Emerging Neoliberal Urbanism [2009]',83,'',2,'','','2020-11-12 11:08:07','2020-11-12 11:08:07'),(16957,'Heberle & Opp - Local Sustainable Urban Development in a Globalized World [2008]',83,'',2,'','','2020-11-12 11:08:07','2020-11-12 11:08:07'),(16958,'Heitzman - Middle Towns to Middle Cities in South Asia',83,'',2,'','','2020-11-12 11:08:07','2020-11-12 11:08:07'),(16959,'Ho - Competing to be Regional Centres [2000]',83,'',2,'','','2020-11-12 11:08:07','2020-11-12 11:08:07'),(16960,'Ho & Shibayama - Studies on Hanoi Urban Transition [2009]',83,'',2,'','','2020-11-12 11:08:07','2020-11-12 11:08:07'),(16961,'Hui - Interface Problems Arising from Redevelopment of Old Industrial Areas in Hong Kong [1995]',83,'',2,'','','2020-11-12 11:08:07','2020-11-12 11:08:07'),(16962,'Imrie & Thomas - British Urban Policy - An Evaluation of the Urban Development Corporations [1999]',83,'',2,'','','2020-11-12 11:08:07','2020-11-12 11:08:07'),(16963,'ISED - Urban China',83,'',2,'','','2020-11-12 11:08:07','2020-11-12 11:08:07'),(16964,'ISED - Urban India',83,'',2,'','','2020-11-12 11:08:07','2020-11-12 11:08:07'),(16965,'Jain - Delhi A Roadmap to the Future',83,'',2,'','','2020-11-12 11:08:07','2020-11-12 11:08:07'),(16966,'JBIC - Urban Development and Housing Sector in Vietnam [1999]',83,'',2,'','','2020-11-12 11:08:07','2020-11-12 11:08:07'),(16967,'Jones - Extended Metropolitan Regions in SEA',83,'',2,'','','2020-11-12 11:08:07','2020-11-12 11:08:07'),(16968,'Kammeier - Perspectives of Urban Development in Asia and China\'s Urban Transformation [2011]',83,'',2,'','','2020-11-12 11:08:07','2020-11-12 11:08:07'),(16969,'Kaothien & Webster - Public-Private Cooperation in Urban Development',83,'',2,'','','2020-11-12 11:08:07','2020-11-12 11:08:07'),(16970,'Kawashima et al - Inner-City Concentration and Deconcentration in Australia Indonesia Japan Sweden and USA [1994]',83,'',2,'','','2020-11-12 11:08:07','2020-11-12 11:08:07'),(16971,'Kazakova - Urban Challenges in North and Central Asia [2011]',83,'',2,'','','2020-11-12 11:08:07','2020-11-12 11:08:07'),(16972,'Kirkpatrick & Smith - The Infrastructural Limits to Growth in California [2011]',83,'',2,'','','2020-11-12 11:08:07','2020-11-12 11:08:07'),(16973,'Kitano - Recent Studies on Urban Sector Issues in Vietnam [2000]',83,'',2,'','','2020-11-12 11:08:07','2020-11-12 11:08:07'),(16974,'Kong - Cultural Icons and Urban Development in Asia',83,'',2,'','','2020-11-12 11:08:07','2020-11-12 11:08:07'),(16975,'Kotkin - Is Suburbia Doomed - Not so Fast [2011]',83,'',2,'','','2020-11-12 11:08:07','2020-11-12 11:08:07'),(16976,'Kriefer - Urban Revival for a Suburban Culture',83,'',2,'','','2020-11-12 11:08:07','2020-11-12 11:08:07'),(16977,'Kundu - Institutional Innovations for Urban Infrastructural Development - The Indian Scenario [nd]',83,'',2,'','','2020-11-12 11:08:07','2020-11-12 11:08:07'),(16978,'Labbe - Facing the Urban Transition in Hanoi [2010]',83,'',2,'','','2020-11-12 11:08:07','2020-11-12 11:08:07'),(16979,'Labbe & Boudreau - Understanding the Causes of Urban Fragmentation in Hanoi [2011]',83,'',2,'','','2020-11-12 11:08:07','2020-11-12 11:08:07'),(16980,'Law et al - Urban Renewal Policies in Asian Cities [2009]',83,'',2,'','','2020-11-12 11:08:07','2020-11-12 11:08:07'),(16981,'Leaf - Globalization and Peri-Urban Change in China and Vietnam',83,'',2,'','','2020-11-12 11:08:07','2020-11-12 11:08:07'),(16982,'Leaf - Inner-City Redevelopment in Beijing',83,'',2,'','','2020-11-12 11:08:07','2020-11-12 11:08:07'),(16983,'Lee et al - Costs of Infrastructure Deficiences in Thai Cities',83,'',2,'','','2020-11-12 11:08:07','2020-11-12 11:08:07'),(16984,'Lim - An Alternative Urban Strategy',83,'',2,'','','2020-11-12 11:08:07','2020-11-12 11:08:07'),(16985,'Lim - Challenges to Asian Cities',83,'',2,'','','2020-11-12 11:08:07','2020-11-12 11:08:07'),(16986,'Lim et al - RetailA ctivity in Malaysia - From Shophouse to Hypermarket [2003]',83,'',2,'','','2020-11-12 11:08:07','2020-11-12 11:08:07'),(16987,'Lindsay & Kasarda - At Home in the Aerotropolis [2011]',83,'',2,'','','2020-11-12 11:08:07','2020-11-12 11:08:07'),(16988,'Liu - Commitment to a Balanced Urban Growth - Singapore [1994]',83,'',2,'','','2020-11-12 11:08:07','2020-11-12 11:08:07'),(16989,'Mahadevia - Sustainable Urban Development in India',83,'',2,'','','2020-11-12 11:08:07','2020-11-12 11:08:07'),(16990,'Mahadevia & Joshi - Subversive Urban Development in India - Implications on Planning Education [2009]',83,'',2,'','','2020-11-12 11:08:07','2020-11-12 11:08:07'),(16991,'Maharashtra State Level Background Paper',83,'',2,'','','2020-11-12 11:08:07','2020-11-12 11:08:07'),(16992,'Malpezzi - Housing & Urban Development Indicators',83,'',2,'','','2020-11-12 11:08:07','2020-11-12 11:08:07'),(16993,'Malpezzi - The Regulation of Urban Development',83,'',2,'','','2020-11-12 11:08:07','2020-11-12 11:08:07'),(16994,'Malpezzi et al - Real Estates Finance and Urban Development in Developing and Transition Economies [2004]',83,'',2,'','','2020-11-12 11:08:07','2020-11-12 11:08:07'),(16995,'Marcotullio - Globalization and Asia-Pacific Cities',83,'',2,'','','2020-11-12 11:08:07','2020-11-12 11:08:07'),(16996,'McAuslan - Law and Urban Development',83,'',2,'','','2020-11-12 11:08:07','2020-11-12 11:08:07'),(16997,'McGee - From Urban involution to Proletarian Transformation',83,'',2,'','','2020-11-12 11:08:07','2020-11-12 11:08:07'),(16998,'Mehta & Mehta - Urban Development (1990s to 2010) [2010]',83,'',2,'','','2020-11-12 11:08:07','2020-11-12 11:08:07'),(16999,'Meijers - Synergy in Polycentric Urban Regions [2007]',83,'',2,'','','2020-11-12 11:08:07','2020-11-12 11:08:07'),(17000,'Mengers - The Role of Local Government in Urban Development',83,'',2,'','','2020-11-12 11:08:07','2020-11-12 11:08:07'),(17001,'Miao - Three Problems in Chinese Urban Public Space since the 1980s [2011]',83,'',2,'','','2020-11-12 11:08:07','2020-11-12 11:08:07'),(17002,'Miller & Bunnell - Post Disaster Urban Renewal in Indonesia [2011]',83,'',2,'','','2020-11-12 11:08:07','2020-11-12 11:08:07'),(17003,'Miller et al - Interventions in the Political Geography of Asia\'s Transborder Urban Networks [2012]',83,'',2,'','','2020-11-12 11:08:07','2020-11-12 11:08:07'),(17004,'Mohan - Housing and Urban Development',83,'',2,'','','2020-11-12 11:08:07','2020-11-12 11:08:07'),(17005,'Myanmar Times 20120528 - Experts to Discuss Future of Yangon Cityscape',83,'',2,'','','2020-11-12 11:08:07','2020-11-12 11:08:07'),(17006,'Nas & Pratiwo - The Streets of Jakarta - Fear Trust and Amnesia in Urban Development [nd]',83,'',2,'','','2020-11-12 11:08:07','2020-11-12 11:08:07'),(17007,'National Urban Development Strategy for Vietnam 1996-2020',83,'',2,'','','2020-11-12 11:08:07','2020-11-12 11:08:07'),(17008,'NEF - How Government Regeneration Targets Fail in Deprived Areas [nd]',83,'',2,'','','2020-11-12 11:08:07','2020-11-12 11:08:07'),(17009,'New Geography 20120215 - Why Downtowns Fail and How They Can Come Back',83,'',2,'','','2020-11-12 11:08:07','2020-11-12 11:08:07'),(17010,'New Geography 20120222 - The Evolving Urban Form',83,'',2,'','','2020-11-12 11:08:07','2020-11-12 11:08:07'),(17011,'New Geography 20120307 - On Jane Jacobs - Generating and Preserving Diversity',83,'',2,'','','2020-11-12 11:08:07','2020-11-12 11:08:07'),(17012,'New Geography 20120318 - The Use and Misuse of Glaser\'s Triumph of the City',83,'',2,'','','2020-11-12 11:08:07','2020-11-12 11:08:07'),(17013,'New Geography 20120322 - The Evolving Urban Form - Ho Chi Minh City',83,'',2,'','','2020-11-12 11:08:07','2020-11-12 11:08:07'),(17014,'New Geography 20120328 - The Evolving Urban Form - Osaka-Kobe_kyoto',83,'',2,'','','2020-11-12 11:08:07','2020-11-12 11:08:07'),(17015,'New Geography 20120401 - Gary Hustwit\'s Urbanized Re-lighting Debate on Cities',83,'',2,'','','2020-11-12 11:08:07','2020-11-12 11:08:07'),(17016,'New Geography 20120404 - Smart Growth and the New Speak',83,'',2,'','','2020-11-12 11:08:07','2020-11-12 11:08:07'),(17017,'New Geography 20120405 - Smart Growth - The Maryland Example',83,'',2,'','','2020-11-12 11:08:07','2020-11-12 11:08:07'),(17018,'New Geography 20120412 - Alternative Growth Path for Sydney',83,'',2,'','','2020-11-12 11:08:07','2020-11-12 11:08:07'),(17019,'New Geography 20120525 - The Evolving Urban Form - Shenzhen',83,'',2,'','','2020-11-12 11:08:07','2020-11-12 11:08:07'),(17020,'New Geography 20120613 - The Evolving Urban Form - Cairo',83,'',2,'','','2020-11-12 11:08:07','2020-11-12 11:08:07'),(17021,'New Geography 20120620 - The Evolving Urban Form - Tokyo',83,'',2,'','','2020-11-12 11:08:07','2020-11-12 11:08:07'),(17022,'New Geography 20120622 - Will Servants\' Quarters Come Back Too',83,'',2,'','','2020-11-12 11:08:07','2020-11-12 11:08:07'),(17023,'New Geography 20120628 - Questioning the Messianic Conception of Smart Growth',83,'',2,'','','2020-11-12 11:08:07','2020-11-12 11:08:07'),(17024,'New Geography 20120629 - Gentrification',83,'',2,'','','2020-11-12 11:08:07','2020-11-12 11:08:07'),(17025,'New Geography 20120718 - Housing Affordability Protests Occuring in Liveable hong Kong not Sprawling Atlanta',83,'',2,'','','2020-11-12 11:08:07','2020-11-12 11:08:07'),(17026,'New Geography 20120723 - The Evolving Urban Form - London',83,'',2,'','','2020-11-12 11:08:07','2020-11-12 11:08:07'),(17027,'New Geography 20130112 - The Evolving Urban Form - Kuala Lumpur',83,'',2,'','','2020-11-12 11:08:07','2020-11-12 11:08:07'),(17028,'New Geography 20130418 - The Evolving Form - Nanjing',83,'',2,'','','2020-11-12 11:08:07','2020-11-12 11:08:07'),(17029,'NewGeography 20120201 - The Evolving Urban Form - Guangzhou-Foshan',83,'',2,'','','2020-11-12 11:08:07','2020-11-12 11:08:07'),(17030,'NewGeography 20120308 - The Evolving Urban Form - Hong Kong',83,'',2,'','','2020-11-12 11:08:07','2020-11-12 11:08:07'),(17031,'NewGeography 20120423 - The Inversion and the Future of the American City',83,'',2,'','','2020-11-12 11:08:07','2020-11-12 11:08:07'),(17032,'Nguyen - Battleground Saigon South [2008]',83,'',2,'','','2020-11-12 11:08:07','2020-11-12 11:08:07'),(17033,'Nguyen - Planning for an Urban Network of Vietnam [1994]',83,'',2,'','','2020-11-12 11:08:07','2020-11-12 11:08:07'),(17034,'Nguyen - The Use of Non-Governmental Help in the Politiics of Long Term Urban Development in Hanoi and Ho Chi Minh city [1999]',83,'',2,'','','2020-11-12 11:08:07','2020-11-12 11:08:07'),(17035,'Nguyen - The Use of Non-Governmental Help in the Politiics of Long-Term urban Development in Hanoi and Ho Chi Minh City [1999]',83,'',2,'','','2020-11-12 11:08:07','2020-11-12 11:08:07'),(17036,'Nguyen & Kammeier - Built Environment in Hanoi',83,'',2,'','','2020-11-12 11:08:07','2020-11-12 11:08:07'),(17037,'NUDF Steering Committee - National Urban Development Framework [nd]',83,'',2,'','','2020-11-12 11:08:07','2020-11-12 11:08:07'),(17038,'NYT 20101128 - For City Dwellers A Taste of the Orderly Life',83,'',2,'','','2020-11-12 11:08:07','2020-11-12 11:08:07'),(17039,'NYT 20101229 - New Look for Mecca - Gargantuan and Gaudy',83,'',2,'','','2020-11-12 11:08:07','2020-11-12 11:08:07'),(17040,'NYT 20110728 - Will the Olympics Save East London',83,'',2,'','','2020-11-12 11:08:07','2020-11-12 11:08:07'),(17041,'NYT 20111015 - Wall Street Protest Shows Power of Place',83,'',2,'','','2020-11-12 11:08:07','2020-11-12 11:08:07'),(17042,'NYT 20111125 - The Death of the Fringe Suburb',83,'',2,'','','2020-11-12 11:08:07','2020-11-12 11:08:07'),(17043,'NYT 20111202 - Alexander Garvin Looks at Public Spaces in New York',83,'',2,'','','2020-11-12 11:08:07','2020-11-12 11:08:07'),(17044,'NYT 20111220 - Real Estate Firms Learn to Do Business in China',83,'',2,'','','2020-11-12 11:08:07','2020-11-12 11:08:07'),(17045,'NYT 20120205 - Making Over the Mall With Parks and Sermons',83,'',2,'','','2020-11-12 11:08:07','2020-11-12 11:08:07'),(17046,'NYT 20120316 - Architects in China Building the American Dream',83,'',2,'','','2020-11-12 11:08:07','2020-11-12 11:08:07'),(17047,'NYT 20120329 - Luxury Towers Transform the Mumbai Skyline',83,'',2,'','','2020-11-12 11:08:07','2020-11-12 11:08:07'),(17048,'NYT 20120421 - Georgia Envisions Instant City on Swampy Site',83,'',2,'','','2020-11-12 11:08:07','2020-11-12 11:08:07'),(17049,'NYT 20120514 - Frank Gehry’s Bid for Hong Kong Renters',83,'',2,'','','2020-11-12 11:08:07','2020-11-12 11:08:07'),(17050,'NYT 20120528 - 7-Eleven Finds a Niche by Adapting to Indonesian Ways',83,'',2,'','','2020-11-12 11:08:07','2020-11-12 11:08:07'),(17051,'NYT 20120720 - Destroying Istanbul',83,'',2,'','','2020-11-12 11:08:07','2020-11-12 11:08:07'),(17052,'NYT 20120725 - Retailers Expand into Cities by Opening Smaller Stores',83,'',2,'','','2020-11-12 11:08:07','2020-11-12 11:08:07'),(17053,'NYT 20121016 - Crowded Mumbai Cherishes Oases of Open Space',83,'',2,'','','2020-11-12 11:08:07','2020-11-12 11:08:07'),(17054,'NYT 20121025 - Even for the Dead a Struggle to Find Space in Hong Kong',83,'',2,'','','2020-11-12 11:08:07','2020-11-12 11:08:07'),(17055,'NYT 20121106 - Architecture in China - Big, Bold and Shoddy',83,'',2,'','','2020-11-12 11:08:07','2020-11-12 11:08:07'),(17056,'NYT 20121119 - Financial District Project in China Has Local Support',83,'',2,'','','2020-11-12 11:08:07','2020-11-12 11:08:07'),(17057,'Obeng - Transforming Third World Cities',83,'',2,'','','2020-11-12 11:08:07','2020-11-12 11:08:07'),(17058,'Pakkasem - The Impact of Globalization on Urban Development in ASEAN',83,'',2,'','','2020-11-12 11:08:07','2020-11-12 11:08:07'),(17059,'Pham & Le - Vietnam National Urban Development Strategy to Year 2005  [1994]',83,'',2,'','','2020-11-12 11:08:07','2020-11-12 11:08:07'),(17060,'Prarsuraman - Uncovering the Myth of Urban Development in Mumbai [2007]',83,'',2,'','','2020-11-12 11:08:07','2020-11-12 11:08:07'),(17061,'Prud\'homme & Lee - Size Sprawl Speed and the Efficiency of Cities [1999]',83,'',2,'','','2020-11-12 11:08:07','2020-11-12 11:08:07'),(17062,'Qadeer - An Assessment of Pakistan\'s Urban Policies 1947-1997 [1996]',83,'',2,'','','2020-11-12 11:08:07','2020-11-12 11:08:07'),(17063,'Register - Let’s Build Cities for People (not Cars) [2011]',83,'',2,'','','2020-11-12 11:08:07','2020-11-12 11:08:07'),(17064,'Renaud - Changes in Advanced Economies and Their Impact on Cities',83,'',2,'','','2020-11-12 11:08:07','2020-11-12 11:08:07'),(17065,'Renaud - Urban Development Policies in Developing Countries',83,'',2,'','','2020-11-12 11:08:07','2020-11-12 11:08:07'),(17066,'Revi - The Urban Engine [2012]',83,'',2,'','','2020-11-12 11:08:07','2020-11-12 11:08:07'),(17067,'Robinson - The Rise of the ASEAN Mega-Urban Regions',83,'',2,'','','2020-11-12 11:08:07','2020-11-12 11:08:07'),(17068,'Rondinelli - Asian Urban Development Policies in the 1990s [1991]',83,'',2,'','','2020-11-12 11:08:07','2020-11-12 11:08:07'),(17069,'Royat - Impact of Globalization on East Asian City System',83,'',2,'','','2020-11-12 11:08:07','2020-11-12 11:08:07'),(17070,'Sasaki - Osaka\'s Urban Development Strategy [1994]',83,'',2,'','','2020-11-12 11:08:07','2020-11-12 11:08:07'),(17071,'Schneider et al - Urban Dynamics in Chengdu [2003]',83,'',2,'','','2020-11-12 11:08:07','2020-11-12 11:08:07'),(17072,'Sentosa - Genius Loci within Balinese Dwelling Environments [2001]',83,'',2,'','','2020-11-12 11:08:07','2020-11-12 11:08:07'),(17073,'Shamsuddin & Ujang - The Sense of Place for Traditional Streets in Malaysia [2008]',83,'',2,'','','2020-11-12 11:08:07','2020-11-12 11:08:07'),(17074,'Shaw & Satish - Metropolitan Restructuring in India [2007]',83,'',2,'','','2020-11-12 11:08:07','2020-11-12 11:08:07'),(17075,'Shin - Property-Based Redevelopment and Gentrification in Seoul [2009]',83,'',2,'','','2020-11-12 11:08:07','2020-11-12 11:08:07'),(17076,'Shin & Timberlake - World Cities in Asia [2000]',83,'',2,'','','2020-11-12 11:08:07','2020-11-12 11:08:07'),(17077,'Shresthra - Street Typology in Kathmandu and Street Transformation [2011]',83,'',2,'','','2020-11-12 11:08:07','2020-11-12 11:08:07'),(17078,'Simone & Rao - Securing the Majority - Living through Uncertainty in Jakarta [2011]',83,'',2,'','','2020-11-12 11:08:07','2020-11-12 11:08:07'),(17079,'Strogatz - Math and the City',83,'',2,'','','2020-11-12 11:08:07','2020-11-12 11:08:07'),(17080,'Sudjic - New Landmarks fo rthe Modern City [1994]',83,'',2,'','','2020-11-12 11:08:07','2020-11-12 11:08:07'),(17081,'Sudjic - New Landmarks for the Modern City [1994]',83,'',2,'','','2020-11-12 11:08:07','2020-11-12 11:08:07'),(17082,'Surborg - Advanced Services and the New Economy and the Built Environment in Hanoi [2006]',83,'',2,'','','2020-11-12 11:08:07','2020-11-12 11:08:07'),(17083,'Task Force Report on Urban Development in Pakistan [2011]',83,'',2,'','','2020-11-12 11:08:07','2020-11-12 11:08:07'),(17084,'Terzi & Kaya - Analyzing Urban Sprawl Patterns in Istanbul [2008]',83,'',2,'','','2020-11-12 11:08:07','2020-11-12 11:08:07'),(17085,'The Atlantic 20110210 - Is This Beijing\'s Suburban Future',83,'',2,'','','2020-11-12 11:08:07','2020-11-12 11:08:07'),(17086,'Thompson - The Natioanl System of Cities as an Object of Public Policy [nd]',83,'',2,'','','2020-11-12 11:08:07','2020-11-12 11:08:07'),(17087,'Tiglao & Tsutsumi - Modeling Households and Location Choices in Metro Manila [2005]',83,'',2,'','','2020-11-12 11:08:07','2020-11-12 11:08:07'),(17088,'Townsend - Human Settlements - Now and the Future [1988]',83,'',2,'','','2020-11-12 11:08:07','2020-11-12 11:08:07'),(17089,'Urban Development in Delhi',83,'',2,'','','2020-11-12 11:08:07','2020-11-12 11:08:07'),(17090,'USAID - Urban Development including Housing References [1970]',83,'',2,'','','2020-11-12 11:08:07','2020-11-12 11:08:07'),(17091,'UTF - Towards an Urban Renaissance [1999]',83,'',2,'','','2020-11-12 11:08:07','2020-11-12 11:08:07'),(17092,'Van Kempen - Divided Cities [2007]',83,'',2,'','','2020-11-12 11:08:07','2020-11-12 11:08:07'),(17093,'Vedula - Blueprint and reality - Navi Mumbai, the city of the 21st century',83,'',2,'','','2020-11-12 11:08:07','2020-11-12 11:08:07'),(17094,'Wamae - National Urban Development Policy Part [2010]',83,'',2,'','','2020-11-12 11:08:07','2020-11-12 11:08:07'),(17095,'Wamae - National Urban Development Policy Part 1 [2011]',83,'',2,'','','2020-11-12 11:08:07','2020-11-12 11:08:07'),(17096,'Webster - The Nature of the Neighbourhood [2003]',83,'',2,'','','2020-11-12 11:08:07','2020-11-12 11:08:07'),(17097,'Wegelin - IUIDP in a Comparative International Context [1998]',83,'',2,'','','2020-11-12 11:08:07','2020-11-12 11:08:07'),(17098,'Wessner - Clustering for the 21st Century [2012]',83,'',2,'','','2020-11-12 11:08:07','2020-11-12 11:08:07'),(17099,'Westendorff - Sustainable Cities of the South',83,'',2,'','','2020-11-12 11:08:07','2020-11-12 11:08:07'),(17100,'Wilkinson - Urban Challenges in the Pacific [2011]',83,'',2,'','','2020-11-12 11:08:07','2020-11-12 11:08:07'),(17101,'Wong & Han - China\'s Market Economy and Urban Development',83,'',2,'','','2020-11-12 11:08:07','2020-11-12 11:08:07'),(17102,'World Bank - Cities in Transition [2000]',83,'',2,'','','2020-11-12 11:08:07','2020-11-12 11:08:07'),(17103,'World Bank - Planning Connecting and Financing Cities Now [2012]',83,'',2,'','','2020-11-12 11:08:07','2020-11-12 11:08:07'),(17104,'World Bank - Social Analysis in the Urban Sector',83,'',2,'','','2020-11-12 11:08:07','2020-11-12 11:08:07'),(17105,'World Bank - Sustainable Development in East Asia\'s Urban Fringe [2007]',83,'',2,'','','2020-11-12 11:08:07','2020-11-12 11:08:07'),(17106,'World Bank - Urban Development Trends and Challenges',83,'',2,'','','2020-11-12 11:08:07','2020-11-12 11:08:07'),(17107,'World Bank - Urban Policy and Economic Development',83,'',2,'','','2020-11-12 11:08:07','2020-11-12 11:08:07'),(17108,'World Bank - Urban Sector Review in an Era of Decentralization in Indonesia [2003]',83,'',2,'','','2020-11-12 11:08:07','2020-11-12 11:08:07'),(17109,'WRI - Human Settlements 1988-89 [1989]',83,'',2,'','','2020-11-12 11:08:07','2020-11-12 11:08:07'),(17110,'Wu - China\'s Urbanism in the Making [2011]',83,'',2,'','','2020-11-12 11:08:07','2020-11-12 11:08:07'),(17111,'Wu - Real Estate and the Transformation of Urban Space in Shanghai [2002]',83,'',2,'','','2020-11-12 11:08:07','2020-11-12 11:08:07'),(17112,'Yeo & Neo - Human - Animal Conflicts in Urban Singapore [2010]',83,'',2,'','','2020-11-12 11:08:07','2020-11-12 11:08:07'),(17113,'Yeung - The Urban Condition in Vietnam [1993]',83,'',2,'','','2020-11-12 11:08:07','2020-11-12 11:08:07'),(17114,'Yusuf & Nabeshima - Contrasting Development Paths for Beijing and Shanghai [2011]',83,'',2,'','','2020-11-12 11:08:07','2020-11-12 11:08:07'),(17115,'Yusuf & Nabeshima - Optimizing Urban Development in China',83,'',2,'','','2020-11-12 11:08:07','2020-11-12 11:08:07'),(17116,'Zanetta - The Evolution of the World Bank\'s Urban Lending in Latn America [2001]',83,'',2,'','','2020-11-12 11:08:07','2020-11-12 11:08:07'),(17117,'Zheng & Kahn - Does Government Investment in Local Public Goods Spur Gentrification in Beijing [2011]',83,'',2,'','','2020-11-12 11:08:07','2020-11-12 11:08:07'),(17118,'Zhu - Development of Sustainable Urban Forms for High-Density Low-Income Asian Countries - Vietnam [2011]',83,'',2,'','','2020-11-12 11:08:07','2020-11-12 11:08:07'),(17119,'Zhu & Sim - Instituitional Analysis on Urban Development in Southeast Asian Cities [2002]',83,'',2,'','','2020-11-12 11:08:07','2020-11-12 11:08:07'),(17120,'Zou - The Open-Door Policy and Urban Development in China [1994]',83,'',2,'','','2020-11-12 11:08:07','2020-11-12 11:08:07'),(17121,'Alm - Municipal Finance of Urban Infrastructure [2010]',84,'',2,'','','2020-11-12 11:08:07','2020-11-12 11:08:07'),(17122,'Alm - Municipal Finance of Urban Infrastructure [2011]',84,'',2,'','','2020-11-12 11:08:07','2020-11-12 11:08:07'),(17123,'BBC News 20111021 - China Allows Local Government Bond Sales to Repay Debt',84,'',2,'','','2020-11-12 11:08:07','2020-11-12 11:08:07'),(17124,'BBC News 20120104 - China Finds USD84bn Local Government Debt Irregularities',84,'',2,'','','2020-11-12 11:08:07','2020-11-12 11:08:07'),(17125,'Bloomberg 20110602 - China’s Local-Government Debt Risks Needs Attention Central Bank Says',84,'',2,'','','2020-11-12 11:08:07','2020-11-12 11:08:07'),(17126,'Bloomberg 20120104 - China Municipalities Clear Up Almost Half of Irregular Debt',84,'',2,'','','2020-11-12 11:08:07','2020-11-12 11:08:07'),(17127,'Bloomberg 20120627 - China Local Government Finances Are Unsustainable',84,'',2,'','','2020-11-12 11:08:07','2020-11-12 11:08:07'),(17128,'Bloomberg 20130407 - China Local Debt May Top Estimates',84,'',2,'','','2020-11-12 11:08:07','2020-11-12 11:08:07'),(17129,'Capital Budgeting',84,'',2,'','','2020-11-12 11:08:07','2020-11-12 11:08:07'),(17130,'de Mello - Local Government Finance [2007]',84,'',2,'','','2020-11-12 11:08:07','2020-11-12 11:08:07'),(17131,'Devasahayam & Dattatri - Financing Urban Development - The Chandigrah Maraimalainagar Experience [nd]',84,'',2,'','','2020-11-12 11:08:07','2020-11-12 11:08:07'),(17132,'Dillinger & Yusuf - Financing Cities',84,'',2,'','','2020-11-12 11:08:07','2020-11-12 11:08:07'),(17133,'EIU 201210 - Provincial Dreaming - China\'s Local Stimulus Plans',84,'',2,'','','2020-11-12 11:08:07','2020-11-12 11:08:07'),(17134,'ESCAP - Financing Urban Infrastructure and Services [1993]',84,'',2,'','','2020-11-12 11:08:07','2020-11-12 11:08:07'),(17135,'FT 20111020 - China - Let a Hundred Muni Bonds Bloom',84,'',2,'','','2020-11-12 11:08:07','2020-11-12 11:08:07'),(17136,'Henderson - Why Municipal Bonds [1997]',84,'',2,'','','2020-11-12 11:08:07','2020-11-12 11:08:07'),(17137,'Hoene & Pagano - City Fiscal Conditions in US in 2011 [2011]',84,'',2,'','','2020-11-12 11:08:07','2020-11-12 11:08:07'),(17138,'Honohan - Finance for Urban Centres in China',84,'',2,'','','2020-11-12 11:08:07','2020-11-12 11:08:07'),(17139,'ISED - Financing City Infrastructure',84,'',2,'','','2020-11-12 11:08:07','2020-11-12 11:08:07'),(17140,'Issuing Municipal Bonds',84,'',2,'','','2020-11-12 11:08:07','2020-11-12 11:08:07'),(17141,'Kim - Urban Finances in Selected Asian Countries [1992]',84,'',2,'','','2020-11-12 11:08:07','2020-11-12 11:08:07'),(17142,'Kundu - Infrastructure Financing and Governance in Cities of Asia and the Pacific [2011]',84,'',2,'','','2020-11-12 11:08:07','2020-11-12 11:08:07'),(17143,'Leigland - Municipal Bond Market Development in Emerging Economies [1997]',84,'',2,'','','2020-11-12 11:08:07','2020-11-12 11:08:07'),(17144,'Leigland et al - Infrastructure Finance and Market-Based Financing Options [nd]',84,'',2,'','','2020-11-12 11:08:07','2020-11-12 11:08:07'),(17145,'Llanto - Financing Local Infrastructure through a Municipal Development Fund [nd]',84,'',2,'','','2020-11-12 11:08:07','2020-11-12 11:08:07'),(17146,'Lohani - Financing the City The Urban Century in Asia [2005]',84,'',2,'','','2020-11-12 11:08:07','2020-11-12 11:08:07'),(17147,'Mathur - The Challenges of City Finances [2004]',84,'',2,'','','2020-11-12 11:08:07','2020-11-12 11:08:07'),(17148,'Mathur & Ray - Financing Municipal Services [nd]',84,'',2,'','','2020-11-12 11:08:07','2020-11-12 11:08:07'),(17149,'Mathur & Thakur - Urban Water Pricing [2003]',84,'',2,'','','2020-11-12 11:08:07','2020-11-12 11:08:07'),(17150,'Mehta & Satyanarayana - Pricing and Cost Recovery for Urban Services [1996]',84,'',2,'','','2020-11-12 11:08:07','2020-11-12 11:08:07'),(17151,'NYT 20110606 - China\'s Debt Is Serious but Not Devastating',84,'',2,'','','2020-11-12 11:08:07','2020-11-12 11:08:07'),(17152,'NYT 20110627 - China’s Auditor Warns of Risks From Local Debt',84,'',2,'','','2020-11-12 11:08:07','2020-11-12 11:08:07'),(17153,'NYT 20110705 - Moody’s Sees Much Bigger Local Debt in China',84,'',2,'','','2020-11-12 11:08:07','2020-11-12 11:08:07'),(17154,'NYT 20110706 - China Needs More Public Works',84,'',2,'','','2020-11-12 11:08:07','2020-11-12 11:08:07'),(17155,'NYT 20110706 - China’s Cities Digging Up Mountains of Debt',84,'',2,'','','2020-11-12 11:08:07','2020-11-12 11:08:07'),(17156,'NYT 20110706 - China\'s Debt Is a Time Bomb',84,'',2,'','','2020-11-12 11:08:07','2020-11-12 11:08:07'),(17157,'NYT 20110706 - China\'s Political Addiction to Public Works Subsidies',84,'',2,'','','2020-11-12 11:08:07','2020-11-12 11:08:07'),(17158,'NYT 20110706 - China\'s Reliance on Investment-Driven Growth',84,'',2,'','','2020-11-12 11:08:07','2020-11-12 11:08:07'),(17159,'NYT 20110706 - Pumping Up China\'s GDP',84,'',2,'','','2020-11-12 11:08:07','2020-11-12 11:08:07'),(17160,'NYT 20110921 - More Stimulus May Not Be an Option for China',84,'',2,'','','2020-11-12 11:08:07','2020-11-12 11:08:07'),(17161,'NYT 20120310 - Deficits Push Municipalities to Desperation',84,'',2,'','','2020-11-12 11:08:07','2020-11-12 11:08:07'),(17162,'NYT 20120504 - Tighter Rules Are Issued on Municipal Bond Deals',84,'',2,'','','2020-11-12 11:08:07','2020-11-12 11:08:07'),(17163,'NYT 20120611 - North Dakota Voters Consider Ending Property Tax',84,'',2,'','','2020-11-12 11:08:07','2020-11-12 11:08:07'),(17164,'NYT 20120625 - Surprised Taxpayers Are Paying for Bonds They Did Not Vote On',84,'',2,'','','2020-11-12 11:08:07','2020-11-12 11:08:07'),(17165,'NYT 20120718 - In Stockton Calif Years of Unraveling Then Bankruptcy',84,'',2,'','','2020-11-12 11:08:07','2020-11-12 11:08:07'),(17166,'NYT 20121006 - Municipal Bond Market Mired in Its Past',84,'',2,'','','2020-11-12 11:08:07','2020-11-12 11:08:07'),(17167,'NYT 20130604 - Jefferson County Reaches Bankruptcy Deal',84,'',2,'','','2020-11-12 11:08:07','2020-11-12 11:08:07'),(17168,'Pangestu - Mobilizing Financial Resources for Urban Infrastructure in Bumi Serpong Damai [nd]',84,'',2,'','','2020-11-12 11:08:07','2020-11-12 11:08:07'),(17169,'Prud\'homme - Financing Urban Public Services [1987]',84,'',2,'','','2020-11-12 11:08:07','2020-11-12 11:08:07'),(17170,'Ravindra - Cauvery Water Supply Project for Bangalore [nd]',84,'',2,'','','2020-11-12 11:08:07','2020-11-12 11:08:07'),(17171,'Reuters 20110531 - China to Clean Up Billions in Local Government Debt',84,'',2,'','','2020-11-12 11:08:07','2020-11-12 11:08:07'),(17172,'Reuters 20110720 - Local Govt Debt Alarm may Delay China Muni Bonds',84,'',2,'','','2020-11-12 11:08:07','2020-11-12 11:08:07'),(17173,'Reuters 20110727 - Chengxin Puts Yunan Local Govt Bonds on Credit Watch',84,'',2,'','','2020-11-12 11:08:07','2020-11-12 11:08:07'),(17174,'Reuters 20110727 - China Ratings Agency Puts Local Financing Vehicles on Credt Watch',84,'',2,'','','2020-11-12 11:08:07','2020-11-12 11:08:07'),(17175,'Reuters 20111219 - Wukan Protest Rooted in Finance not Freedoms',84,'',2,'','','2020-11-12 11:08:07','2020-11-12 11:08:07'),(17176,'Reuters 20120502 - Chongqing Looks to Sell Distressed Assets',84,'',2,'','','2020-11-12 11:08:07','2020-11-12 11:08:07'),(17177,'SBCTF - Report of the State Budget Crisis Task Force [2012]',84,'',2,'','','2020-11-12 11:08:07','2020-11-12 11:08:07'),(17178,'Shih - Looming Problem of Local Debt in China [2010]',84,'',2,'','','2020-11-12 11:08:07','2020-11-12 11:08:07'),(17179,'Song et al - Foshan City Gains Rapid Development in Urban Infrastructure Construction and Management [nd]',84,'',2,'','','2020-11-12 11:08:07','2020-11-12 11:08:07'),(17180,'Sosmena - Municipal Finance in the Philippines [1994]',84,'',2,'','','2020-11-12 11:08:07','2020-11-12 11:08:07'),(17181,'Tang et al - Institutions Property Taxation and Local Government Finance in China [2011]',84,'',2,'','','2020-11-12 11:08:07','2020-11-12 11:08:07'),(17182,'Tapananont - Development Exaction for Collector Distributor Road Construction in Bangkok [nd]',84,'',2,'','','2020-11-12 11:08:07','2020-11-12 11:08:07'),(17183,'UNDP - Paying for Urban Infrastructure and Services [2007]',84,'',2,'','','2020-11-12 11:08:07','2020-11-12 11:08:07'),(17184,'UN-HABITAT - Financing Human Settlements Development [1989]',84,'',2,'','','2020-11-12 11:08:07','2020-11-12 11:08:07'),(17185,'UN-HABITAT - Municipal Financing and Urban Development [2008]',84,'',2,'','','2020-11-12 11:08:07','2020-11-12 11:08:07'),(17186,'USSEC - Report on the Municipal Securities Market [2012]',84,'',2,'','','2020-11-12 11:08:07','2020-11-12 11:08:07'),(17187,'Vaidya - Property Tax Innovations in India [1996]',84,'',2,'','','2020-11-12 11:08:07','2020-11-12 11:08:07'),(17188,'Venkatachalam - Municipal Finance in Conflict Cities in India [2007]',84,'',2,'','','2020-11-12 11:08:07','2020-11-12 11:08:07'),(17189,'Villar - Mobilizing Financial Resources Lessons Learned from Bauan Philippines [nd]',84,'',2,'','','2020-11-12 11:08:07','2020-11-12 11:08:07'),(17190,'Webster - Financing City-Building The Bangkok Case [2000]',84,'',2,'','','2020-11-12 11:08:07','2020-11-12 11:08:07'),(17191,'Zimmerman - Characteristics of Municipal Bonds [1990]',84,'',2,'','','2020-11-12 11:08:07','2020-11-12 11:08:07'),(17192,'Acioly - Urban Revitalization and Urban Management in Rio de Janeiro',85,'',2,'','','2020-11-12 11:08:07','2020-11-12 11:08:07'),(17193,'ADB - Managing Asian Cities [2008]',85,'',2,'','','2020-11-12 11:08:07','2020-11-12 11:08:07'),(17194,'Allport & Von Einsiedel - Innovative Approach to Metropolitan Management in the Philippines [1986]',85,'',2,'','','2020-11-12 11:08:07','2020-11-12 11:08:07'),(17195,'Amos - Strengthening Municipal Government [1989]',85,'',2,'','','2020-11-12 11:08:07','2020-11-12 11:08:07'),(17196,'Badshah & Ludwig - Urban Management in Asia and the Pacific [1992]',85,'',2,'','','2020-11-12 11:08:07','2020-11-12 11:08:07'),(17197,'Baud et al - Spatial Knowledge Management in Urban Local Government [2013]',85,'',2,'','','2020-11-12 11:08:07','2020-11-12 11:08:07'),(17198,'Bishop et al - Spatial Data Infrastructures for Cities in Developing Countries [Bangkok] [2000]',85,'',2,'','','2020-11-12 11:08:07','2020-11-12 11:08:07'),(17199,'Bloomberg 20100308 - China to Nullify Loan Guarantees by Local Government',85,'',2,'','','2020-11-12 11:08:07','2020-11-12 11:08:07'),(17200,'Chakrabarty - Urban Management [2001]',85,'',2,'','','2020-11-12 11:08:07','2020-11-12 11:08:07'),(17201,'Clarke - Urban Management in Developing Countries [1991]',85,'',2,'','','2020-11-12 11:08:07','2020-11-12 11:08:07'),(17202,'Conclusions',85,'',2,'','','2020-11-12 11:08:07','2020-11-12 11:08:07'),(17203,'Davey - Elements of Urban Management [1993]',85,'',2,'','','2020-11-12 11:08:07','2020-11-12 11:08:07'),(17204,'DDC - Urban Management [2004]',85,'',2,'','','2020-11-12 11:08:07','2020-11-12 11:08:07'),(17205,'De Wandeler - Urban Management - Concepts and Tools for Sustainable Cities [2008]',85,'',2,'','','2020-11-12 11:08:07','2020-11-12 11:08:07'),(17206,'Describing Cities',85,'',2,'','','2020-11-12 11:08:07','2020-11-12 11:08:07'),(17207,'Economist 20070503 - A survey of cities_ Thronged Creaking and Filthy',85,'',2,'','','2020-11-12 11:08:07','2020-11-12 11:08:07'),(17208,'ESCAP - Institutiona;l Framework for Effective Management of Urban Areas [1993]',85,'',2,'','','2020-11-12 11:08:07','2020-11-12 11:08:07'),(17209,'F&D - Managing Large Cities [2007]',85,'',2,'','','2020-11-12 11:08:07','2020-11-12 11:08:07'),(17210,'Geisselmann & Warmer - Urban Management in China [2009]',85,'',2,'','','2020-11-12 11:08:07','2020-11-12 11:08:07'),(17211,'IEG - Improving Municipal Management for Cities to Succeed [2009]',85,'',2,'','','2020-11-12 11:08:07','2020-11-12 11:08:07'),(17212,'Karlenzig - Delivering Effective Urban Management [nd]',85,'',2,'','','2020-11-12 11:08:07','2020-11-12 11:08:07'),(17213,'Leman - Urban Management - A Primer [1994]',85,'',2,'','','2020-11-12 11:08:07','2020-11-12 11:08:07'),(17214,'Ma - Transfer of Management Model of Urban Community [2010]',85,'',2,'','','2020-11-12 11:08:07','2020-11-12 11:08:07'),(17215,'McGill - Urban Management Checklist [2001]',85,'',2,'','','2020-11-12 11:08:07','2020-11-12 11:08:07'),(17216,'McGill - Urban Management in Development Countries [1998]',85,'',2,'','','2020-11-12 11:08:07','2020-11-12 11:08:07'),(17217,'NYT 20121204 - How Cities Can Save China',85,'',2,'','','2020-11-12 11:08:07','2020-11-12 11:08:07'),(17218,'Romanos - Local Government Functions and Financing of Facilities [1994]',85,'',2,'','','2020-11-12 11:08:07','2020-11-12 11:08:07'),(17219,'Samad - Urban Management in the Asia-Pacific Region 1 [nd]',85,'',2,'','','2020-11-12 11:08:07','2020-11-12 11:08:07'),(17220,'Samad - Urban Management in the Asia-Pacific Region 2 [nd]',85,'',2,'','','2020-11-12 11:08:07','2020-11-12 11:08:07'),(17221,'Server - Corruption - A Major problem for Urban Management in Indonesia [1996]',85,'',2,'','','2020-11-12 11:08:07','2020-11-12 11:08:07'),(17222,'Stren - Urban Management An Elusive Concept [1993]',85,'',2,'','','2020-11-12 11:08:07','2020-11-12 11:08:07'),(17223,'Talukder - Managing Megacities - A Case Study of Dhaka [2006]',85,'',2,'','','2020-11-12 11:08:07','2020-11-12 11:08:07'),(17224,'Tolley - Managing the City [nd]',85,'',2,'','','2020-11-12 11:08:07','2020-11-12 11:08:07'),(17225,'UN-HABITAT- What is Urban Management Programme',85,'',2,'','','2020-11-12 11:08:07','2020-11-12 11:08:07'),(17226,'UNU-IAS - Defining an Ecosystem Approach to Urban Management and Policy Development [2003]',85,'',2,'','','2020-11-12 11:08:07','2020-11-12 11:08:07'),(17227,'von Einsiedel & You - Implications of Global Change on Urban Management in Developing Countries [1994]',85,'',2,'','','2020-11-12 11:08:07','2020-11-12 11:08:07'),(17228,'Wegelin - The Urban Management Programme [1995]',85,'',2,'','','2020-11-12 11:08:07','2020-11-12 11:08:07'),(17229,'You - Improving Municipal Management [1992]',85,'',2,'','','2020-11-12 11:08:07','2020-11-12 11:08:07'),(17230,'ISOCARP - Bangladesh [2010]',86,'',2,'','','2020-11-12 11:08:07','2020-11-12 11:08:07'),(17231,'ISOCARP - China [2010]',86,'',2,'','','2020-11-12 11:08:07','2020-11-12 11:08:07'),(17232,'ISOCARP - Hong Kong [2010]',86,'',2,'','','2020-11-12 11:08:07','2020-11-12 11:08:07'),(17233,'ISOCARP - India [2010]',86,'',2,'','','2020-11-12 11:08:07','2020-11-12 11:08:07'),(17234,'ISOCARP - Indonesia [2010]',86,'',2,'','','2020-11-12 11:08:07','2020-11-12 11:08:07'),(17235,'ISOCARP - International Manual of Planning Practice [2010]',86,'',2,'','','2020-11-12 11:08:07','2020-11-12 11:08:07'),(17236,'ISOCARP - Iran [2010]',86,'',2,'','','2020-11-12 11:08:07','2020-11-12 11:08:07'),(17237,'ISOCARP - Japan [2010]',86,'',2,'','','2020-11-12 11:08:07','2020-11-12 11:08:07'),(17238,'ISOCARP - Kazakhstan [2010]',86,'',2,'','','2020-11-12 11:08:07','2020-11-12 11:08:07'),(17239,'ISOCARP - Maldives [2010]',86,'',2,'','','2020-11-12 11:08:07','2020-11-12 11:08:07'),(17240,'ISOCARP - Pakistan [2010]',86,'',2,'','','2020-11-12 11:08:07','2020-11-12 11:08:07'),(17241,'ISOCARP - Philippines [2010]',86,'',2,'','','2020-11-12 11:08:07','2020-11-12 11:08:07'),(17242,'ISOCARP - Samoa [2010]',86,'',2,'','','2020-11-12 11:08:07','2020-11-12 11:08:07'),(17243,'ISOCARP - Singapore [2010]',86,'',2,'','','2020-11-12 11:08:07','2020-11-12 11:08:07'),(17244,'ISOCARP - South Korea [2010]',86,'',2,'','','2020-11-12 11:08:07','2020-11-12 11:08:07'),(17245,'ISOCARP - Sri Lanka [2010]',86,'',2,'','','2020-11-12 11:08:07','2020-11-12 11:08:07'),(17246,'ISOCARP - Taiwan [2010]',86,'',2,'','','2020-11-12 11:08:07','2020-11-12 11:08:07'),(17247,'ISOCARP - Uzbekistan [2010]',86,'',2,'','','2020-11-12 11:08:07','2020-11-12 11:08:07'),(17248,'ISOCARP - Vietnam [2010]',86,'',2,'','','2020-11-12 11:08:07','2020-11-12 11:08:07'),(17249,'Abramson - Urban Planning in China',86,'',2,'','','2020-11-12 11:08:07','2020-11-12 11:08:07'),(17250,'ADB - Corridor Densification by Floor Space Index-Linked Land Use Control and Infrastructure Financing Mechanism [2010]',86,'',2,'','','2020-11-12 11:08:07','2020-11-12 11:08:07'),(17251,'ADB - The City Development Strategy Process [nd]',86,'',2,'','','2020-11-12 11:08:07','2020-11-12 11:08:07'),(17252,'Alam & Rahman - Planned Development of Dhaka Metropolis',86,'',2,'','','2020-11-12 11:08:07','2020-11-12 11:08:07'),(17253,'Albreechts & Mandelbaum - The Network Society - A New Context for Planning [2005]',86,'',2,'','','2020-11-12 11:08:07','2020-11-12 11:08:07'),(17254,'Altman & Rode - Has Planning Forgotten about Design [2005]',86,'',2,'','','2020-11-12 11:08:07','2020-11-12 11:08:07'),(17255,'Angel - An Arterial Grid of Dirt Roads',86,'',2,'','','2020-11-12 11:08:07','2020-11-12 11:08:07'),(17256,'Ansari - Revisiting Urban Planning in South Asia [2009]',86,'',2,'','','2020-11-12 11:08:07','2020-11-12 11:08:07'),(17257,'Arefi & Meyers - Public Space in India [2003]',86,'',2,'','','2020-11-12 11:08:07','2020-11-12 11:08:07'),(17258,'Aribigbola - Urban Land Use Planning in Nigeria',86,'',2,'','','2020-11-12 11:08:07','2020-11-12 11:08:07'),(17259,'Asia Sentinel 20100920 - Jakarta\'s Capital Idea',86,'',2,'','','2020-11-12 11:08:07','2020-11-12 11:08:07'),(17260,'Atlantic Cities 2012 - Should Building Taller Be Much, Much Easier',86,'',2,'','','2020-11-12 11:08:07','2020-11-12 11:08:07'),(17261,'Bertaud - Metropolis A Measure of the Spatial Organization of Cities [2001]',86,'',2,'','','2020-11-12 11:08:07','2020-11-12 11:08:07'),(17262,'Bertaud - Mumbai FSI Conundrum [2004]',86,'',2,'','','2020-11-12 11:08:07','2020-11-12 11:08:07'),(17263,'Bertaud - The Role of Government Urban Planners and Markets',86,'',2,'','','2020-11-12 11:08:07','2020-11-12 11:08:07'),(17264,'Bertaud - The Spatial Organization of Cities - Deliberate Outcome of Unforeseen Consequence [2004]',86,'',2,'','','2020-11-12 11:08:07','2020-11-12 11:08:07'),(17265,'Bertaud - The Spatial Structure of Cities I',86,'',2,'','','2020-11-12 11:08:07','2020-11-12 11:08:07'),(17266,'Bertaud - The Spatial Structure of Cities II',86,'',2,'','','2020-11-12 11:08:07','2020-11-12 11:08:07'),(17267,'Bertaud - The Use and Value of Urban Planning',86,'',2,'','','2020-11-12 11:08:07','2020-11-12 11:08:07'),(17268,'Bertaud & Brueckner - Building Height Restrictions',86,'',2,'','','2020-11-12 11:08:07','2020-11-12 11:08:07'),(17269,'Bertaud & Malpezzi - The Spatial Distribution of Population in 48 World Cities [2003]',86,'',2,'','','2020-11-12 11:08:07','2020-11-12 11:08:07'),(17270,'Bhan - Is Urban Planning Relevant in Indian Cities [2012]',86,'',2,'','','2020-11-12 11:08:07','2020-11-12 11:08:07'),(17271,'Body-Gendrot - Is the Concept of Public Space Vanishing [2006]',86,'',2,'','','2020-11-12 11:08:07','2020-11-12 11:08:07'),(17272,'Corburn - Toward the Healthy City [2009]',86,'',2,'','','2020-11-12 11:08:07','2020-11-12 11:08:07'),(17273,'CSIRO - Reshaping the Future of Cities [2004]',86,'',2,'','','2020-11-12 11:08:07','2020-11-12 11:08:07'),(17274,'Cullingworth - Deprived Areas and Social Planning [1972]',86,'',2,'','','2020-11-12 11:08:07','2020-11-12 11:08:07'),(17275,'Cunningham - Urban Planning and Philosophy - The Concept of Altruistic Surplus [1995]',86,'',2,'','','2020-11-12 11:08:07','2020-11-12 11:08:07'),(17276,'Darke - Action Groups and Planning [1972]',86,'',2,'','','2020-11-12 11:08:07','2020-11-12 11:08:07'),(17277,'Davis - Urban Catalysts in Theory and Practice [2009]',86,'',2,'','','2020-11-12 11:08:07','2020-11-12 11:08:07'),(17278,'D\'Monte - Towards Liveable Cities [2009]',86,'',2,'','','2020-11-12 11:08:07','2020-11-12 11:08:07'),(17279,'Do & Nguyen - Urban Planning in Hanoi City [nd]',86,'',2,'','','2020-11-12 11:08:07','2020-11-12 11:08:07'),(17280,'Economist 20120213 - Why not Build',86,'',2,'','','2020-11-12 11:08:07','2020-11-12 11:08:07'),(17281,'Forman - Urban Regions - Ecology and Planning beyond the City [2008]',86,'',2,'','','2020-11-12 11:08:07','2020-11-12 11:08:07'),(17282,'Freire - Urban Planning Challenges in Developing Countries [2006]',86,'',2,'','','2020-11-12 11:08:07','2020-11-12 11:08:07'),(17283,'Gillett et al - The Built Environment',86,'',2,'','','2020-11-12 11:08:07','2020-11-12 11:08:07'),(17284,'Gordon & Richardson - Are Compact Cities a Desirable planning Goal [1997]',86,'',2,'','','2020-11-12 11:08:07','2020-11-12 11:08:07'),(17285,'Ha & Wong - Economic Reforms and the New Master Plan of HCMCity [2001]',86,'',2,'','','2020-11-12 11:08:07','2020-11-12 11:08:07'),(17286,'Hall - The Planning Process',86,'',2,'','','2020-11-12 11:08:07','2020-11-12 11:08:07'),(17287,'Halla - A SWOT analysis of strategic urban development planning',86,'',2,'','','2020-11-12 11:08:07','2020-11-12 11:08:07'),(17288,'Hartnett - Advocacy Planning and Bureaucratic Guerrillas [1976]',86,'',2,'','','2020-11-12 11:08:07','2020-11-12 11:08:07'),(17289,'Hindustan Times 19890806 - Lapses over Master Plan Delhi',86,'',2,'','','2020-11-12 11:08:07','2020-11-12 11:08:07'),(17290,'Houston Strategies 20070610 - Opportunity Urbanism',86,'',2,'','','2020-11-12 11:08:07','2020-11-12 11:08:07'),(17291,'Houston Strategies 20090317 - Ten Principles for Developing a Great City',86,'',2,'','','2020-11-12 11:08:07','2020-11-12 11:08:07'),(17292,'ISED - Southeast Asia',86,'',2,'','','2020-11-12 11:08:07','2020-11-12 11:08:07'),(17293,'Jain - Paradigm Shift in Planning Controls',86,'',2,'','','2020-11-12 11:08:07','2020-11-12 11:08:07'),(17294,'Johnson - Conflicting Images and Realities in Project Planning [1985]',86,'',2,'','','2020-11-12 11:08:07','2020-11-12 11:08:07'),(17295,'Johnson - Creating an Enabling Environment for Reducing Disaster Risk [2011]',86,'',2,'','','2020-11-12 11:08:07','2020-11-12 11:08:07'),(17296,'Kabir - Planning Sustainable and Livable Cities in Nigeria [2006]',86,'',2,'','','2020-11-12 11:08:07','2020-11-12 11:08:07'),(17297,'Kammeier - Computer Aided Strategici Approach to Decision-Making in Urban Planning [Thailand] [1998]',86,'',2,'','','2020-11-12 11:08:07','2020-11-12 11:08:07'),(17298,'Kidokoro et al - Improving Spatial Planning Systems',86,'',2,'','','2020-11-12 11:08:07','2020-11-12 11:08:07'),(17299,'Lane et al - China Tackles Urban Planning [2004]',86,'',2,'','','2020-11-12 11:08:07','2020-11-12 11:08:07'),(17300,'Li - Chinese Urban Planning in Transition - Market Economy and its Way Forward [2005]',86,'',2,'','','2020-11-12 11:08:07','2020-11-12 11:08:07'),(17301,'Lim - Towards a New Urbanism',86,'',2,'','','2020-11-12 11:08:07','2020-11-12 11:08:07'),(17302,'Lin & De Meulder - The Role of Key Stakeholders in the Bottom-Up Planning Process of Guangzhou China [2011]',86,'',2,'','','2020-11-12 11:08:07','2020-11-12 11:08:07'),(17303,'Loukissas - Gaming Simulation as a Communications Tool in Local Planning [1983]',86,'',2,'','','2020-11-12 11:08:07','2020-11-12 11:08:07'),(17304,'LSE - Integrated City Making - India [2008]',86,'',2,'','','2020-11-12 11:08:07','2020-11-12 11:08:07'),(17305,'Lukic - Relation between Creativity and Planned Regulation [2011]',86,'',2,'','','2020-11-12 11:08:07','2020-11-12 11:08:07'),(17306,'Madanipour - Urban Planning in Tehran [2006]',86,'',2,'','','2020-11-12 11:08:07','2020-11-12 11:08:07'),(17307,'March - A Risk-Reduction Argument for Planning [2007]',86,'',2,'','','2020-11-12 11:08:07','2020-11-12 11:08:07'),(17308,'March et al - Measuring Building Adaptability and Street Vitality [2012]',86,'',2,'','','2020-11-12 11:08:07','2020-11-12 11:08:07'),(17309,'Mattngly & Winarso - Integrated Action Planning in Nepal',86,'',2,'','','2020-11-12 11:08:07','2020-11-12 11:08:07'),(17310,'McAuslan - Planned Urban Growth',86,'',2,'','','2020-11-12 11:08:07','2020-11-12 11:08:07'),(17311,'McConaghy - The Limitations of Planning [1972]',86,'',2,'','','2020-11-12 11:08:07','2020-11-12 11:08:07'),(17312,'MDP - City Development Plan Agra [2006]',86,'',2,'','','2020-11-12 11:08:07','2020-11-12 11:08:07'),(17313,'Mehrotra - Remaking Mumbai [2007]',86,'',2,'','','2020-11-12 11:08:07','2020-11-12 11:08:07'),(17314,'Mitchell - The Annihilation of Space by Law',86,'',2,'','','2020-11-12 11:08:07','2020-11-12 11:08:07'),(17315,'New Geography 20120418 - California Declares War in Suburbia II',86,'',2,'','','2020-11-12 11:08:07','2020-11-12 11:08:07'),(17316,'New Geography 20120515 - Smart Growth and Smarter Technology',86,'',2,'','','2020-11-12 11:08:07','2020-11-12 11:08:07'),(17317,'New Geography 20120520 - New Urbanism Suffers Some Young Adult Angst',86,'',2,'','','2020-11-12 11:08:07','2020-11-12 11:08:07'),(17318,'New Geography 20120913 - The Answer is Urban Consolidation - What was the Question',86,'',2,'','','2020-11-12 11:08:07','2020-11-12 11:08:07'),(17319,'New Geography 20120928 - How Capitalism and Planning can Co-Habit [2012]',86,'',2,'','','2020-11-12 11:08:07','2020-11-12 11:08:07'),(17320,'New Geography 20121206 - Separation of Church and Urban Planning',86,'',2,'','','2020-11-12 11:08:07','2020-11-12 11:08:07'),(17321,'NewGeography 20111219 - California - Codes Corruption and Consensus',86,'',2,'','','2020-11-12 11:08:07','2020-11-12 11:08:07'),(17322,'NewGeography 20120207 - New Urbanism vs Dispersionism',86,'',2,'','','2020-11-12 11:08:07','2020-11-12 11:08:07'),(17323,'NewGeography 20120210 - Time to Rethink this Experiment - Delusion Down Under',86,'',2,'','','2020-11-12 11:08:07','2020-11-12 11:08:07'),(17324,'NewGeography 20120221 - Unintended Consequences of the Neo-Traditional City Planning Model',86,'',2,'','','2020-11-12 11:08:07','2020-11-12 11:08:07'),(17325,'Newman - Green Urbanism and its Application to Singapore [2011]',86,'',2,'','','2020-11-12 11:08:07','2020-11-12 11:08:07'),(17326,'Nguyen - Development Planning for Hanoi and Opportunities for Investment [1994]',86,'',2,'','','2020-11-12 11:08:07','2020-11-12 11:08:07'),(17327,'NRC - De Ruimtelijke Ordening Blijft',86,'',2,'','','2020-11-12 11:08:07','2020-11-12 11:08:07'),(17328,'NRC 20110615 - Ruimtelijke Ongelukken',86,'',2,'','','2020-11-12 11:08:07','2020-11-12 11:08:07'),(17329,'NYT 20110405 - The Odd Challenge for Detroit Planners',86,'',2,'','','2020-11-12 11:08:07','2020-11-12 11:08:07'),(17330,'NYT 20110516 - To Fly or to Walk',86,'',2,'','','2020-11-12 11:08:07','2020-11-12 11:08:07'),(17331,'NYT 20110610 - Taming Historic Preservation',86,'',2,'','','2020-11-12 11:08:07','2020-11-12 11:08:07'),(17332,'NYT 20110628 - Car Aversion Is Not in Our DNA Yet',86,'',2,'','','2020-11-12 11:08:07','2020-11-12 11:08:07'),(17333,'NYT 20110628 - Drivers in the Urban Hierarchy',86,'',2,'','','2020-11-12 11:08:07','2020-11-12 11:08:07'),(17334,'NYT 20110628 - From Commercial Strips to Transit Boulevards',86,'',2,'','','2020-11-12 11:08:07','2020-11-12 11:08:07'),(17335,'NYT 20110628 - Moving Out in Madrid',86,'',2,'','','2020-11-12 11:08:07','2020-11-12 11:08:07'),(17336,'NYT 20110628 - Pay for Curbside Parking',86,'',2,'','','2020-11-12 11:08:07','2020-11-12 11:08:07'),(17337,'NYT 20110628 - Promoting a Cosmopolitan Canopy',86,'',2,'','','2020-11-12 11:08:07','2020-11-12 11:08:07'),(17338,'NYT 20110628 - The Best Way to Discourage Driving',86,'',2,'','','2020-11-12 11:08:07','2020-11-12 11:08:07'),(17339,'NYT 20110628 - The Right to Travel',86,'',2,'','','2020-11-12 11:08:07','2020-11-12 11:08:07'),(17340,'NYT 20110728 - A Pioneering Spirit Despite Visions That Went Unrealized',86,'',2,'','','2020-11-12 11:08:07','2020-11-12 11:08:07'),(17341,'NYT 20120203 - Activists Fight Green Projects Seeing U.N. Plot',86,'',2,'','','2020-11-12 11:08:07','2020-11-12 11:08:07'),(17342,'NYT 20120517 - A Conversation With Urban Planner Rahul Mehrotra',86,'',2,'','','2020-11-12 11:08:07','2020-11-12 11:08:07'),(17343,'NYT 20120518 - Fighting Crime With Architecture in Medellin',86,'',2,'','','2020-11-12 11:08:07','2020-11-12 11:08:07'),(17344,'NYT 20121016 - Crowded Mumbai Cherishes Oases of Open Space',86,'',2,'','','2020-11-12 11:08:07','2020-11-12 11:08:07'),(17345,'NYT 20130531 - A Prescription for Plazas and Public Spaces',86,'',2,'','','2020-11-12 11:08:07','2020-11-12 11:08:07'),(17346,'Ouroussoff - A Plan to Spur Growth Away from Haiti\'s Capital [2010]',86,'',2,'','','2020-11-12 11:08:07','2020-11-12 11:08:07'),(17347,'Perera - The Transforming Asian City [2003]',86,'',2,'','','2020-11-12 11:08:07','2020-11-12 11:08:07'),(17348,'Pongsawat - Metropolitan Planning in Developing Countries [nd]',86,'',2,'','','2020-11-12 11:08:07','2020-11-12 11:08:07'),(17349,'Quium - Plannng and Designing Low-Income Settlements in Dhaka',86,'',2,'','','2020-11-12 11:08:07','2020-11-12 11:08:07'),(17350,'Raco et al - Community Governance Critical Cosmopolitanism and Urban Change in Taipei [2011]',86,'',2,'','','2020-11-12 11:08:07','2020-11-12 11:08:07'),(17351,'Raju - The Social Meaning of Urban Neighbourhood  in India [1980]',86,'',2,'','','2020-11-12 11:08:07','2020-11-12 11:08:07'),(17352,'Rakodi - Gender-Aware Urban Planning [1991]',86,'',2,'','','2020-11-12 11:08:07','2020-11-12 11:08:07'),(17353,'Rakodi - Gender-Aware Urban Planning 2',86,'',2,'','','2020-11-12 11:08:07','2020-11-12 11:08:07'),(17354,'Rakodi - Urban Development and Planning in Tanzania Zambia and Zimbabwe',86,'',2,'','','2020-11-12 11:08:07','2020-11-12 11:08:07'),(17355,'Reuters 20120504 - Bangkok Swelters Sparks Debate on City Planning in Asia',86,'',2,'','','2020-11-12 11:08:07','2020-11-12 11:08:07'),(17356,'Richardson - National Urban Development Strategy [1981]',86,'',2,'','','2020-11-12 11:08:07','2020-11-12 11:08:07'),(17357,'Roberts - Planning for Local Culture and Environment in Texas',86,'',2,'','','2020-11-12 11:08:07','2020-11-12 11:08:07'),(17358,'Rode - City_Design - A New Planning Paradigm [2006]',86,'',2,'','','2020-11-12 11:08:07','2020-11-12 11:08:07'),(17359,'Roy - Why India Cannot Plan its Cities [2009]',86,'',2,'','','2020-11-12 11:08:07','2020-11-12 11:08:07'),(17360,'Samadhi - The Urban Design of a Balinese Town [2001]',86,'',2,'','','2020-11-12 11:08:07','2020-11-12 11:08:07'),(17361,'Sandroni & Biderman - Impacts of Large Scale Urban Interventions in Sao Paolo',86,'',2,'','','2020-11-12 11:08:07','2020-11-12 11:08:07'),(17362,'Savage & Kong - Urban Constraints Political Imperatives - Environmental Design in Singapore [nd]',86,'',2,'','','2020-11-12 11:08:07','2020-11-12 11:08:07'),(17363,'Sennett - The Open City [2006]',86,'',2,'','','2020-11-12 11:08:07','2020-11-12 11:08:07'),(17364,'Shafi - Towards the New Urban India [1987]',86,'',2,'','','2020-11-12 11:08:07','2020-11-12 11:08:07'),(17365,'Shatkin - Urban Mega-Projects and the Privatization of Planning in Southeast Asia [2008]',86,'',2,'','','2020-11-12 11:08:07','2020-11-12 11:08:07'),(17366,'Sheth - The Politics of Zoning in the Mumbai Metropolitan Region [2008]',86,'',2,'','','2020-11-12 11:08:07','2020-11-12 11:08:07'),(17367,'Teutonico - City of Paper Urbanism [2012]',86,'',2,'','','2020-11-12 11:08:07','2020-11-12 11:08:07'),(17368,'Tokunaga & Takahashi - Urban Planning and Urban Transportation in SEA [2003]',86,'',2,'','','2020-11-12 11:08:07','2020-11-12 11:08:07'),(17369,'UNCHS - A review of Urban Development and Planning Regulations in Selected Asian Cities - Delhi [1992]',86,'',2,'','','2020-11-12 11:08:07','2020-11-12 11:08:07'),(17370,'UNESCAP - Preservation of Open and Green Spaces [2012]',86,'',2,'','','2020-11-12 11:08:07','2020-11-12 11:08:07'),(17371,'UN-HABITAT - Inclusive Urban Planning for Harmonious Urban Development',86,'',2,'','','2020-11-12 11:08:07','2020-11-12 11:08:07'),(17372,'UN-HABITAT - Urban Planning for City Leaders [2012]',86,'',2,'','','2020-11-12 11:08:07','2020-11-12 11:08:07'),(17373,'UN-HABITAT - Urban Planning for City Leaders [nd]',86,'',2,'','','2020-11-12 11:08:07','2020-11-12 11:08:07'),(17374,'UoM - City of Colombo Development Plan [2010]',86,'',2,'','','2020-11-12 11:08:07','2020-11-12 11:08:07'),(17375,'Uy & Nakagoshi - Urban Green Space Planning in Hanoi [2008]',86,'',2,'','','2020-11-12 11:08:07','2020-11-12 11:08:07'),(17376,'Van Timmeren & Roling - Urban and Regional Typologies in Relation to Self-Sufficiency Aiming Strategies [2007]',86,'',2,'','','2020-11-12 11:08:07','2020-11-12 11:08:07'),(17377,'Vander Ploeg - Rethinking Public Urban Space [2006]',86,'',2,'','','2020-11-12 11:08:07','2020-11-12 11:08:07'),(17378,'VN 20110521 - De Kortste Weg',86,'',2,'','','2020-11-12 11:08:07','2020-11-12 11:08:07'),(17379,'Voigt - Don\'t Plan Cities Negotiate Them [2006]',86,'',2,'','','2020-11-12 11:08:07','2020-11-12 11:08:07'),(17380,'Watson - Urban Planning and 21st Century Cities [2007]',86,'',2,'','','2020-11-12 11:08:07','2020-11-12 11:08:07'),(17381,'Watson - Urban Planning and 21st Century Urbanization [2009]',86,'',2,'','','2020-11-12 11:08:07','2020-11-12 11:08:07'),(17382,'Webster - Property Rights Public Space [2007]',86,'',2,'','','2020-11-12 11:08:07','2020-11-12 11:08:07'),(17383,'Wheeler - Planning for Sustainability [2004]',86,'',2,'','','2020-11-12 11:08:07','2020-11-12 11:08:07'),(17384,'Wilcox - A Corrective History of Chinese Urban Cinema [2011]',86,'',2,'','','2020-11-12 11:08:07','2020-11-12 11:08:07'),(17385,'Wilmoth - Strengthening Urban Planning in Vietnam [2003]',86,'',2,'','','2020-11-12 11:08:07','2020-11-12 11:08:07'),(17386,'Winarso - Cities for the Rich [2005]',86,'',2,'','','2020-11-12 11:08:07','2020-11-12 11:08:07'),(17387,'Yeh - Use of Social Indicators in the Planning Context [1985]',86,'',2,'','','2020-11-12 11:08:07','2020-11-12 11:08:07'),(17388,'Yuen - Singapore Urban Planning [2007]',86,'',2,'','','2020-11-12 11:08:07','2020-11-12 11:08:07'),(17389,'Zhu - China\'s Pro-Growth Urban Planning [nd]',86,'',2,'','','2020-11-12 11:08:07','2020-11-12 11:08:07'),(17390,'Ziari - The Planning and Functioning of New Towns in Iran [2006]',86,'',2,'','','2020-11-12 11:08:07','2020-11-12 11:08:07'),(17391,'OECD - Defining OECD Functional Cities [2010]',87,'',2,'','','2020-11-12 11:08:07','2020-11-12 11:08:07'),(17392,'OECD - Redefining Urban [2011]',87,'',2,'','','2020-11-12 11:08:07','2020-11-12 11:08:07'),(17393,'Pizzoli & Gong - How Best to Classify Rural and Urban [nd]',87,'',2,'','','2020-11-12 11:08:07','2020-11-12 11:08:07'),(17394,'USDA - Measuring Rurality New Definitions in 2003',87,'',2,'','','2020-11-12 11:08:07','2020-11-12 11:08:07'),(17395,'USDA - Measuring Rurality Rural-Urban Continuum Codes',87,'',2,'','','2020-11-12 11:08:07','2020-11-12 11:08:07'),(17396,'USDA - Measuring Rurality Urban Influence Codes',87,'',2,'','','2020-11-12 11:08:07','2020-11-12 11:08:07'),(17397,'USDA - Measuring Rurality What is Rural [nd]',87,'',2,'','','2020-11-12 11:08:07','2020-11-12 11:08:07'),(17398,'de Wandeler - New Directions for Urban Studies in Thailand',88,'',2,'','','2020-11-12 11:08:07','2020-11-12 11:08:07'),(17399,'Eames & Goode - Anthropology of the City [1977]',88,'',2,'','','2020-11-12 11:08:07','2020-11-12 11:08:07'),(17400,'Freire et al - Global Urban Research 2005',88,'',2,'','','2020-11-12 11:08:07','2020-11-12 11:08:07'),(17401,'Malpezzi - Imp0lication sof Urban Research for Real Estate Finance[2000]',88,'',2,'','','2020-11-12 11:08:07','2020-11-12 11:08:07'),(17402,'McGee - The many Knowledges of Southeast Asia [2005]',88,'',2,'','','2020-11-12 11:08:07','2020-11-12 11:08:07'),(17403,'NYT 20120517 - How Reliable Are the Social Sciences',88,'',2,'','','2020-11-12 11:08:07','2020-11-12 11:08:07'),(17404,'Payne & Payne - Key Concepts in Social Research [2004]',88,'',2,'','','2020-11-12 11:08:07','2020-11-12 11:08:07'),(17405,'Risse - Deconstructing the Tower of Babel',88,'',2,'','','2020-11-12 11:08:07','2020-11-12 11:08:07'),(17406,'Risse - The Foundation of Babble',88,'',2,'','','2020-11-12 11:08:07','2020-11-12 11:08:07'),(17407,'Robinson - Cities in a World of Cities [2011]',88,'',2,'','','2020-11-12 11:08:07','2020-11-12 11:08:07'),(17408,'Schmidt - New Challenges in East and Southeast Asian Studies [2006]',88,'',2,'','','2020-11-12 11:08:07','2020-11-12 11:08:07'),(17409,'Schubert - Priorities for Research on Cities and Urbanization',88,'',2,'','','2020-11-12 11:08:07','2020-11-12 11:08:07'),(17410,'Stren - Urban research in Developing Countries [1998]',88,'',2,'','','2020-11-12 11:08:07','2020-11-12 11:08:07'),(17411,'Stren - Urban Research in the Developing World',88,'',2,'','','2020-11-12 11:08:07','2020-11-12 11:08:07'),(17412,'AsiaOne 20110130 - Youth Violence Grows in Fast-Changing Vietnam',89,'',2,'','','2020-11-12 11:08:07','2020-11-12 11:08:07'),(17413,'Barron et al - Local Conflict in Indonesia [2004]',89,'',2,'','','2020-11-12 11:08:07','2020-11-12 11:08:07'),(17414,'Beale et al - Cities and Conflict [2010]',89,'',2,'','','2020-11-12 11:08:07','2020-11-12 11:08:07'),(17415,'Beall - Cities Terrorism and Urban Wars of the 21st Century [2007]',89,'',2,'','','2020-11-12 11:08:07','2020-11-12 11:08:07'),(17416,'Beall - Cities Terrorism and Urban Wars',89,'',2,'','','2020-11-12 11:08:07','2020-11-12 11:08:07'),(17417,'Beall et al - Cities and Fragile States [2010]',89,'',2,'','','2020-11-12 11:08:07','2020-11-12 11:08:07'),(17418,'Beall et al - Cities Conflict and State Fragility [2011]',89,'',2,'','','2020-11-12 11:08:07','2020-11-12 11:08:07'),(17419,'Beall et al - Cities Conflict and State Fragility [2011]',89,'',2,'','','2020-11-12 11:08:07','2020-11-12 11:08:07'),(17420,'Berman - Among the Ruins [1987]',89,'',2,'','','2020-11-12 11:08:07','2020-11-12 11:08:07'),(17421,'Bhudani et al - The Open City - Social Networks and Violence in Karachi [2010]',89,'',2,'','','2020-11-12 11:08:07','2020-11-12 11:08:07'),(17422,'Bloomberg 20120213 - Why Is Violent Crime Declining in Cities',89,'',2,'','','2020-11-12 11:08:07','2020-11-12 11:08:07'),(17423,'Bloomberg 20120215 - Why Is U.S. Violent Crime Declining',89,'',2,'','','2020-11-12 11:08:08','2020-11-12 11:08:08'),(17424,'Brennan - Crime and Violence in an Urbanizing World',89,'',2,'','','2020-11-12 11:08:08','2020-11-12 11:08:08'),(17425,'Brinkman et al - Addressing Horizontal Inequalities as Drivers of Conflict [2013]',89,'',2,'','','2020-11-12 11:08:08','2020-11-12 11:08:08'),(17426,'Buhaug & Urdal - Population Growth and Social Disorder in Cities [2010]',89,'',2,'','','2020-11-12 11:08:08','2020-11-12 11:08:08'),(17427,'Caprioli - The Role of Gender Inequality in Predicting Internal Conflict [2005]',89,'',2,'','','2020-11-12 11:08:08','2020-11-12 11:08:08'),(17428,'Carpenter et al - Social Capital and Trust in Southeast Asian Cities',89,'',2,'','','2020-11-12 11:08:08','2020-11-12 11:08:08'),(17429,'Chandhoke - Civil Society in Conflict Cities - The Case of Ahmedabad [2009]',89,'',2,'','','2020-11-12 11:08:08','2020-11-12 11:08:08'),(17430,'Connell - Regulation of Space in the Contemporary Postcolonial Pacific City - Port Moresby and Suva [2003]',89,'',2,'','','2020-11-12 11:08:08','2020-11-12 11:08:08'),(17431,'Esser - Patterns of Violenec in Kabul and Karachi [2004]',89,'',2,'','','2020-11-12 11:08:08','2020-11-12 11:08:08'),(17432,'Esser - Who Governs Kabul',89,'',2,'','','2020-11-12 11:08:08','2020-11-12 11:08:08'),(17433,'Gayer - Urban Conflicts in Karachi [2007]',89,'',2,'','','2020-11-12 11:08:08','2020-11-12 11:08:08'),(17434,'Gizewski & Homer-Dixon - Urban Growth and Violence, Part 1 [2003]',89,'',2,'','','2020-11-12 11:08:08','2020-11-12 11:08:08'),(17435,'Gizewski & Homer-Dixon - Urban Growth and Violence, Part 2 [2003]',89,'',2,'','','2020-11-12 11:08:08','2020-11-12 11:08:08'),(17436,'Gizewski & Homer-Dixon - Urban Growth and Violence, Part 3 [2003]',89,'',2,'','','2020-11-12 11:08:08','2020-11-12 11:08:08'),(17437,'Gizewski & Homer-Dixon - Urban Growth and Violence, Part 4 [2003]',89,'',2,'','','2020-11-12 11:08:08','2020-11-12 11:08:08'),(17438,'Gizewski & Homer-Dixon - Urban Growth and Violence, Part 5 [2003]',89,'',2,'','','2020-11-12 11:08:08','2020-11-12 11:08:08'),(17439,'Grey - Terror Cities [nd]',89,'',2,'','','2020-11-12 11:08:08','2020-11-12 11:08:08'),(17440,'Gupte - Safety for the Urban Poor [2012]',89,'',2,'','','2020-11-12 11:08:08','2020-11-12 11:08:08'),(17441,'Gupte - The Agency and Governance of Urban Battlefields [2012]',89,'',2,'','','2020-11-12 11:08:08','2020-11-12 11:08:08'),(17442,'Gupte et al - The Economic Consequences of Civil Violence in India [2012]',89,'',2,'','','2020-11-12 11:08:08','2020-11-12 11:08:08'),(17443,'Hobsbawm - Cities and Insurrections [2005]',89,'',2,'','','2020-11-12 11:08:08','2020-11-12 11:08:08'),(17444,'ICRC - Urban Violence [2010]',89,'',2,'','','2020-11-12 11:08:08','2020-11-12 11:08:08'),(17445,'Jagori - Safe Cities Free of Violence against Women and Girls [2010]',89,'',2,'','','2020-11-12 11:08:08','2020-11-12 11:08:08'),(17446,'Jalil & Iqbal - Urbanization and Crime - A Case of Pakistan [nd]',89,'',2,'','','2020-11-12 11:08:08','2020-11-12 11:08:08'),(17447,'Kuinkeler & Peters - Youth Armed Conflicxt and Urban Violence in Developing Countries [2011]',89,'',2,'','','2020-11-12 11:08:08','2020-11-12 11:08:08'),(17448,'Langewiesche - City of Fear',89,'',2,'','','2020-11-12 11:08:08','2020-11-12 11:08:08'),(17449,'Moser - Reducing Violence in Developing Countries [2006]',89,'',2,'','','2020-11-12 11:08:08','2020-11-12 11:08:08'),(17450,'Moser - Urban Violence and Insecurity [2004]',89,'',2,'','','2020-11-12 11:08:08','2020-11-12 11:08:08'),(17451,'Muggah - Researching the Urban Dilemma [2012]',89,'',2,'','','2020-11-12 11:08:08','2020-11-12 11:08:08'),(17452,'Nalla & Mamayek - Democratic Policing Police Accountability and Citizen Oversight in Asia [2013]',89,'',2,'','','2020-11-12 11:08:08','2020-11-12 11:08:08'),(17453,'New Geography 20121130 - Angry Gran - Mobile Game or Demographic Game Changer',89,'',2,'','','2020-11-12 11:08:08','2020-11-12 11:08:08'),(17454,'NYT 20100305 - The Moral Ambiguity of Looting',89,'',2,'','','2020-11-12 11:08:08','2020-11-12 11:08:08'),(17455,'NYT 20110201 - It\'s Always the Urban Pot That Boils Over',89,'',2,'','','2020-11-12 11:08:08','2020-11-12 11:08:08'),(17456,'NYT 20111006 - The Better Angels of Our Nature — Book Review',89,'',2,'','','2020-11-12 11:08:08','2020-11-12 11:08:08'),(17457,'NYT 20111123 - Are We Getting Nicer',89,'',2,'','','2020-11-12 11:08:08','2020-11-12 11:08:08'),(17458,'NYT 20111128 - Human Nature’s Pathologist',89,'',2,'','','2020-11-12 11:08:08','2020-11-12 11:08:08'),(17459,'NYT 20120315 - Bain Capital Tied to Surveillance Push in China',89,'',2,'','','2020-11-12 11:08:08','2020-11-12 11:08:08'),(17460,'Plan int - Adolescent Girls Safer Cities [2012]',89,'',2,'','','2020-11-12 11:08:08','2020-11-12 11:08:08'),(17461,'Pradhan - Violent Crimes in Megacities [2011]',89,'',2,'','','2020-11-12 11:08:08','2020-11-12 11:08:08'),(17462,'Rodgers - Urban Violence is not a Way of Life [2010]',89,'',2,'','','2020-11-12 11:08:08','2020-11-12 11:08:08'),(17463,'Shemyakina - Labur Markets Education and Armed Conflict in Tajikistan [2011]',89,'',2,'','','2020-11-12 11:08:08','2020-11-12 11:08:08'),(17464,'Sivaswamy - Because Mumbai is India [2003]',89,'',2,'','','2020-11-12 11:08:08','2020-11-12 11:08:08'),(17465,'Stanley - City Wars or Cities of Peace [2003]',89,'',2,'','','2020-11-12 11:08:08','2020-11-12 11:08:08'),(17466,'Stewart - Horizontal Inequalities as a Cause of Conflict [2010]',89,'',2,'','','2020-11-12 11:08:08','2020-11-12 11:08:08'),(17467,'SWRC et al - Safe City Free of Violence against Women and Girls Initiative - Trivandrum [nd]',89,'',2,'','','2020-11-12 11:08:08','2020-11-12 11:08:08'),(17468,'UN-HABITAT - Building Safe Inclusive Cities for Women [2011]',89,'',2,'','','2020-11-12 11:08:08','2020-11-12 11:08:08'),(17469,'UN-HABITAT - Enhancing Urban Safety and Security [2007]',89,'',2,'','','2020-11-12 11:08:08','2020-11-12 11:08:08'),(17470,'UN-HABITAT - Enhancing Urban Safety and Security GRHS 2007',89,'',2,'','','2020-11-12 11:08:08','2020-11-12 11:08:08'),(17471,'UNODC - Global Study on Homicide [2011]',89,'',2,'','','2020-11-12 11:08:08','2020-11-12 11:08:08'),(17472,'Vanderschueren - From Violence to Justice and Security in Cities [1996]',89,'',2,'','','2020-11-12 11:08:08','2020-11-12 11:08:08'),(17473,'Vanity Fair 200704 - City of Fear',89,'',2,'','','2020-11-12 11:08:08','2020-11-12 11:08:08'),(17474,'Whitzman - Planning for Women\'s safety in Victoria Australia [2011]',89,'',2,'','','2020-11-12 11:08:08','2020-11-12 11:08:08'),(17475,'Winton - Urban Violence [2004]',89,'',2,'','','2020-11-12 11:08:08','2020-11-12 11:08:08'),(17476,'Urban Solutions July 2012 No1',90,'',2,'','','2020-11-12 11:08:08','2020-11-12 11:08:08'),(17477,'Bhagat & Mohanty - Emerging Pattern of Urbanization and the Contribution of Migration in India [2009]',91,'',2,'','','2020-11-12 11:08:08','2020-11-12 11:08:08'),(17478,'Rahman - Regionalization of Urbanization and Spatial Development  - Planning Regions in Bangladesh [2004]',91,'',2,'','','2020-11-12 11:08:08','2020-11-12 11:08:08'),(17479,'Uduporuwa - An Analysis of Urban Growth and Urbanization in the Sabaragamuwa Province Sri Lanka [2010]',91,'',2,'','','2020-11-12 11:08:08','2020-11-12 11:08:08'),(17480,'Yasin et al - Rapid Urbanization as a Source of Social and Ecological Decay in Multan Pakistan [2012]',91,'',2,'','','2020-11-12 11:08:08','2020-11-12 11:08:08'),(17481,'Kusno - The End of Peasantry and the Politics of Peri-Urbanization in an Indonesian Metropolis [2010]',91,'',2,'','','2020-11-12 11:08:08','2020-11-12 11:08:08'),(17482,'Abu-Lughod - Development and Urbanization [1977]',92,'',2,'','','2020-11-12 11:08:08','2020-11-12 11:08:08'),(17483,'Bazoglu - Cities in Transition',92,'',2,'','','2020-11-12 11:08:08','2020-11-12 11:08:08'),(17484,'Bertinelli & Strobl - Urbanization and Economic Growth',92,'',2,'','','2020-11-12 11:08:08','2020-11-12 11:08:08'),(17485,'Bloom & Khanna - The Urban Revolution',92,'',2,'','','2020-11-12 11:08:08','2020-11-12 11:08:08'),(17486,'Boadi et al - Urbanization without Development - Environment and Health Implications in African Cities [2005]',92,'',2,'','','2020-11-12 11:08:08','2020-11-12 11:08:08'),(17487,'Brennan - Population Urbanization Environment and Security',92,'',2,'','','2020-11-12 11:08:08','2020-11-12 11:08:08'),(17488,'Caldwell & Caldwell - Poverty and Mortality Economic Growth and Urbanization',92,'',2,'','','2020-11-12 11:08:08','2020-11-12 11:08:08'),(17489,'Chau - Book Review Drakakis',92,'',2,'','','2020-11-12 11:08:08','2020-11-12 11:08:08'),(17490,'Dumain - Scaling Laws & Urban Systems',92,'',2,'','','2020-11-12 11:08:08','2020-11-12 11:08:08'),(17491,'Duranton - Diversity in Cities',92,'',2,'','','2020-11-12 11:08:08','2020-11-12 11:08:08'),(17492,'Funcke - Putting Cities on the Agenda',92,'',2,'','','2020-11-12 11:08:08','2020-11-12 11:08:08'),(17493,'Haapala - Urbanization',92,'',2,'','','2020-11-12 11:08:08','2020-11-12 11:08:08'),(17494,'Henderson - Cities and Development [2009]',92,'',2,'','','2020-11-12 11:08:08','2020-11-12 11:08:08'),(17495,'Henderson - Cities and Development',92,'',2,'','','2020-11-12 11:08:08','2020-11-12 11:08:08'),(17496,'Henderson - Effects of Urban Concentration on Economic Growth',92,'',2,'','','2020-11-12 11:08:08','2020-11-12 11:08:08'),(17497,'Henderson - Urbanization and Growth',92,'',2,'','','2020-11-12 11:08:08','2020-11-12 11:08:08'),(17498,'Henderson - Urbanization and Growth2',92,'',2,'','','2020-11-12 11:08:08','2020-11-12 11:08:08'),(17499,'Henderson et al - Geography and Development',92,'',2,'','','2020-11-12 11:08:08','2020-11-12 11:08:08'),(17500,'IRIN - Impact of Urbanization',92,'',2,'','','2020-11-12 11:08:08','2020-11-12 11:08:08'),(17501,'Irwin - Market & Urban Expansion',92,'',2,'','','2020-11-12 11:08:08','2020-11-12 11:08:08'),(17502,'Korff & Bloh - Significant Dwarfs',92,'',2,'','','2020-11-12 11:08:08','2020-11-12 11:08:08'),(17503,'Martine - Urban Growth',92,'',2,'','','2020-11-12 11:08:08','2020-11-12 11:08:08'),(17504,'Martine - Urban Growth2',92,'',2,'','','2020-11-12 11:08:08','2020-11-12 11:08:08'),(17505,'McGranahan & Martine - Urbanization and Development [2012]',92,'',2,'','','2020-11-12 11:08:08','2020-11-12 11:08:08'),(17506,'Oxfam - Development and Cities',92,'',2,'','','2020-11-12 11:08:08','2020-11-12 11:08:08'),(17507,'Polese - Cities and National Economic Growth [2005]',92,'',2,'','','2020-11-12 11:08:08','2020-11-12 11:08:08'),(17508,'Polese - Cities and National Economic Growth',92,'',2,'','','2020-11-12 11:08:08','2020-11-12 11:08:08'),(17509,'Prudhomme - Urban Economy',92,'',2,'','','2020-11-12 11:08:08','2020-11-12 11:08:08'),(17510,'Quigley - Urbanization Agglomeration and Economic Development',92,'',2,'','','2020-11-12 11:08:08','2020-11-12 11:08:08'),(17511,'Sato - Urbanization and Poverty',92,'',2,'','','2020-11-12 11:08:08','2020-11-12 11:08:08'),(17512,'Spence et al - Urbanization and Growth',92,'',2,'','','2020-11-12 11:08:08','2020-11-12 11:08:08'),(17513,'Tolley - Market Failures as Bases of Urban Policies',92,'',2,'','','2020-11-12 11:08:08','2020-11-12 11:08:08'),(17514,'Tolley & Thomas - An Overview of Urban Growth',92,'',2,'','','2020-11-12 11:08:08','2020-11-12 11:08:08'),(17515,'UN 2007 WUP',92,'',2,'','','2020-11-12 11:08:08','2020-11-12 11:08:08'),(17516,'UNHABITAT - The Role of Cities',92,'',2,'','','2020-11-12 11:08:08','2020-11-12 11:08:08'),(17517,'Urbanization & Living Conditions',92,'',2,'','','2020-11-12 11:08:08','2020-11-12 11:08:08'),(17518,'Wyly - Urban Origins',92,'',2,'','','2020-11-12 11:08:08','2020-11-12 11:08:08'),(17519,'BKKPost 20100405 - Asian Water Management Poor [2010]',93,'',2,'','','2020-11-12 11:08:08','2020-11-12 11:08:08'),(17520,'BKKPost 20110501 - A New Geopolitics of Mekong Dams',93,'',2,'','','2020-11-12 11:08:08','2020-11-12 11:08:08'),(17521,'Daniel - Book Review - Modern Myth of the Mekong [2008]',93,'',2,'','','2020-11-12 11:08:08','2020-11-12 11:08:08'),(17522,'De La Porte - Integrated Water Resources Management in Mexico [2007]',93,'',2,'','','2020-11-12 11:08:08','2020-11-12 11:08:08'),(17523,'Goodland - The World Bank versus the World Commisson on Banks [2010]',93,'',2,'','','2020-11-12 11:08:08','2020-11-12 11:08:08'),(17524,'Lacsamana - Integrated Water Management in Baguio City Philippines',93,'',2,'','','2020-11-12 11:08:08','2020-11-12 11:08:08'),(17525,'Matthews - Water Grabbing in the Mekong Basin [2012]',93,'',2,'','','2020-11-12 11:08:08','2020-11-12 11:08:08'),(17526,'Moore et al - The World Commission on Dams +10 [2010]',93,'',2,'','','2020-11-12 11:08:08','2020-11-12 11:08:08'),(17527,'NYT 20060930 - India Digs Deeper but Wells Are Drying Up',93,'',2,'','','2020-11-12 11:08:08','2020-11-12 11:08:08'),(17528,'NYT 20061001 - Often Parched India Struggles to Tap the Monsoon',93,'',2,'','','2020-11-12 11:08:08','2020-11-12 11:08:08'),(17529,'NYT 20061001 - The Debate Water Management Water Fees and Conservation',93,'',2,'','','2020-11-12 11:08:08','2020-11-12 11:08:08'),(17530,'NYT 20120322 - U.S. Intelligence Report Predicts Tensions on Water',93,'',2,'','','2020-11-12 11:08:08','2020-11-12 11:08:08'),(17531,'Storey - Communities and River System sin Urban Asia [2009]',93,'',2,'','','2020-11-12 11:08:08','2020-11-12 11:08:08'),(17532,'Thun & Chem - Challenges of Water Resources Managemen tin Cambodia [2007]',93,'',2,'','','2020-11-12 11:08:08','2020-11-12 11:08:08'),(17533,'UN - Managing Water under Uncertainty and Risk [2012]',93,'',2,'','','2020-11-12 11:08:08','2020-11-12 11:08:08'),(17534,'UNESCAP - Australia\'s Water-Sensitive Urban Design [2012]',93,'',2,'','','2020-11-12 11:08:08','2020-11-12 11:08:08'),(17535,'UNESCAP - Cebu City Philippines\' Integrated Stormwater Management [2012]',93,'',2,'','','2020-11-12 11:08:08','2020-11-12 11:08:08'),(17536,'UNESCAP - Integrated Water Resource Management  [2012]',93,'',2,'','','2020-11-12 11:08:08','2020-11-12 11:08:08'),(17537,'UNESCAP - Water Resource Management [2012]',93,'',2,'','','2020-11-12 11:08:08','2020-11-12 11:08:08'),(17538,'WBCSD - Industry Fresh Water and Sustainable Development [1998]',93,'',2,'','','2020-11-12 11:08:08','2020-11-12 11:08:08'),(17539,'ADB - Asian Water Development Outlook 2007 [2007]',93,'',2,'','','2020-11-12 11:08:08','2020-11-12 11:08:08'),(17540,'ADB - Databook of SEA Water Utilities 2005 [2007]',93,'',2,'','','2020-11-12 11:08:08','2020-11-12 11:08:08'),(17541,'ADB - Every Drop Counts - Learning from Good Practices in Eight Asian Cities [2010]',93,'',2,'','','2020-11-12 11:08:08','2020-11-12 11:08:08'),(17542,'ADB - Shared Water Resources in Central Asia',93,'',2,'','','2020-11-12 11:08:08','2020-11-12 11:08:08'),(17543,'ADB - Water  in Asian Cities [2004]',93,'',2,'','','2020-11-12 11:08:08','2020-11-12 11:08:08'),(17544,'Aiga & Umenai - Impact of Improvement of Water Supply in Manila [2002]',93,'',2,'','','2020-11-12 11:08:08','2020-11-12 11:08:08'),(17545,'Almansi et al - Improving Water and Sanitation i Buenos Aires [2010]',93,'',2,'','','2020-11-12 11:08:08','2020-11-12 11:08:08'),(17546,'Anthony - Drinking Water for the Third World',93,'',2,'','','2020-11-12 11:08:08','2020-11-12 11:08:08'),(17547,'Atsanavong et al - Decentralized Sanitation Systems [nd]',93,'',2,'','','2020-11-12 11:08:08','2020-11-12 11:08:08'),(17548,'Bakker - Private Sector Participation and the Pro-Poor Water Supply Debate in Jakarta [2007]',93,'',2,'','','2020-11-12 11:08:08','2020-11-12 11:08:08'),(17549,'Bakker - The Ambiguity of Community - Debating Alternatives to Private-Sector Provision of Urban Water Supply [2008]',93,'',2,'','','2020-11-12 11:08:08','2020-11-12 11:08:08'),(17550,'Bakker et al - Governance Failure the Institutional Dimension of Urban Water Supply',93,'',2,'','','2020-11-12 11:08:08','2020-11-12 11:08:08'),(17551,'Bakker et al - Rethinking the Institutional Dimensions of Urban Water Supply to Poor Households [2008]',93,'',2,'','','2020-11-12 11:08:08','2020-11-12 11:08:08'),(17552,'Bendahmane - Lessons Learned in Water Sanitation and Health [1993]',93,'',2,'','','2020-11-12 11:08:08','2020-11-12 11:08:08'),(17553,'Biswas & Tortajada - Water Supply of Phnom Penh - An Example of Good Governance [2010]',93,'',2,'','','2020-11-12 11:08:08','2020-11-12 11:08:08'),(17554,'Bloomberg 20110406 - Delhi Belly Not Only India Water Risk as Resistant Bugs Found',93,'',2,'','','2020-11-12 11:08:08','2020-11-12 11:08:08'),(17555,'Bloomberg 20120729 - Singapore to Meet Water Target Before Deadline',93,'',2,'','','2020-11-12 11:08:08','2020-11-12 11:08:08'),(17556,'Boag & McDonald - A Critical Review of Public-Public Partnerships in Water Services [2010]',93,'',2,'','','2020-11-12 11:08:08','2020-11-12 11:08:08'),(17557,'Committee - Issues in Potable Reuse of Reclaimed Water [1998]',93,'',2,'','','2020-11-12 11:08:08','2020-11-12 11:08:08'),(17558,'Committee - Water Reuse [2012]',93,'',2,'','','2020-11-12 11:08:08','2020-11-12 11:08:08'),(17559,'Conan - Small-PiPed Waper Networks',93,'',2,'','','2020-11-12 11:08:08','2020-11-12 11:08:08'),(17560,'Conan - Small-Piped Water Networks',93,'',2,'','','2020-11-12 11:08:08','2020-11-12 11:08:08'),(17561,'Corcoran et al - Sick Water [2010]',93,'',2,'','','2020-11-12 11:08:08','2020-11-12 11:08:08'),(17562,'Davis - Sanitation and Water',93,'',2,'','','2020-11-12 11:08:08','2020-11-12 11:08:08'),(17563,'Development Forum - Water for the Urban Poor',93,'',2,'','','2020-11-12 11:08:08','2020-11-12 11:08:08'),(17564,'Easter et al - Formal and Informal Markets for Water',93,'',2,'','','2020-11-12 11:08:08','2020-11-12 11:08:08'),(17565,'Edwards et al - Designing and Implementing Decentralization Programmes in the Water and Sanitation Sector [1993].pdf',93,'',2,'','','2020-11-12 11:08:08','2020-11-12 11:08:08'),(17566,'EIU - Water for All [2012]',93,'',2,'','','2020-11-12 11:08:08','2020-11-12 11:08:08'),(17567,'Elmendorf - Women Water and the Decade [1981]',93,'',2,'','','2020-11-12 11:08:08','2020-11-12 11:08:08'),(17568,'Feder & Le Moigne - Managing Water ina Sustainable Manner',93,'',2,'','','2020-11-12 11:08:08','2020-11-12 11:08:08'),(17569,'FEER 19950601 - Water Water Everywhere',93,'',2,'','','2020-11-12 11:08:08','2020-11-12 11:08:08'),(17570,'Fragano et al - Case Studies on Decentralization of Water Supply and Sanitation Services in Latin America [2001]',93,'',2,'','','2020-11-12 11:08:08','2020-11-12 11:08:08'),(17571,'Goldman - The Power of the World Bank and its Transnational Policy Networks - Water for All [2007]',93,'',2,'','','2020-11-12 11:08:08','2020-11-12 11:08:08'),(17572,'Gupta - The Politics of Rainwater Harvesting in Rural Rajasthan India [2011]',93,'',2,'','','2020-11-12 11:08:08','2020-11-12 11:08:08'),(17573,'Haarmeyer & Mody - Private Capital in Water and Sanitation',93,'',2,'','','2020-11-12 11:08:08','2020-11-12 11:08:08'),(17574,'Hadipuro - Indonesia\'s Water Supply Regulatory Framework [2010]',93,'',2,'','','2020-11-12 11:08:08','2020-11-12 11:08:08'),(17575,'Hasan - The Sanitation Programme of the Orangi Pilot Project [2007]',93,'',2,'','','2020-11-12 11:08:08','2020-11-12 11:08:08'),(17576,'Hjorth & Nguyen - Water Management for Urban Areas in Asia',93,'',2,'','','2020-11-12 11:08:08','2020-11-12 11:08:08'),(17577,'Hogrewe et al - The Unique Challenges of Improving Peri-Urban Sanitation [1993]',93,'',2,'','','2020-11-12 11:08:08','2020-11-12 11:08:08'),(17578,'Hussain - Thirsty Cities - Analyzing Punjab Drinking Water Policy [2012]',93,'',2,'','','2020-11-12 11:08:08','2020-11-12 11:08:08'),(17579,'JakartaPost 20070818 - City Water Crisis Could See Deeper Wells Dug',93,'',2,'','','2020-11-12 11:08:08','2020-11-12 11:08:08'),(17580,'Karn & Harada - Water Supply Sanitation and Health Impacts in Urban Poor Communities in Mumbai [nd]',93,'',2,'','','2020-11-12 11:08:08','2020-11-12 11:08:08'),(17581,'Kooy & Bakker - Splintered Networks - The Colonial and Contemporary Waters of Jakarta [2008]',93,'',2,'','','2020-11-12 11:08:08','2020-11-12 11:08:08'),(17582,'Lagardien & Cousins - Strategic Approaches in the Provision of Sanitation',93,'',2,'','','2020-11-12 11:08:08','2020-11-12 11:08:08'),(17583,'Lee - Malaysia Country Report on Eco-Efficient Water Infrastructure [2009]',93,'',2,'','','2020-11-12 11:08:08','2020-11-12 11:08:08'),(17584,'Lee - Rethinking Urban Water Supply and Sanitation Strategy',93,'',2,'','','2020-11-12 11:08:08','2020-11-12 11:08:08'),(17585,'LKYSPP - Good Practices for Urban Water Management [2009]',93,'',2,'','','2020-11-12 11:08:08','2020-11-12 11:08:08'),(17586,'Lundqvist et al - Water Management in Megacities',93,'',2,'','','2020-11-12 11:08:08','2020-11-12 11:08:08'),(17587,'Malama & Kazimbaya - A Comparative Analysis of the Privatization of Water and sanitation and Solid Waste Management Services in Kitwe [2004]',93,'',2,'','','2020-11-12 11:08:08','2020-11-12 11:08:08'),(17588,'McGranahan - Improving Water and sanitation Services in Deprived Neighbourhoods [2007]',93,'',2,'','','2020-11-12 11:08:08','2020-11-12 11:08:08'),(17589,'McGranahan et al - Improving Access to Water and Sanitation',93,'',2,'','','2020-11-12 11:08:08','2020-11-12 11:08:08'),(17590,'Michell - The Transformation of Phnom Penh\'s Water System [2011]',93,'',2,'','','2020-11-12 11:08:08','2020-11-12 11:08:08'),(17591,'Miksic - Water Urbanization and Disease in Ancient Indonesia [nd]',93,'',2,'','','2020-11-12 11:08:08','2020-11-12 11:08:08'),(17592,'Mitlin - Water for the Poor',93,'',2,'','','2020-11-12 11:08:08','2020-11-12 11:08:08'),(17593,'Muhairwe - Piped Water is a Convenience',93,'',2,'','','2020-11-12 11:08:08','2020-11-12 11:08:08'),(17594,'Murphy et al - Appropriate Technology - Water and Sanitation in the Developing World [2009]',93,'',2,'','','2020-11-12 11:08:08','2020-11-12 11:08:08'),(17595,'Navarro - Improvng Sanitation in Coastal Communities [1995]',93,'',2,'','','2020-11-12 11:08:08','2020-11-12 11:08:08'),(17596,'NYT 20060929 - Thirsty Giant - In Teeming India Water Crisis Means Dry Pipes and Foul Sludge',93,'',2,'','','2020-11-12 11:08:08','2020-11-12 11:08:08'),(17597,'NYT 20101115 - Clean Water at No Cost',93,'',2,'','','2020-11-12 11:08:08','2020-11-12 11:08:08'),(17598,'NYT 20111025 - China Takes Loss to Get Ahead in Desalination Industry',93,'',2,'','','2020-11-12 11:08:08','2020-11-12 11:08:08'),(17599,'NYT 20120209 - Treated Wastewater Used for Drinking Supplies',93,'',2,'','','2020-11-12 11:08:08','2020-11-12 11:08:08'),(17600,'NYT 20120421 - ‘Taking the Waste Out of Wastewater',93,'',2,'','','2020-11-12 11:08:08','2020-11-12 11:08:08'),(17601,'NYT 20120729 - Singapore to Meet Water Target Before Deadline',93,'',2,'','','2020-11-12 11:08:08','2020-11-12 11:08:08'),(17602,'NYT 20121008 - Age-Old Fixes for India’s Water',93,'',2,'','','2020-11-12 11:08:08','2020-11-12 11:08:08'),(17603,'Osumanu et al - Urban Water and Sanitation in Ghana [2010]',93,'',2,'','','2020-11-12 11:08:08','2020-11-12 11:08:08'),(17604,'Pangare - Water Sector Reforms in Maharasthra',93,'',2,'','','2020-11-12 11:08:08','2020-11-12 11:08:08'),(17605,'Parvaiz et al - Advocacy in Urban Sanitation and Water',93,'',2,'','','2020-11-12 11:08:08','2020-11-12 11:08:08'),(17606,'Quitoriano - Water Voices',93,'',2,'','','2020-11-12 11:08:08','2020-11-12 11:08:08'),(17607,'Rigg & Salamanca - Production in Aquatic Peri-Urban Systems in SEA',93,'',2,'','','2020-11-12 11:08:08','2020-11-12 11:08:08'),(17608,'Rijsberman & Zwane - Sanitation and Water',93,'',2,'','','2020-11-12 11:08:08','2020-11-12 11:08:08'),(17609,'Roomratanapun - Introducing centralized wastewater tretment in Bangkok [2001]',93,'',2,'','','2020-11-12 11:08:08','2020-11-12 11:08:08'),(17610,'Seidel et al - Evaluation of Community Water Supply in Thailand [1967]',93,'',2,'','','2020-11-12 11:08:08','2020-11-12 11:08:08'),(17611,'Serageldin - Water Supply Sanitation and Environmental Sustainability',93,'',2,'','','2020-11-12 11:08:08','2020-11-12 11:08:08'),(17612,'Simpson - Are Water Markets a Viable Option',93,'',2,'','','2020-11-12 11:08:08','2020-11-12 11:08:08'),(17613,'Soviana & Puspa - Problems and Critics toward Water Management in Megacities - A Case of Indonesia [2009]',93,'',2,'','','2020-11-12 11:08:08','2020-11-12 11:08:08'),(17614,'Stokstad - Water Supply in Phnom Penh [2008]',93,'',2,'','','2020-11-12 11:08:08','2020-11-12 11:08:08'),(17615,'Sujaritpong & Nitivattanon - Factors Influencing Wastewater Management Performance in Bangkok [2009]',93,'',2,'','','2020-11-12 11:08:08','2020-11-12 11:08:08'),(17616,'SUSTAIN - Water Supply and Sanitation in Chennai',93,'',2,'','','2020-11-12 11:08:08','2020-11-12 11:08:08'),(17617,'Tortajada - Urban Water Management in Singapore [2006]',93,'',2,'','','2020-11-12 11:08:08','2020-11-12 11:08:08'),(17618,'UNCHS - The Conservation of Drinking Water Supplies',93,'',2,'','','2020-11-12 11:08:08','2020-11-12 11:08:08'),(17619,'UNCHS - Water Supply in Low-Income Housing Projects',93,'',2,'','','2020-11-12 11:08:08','2020-11-12 11:08:08'),(17620,'UNCHS - Water-Supply and Waste Disposal Management Impact Evaluation Guidelines',93,'',2,'','','2020-11-12 11:08:08','2020-11-12 11:08:08'),(17621,'UNDP - Ahmedabad Parivartan',93,'',2,'','','2020-11-12 11:08:08','2020-11-12 11:08:08'),(17622,'UNESCAP - Reusing and Recycling Water [2012]',93,'',2,'','','2020-11-12 11:08:08','2020-11-12 11:08:08'),(17623,'UNESCO - Urban Water Conflicts [2006]',93,'',2,'','','2020-11-12 11:08:08','2020-11-12 11:08:08'),(17624,'UN-Habitat - Water Demand Management in Practice',93,'',2,'','','2020-11-12 11:08:08','2020-11-12 11:08:08'),(17625,'UN-Water - Water for Life Decade',93,'',2,'','','2020-11-12 11:08:08','2020-11-12 11:08:08'),(17626,'Water Democracy in Asia',93,'',2,'','','2020-11-12 11:08:08','2020-11-12 11:08:08'),(17627,'WBCSD - Water for the Poor [2002]',93,'',2,'','','2020-11-12 11:08:08','2020-11-12 11:08:08'),(17628,'Whittington - Sanitation and Water',93,'',2,'','','2020-11-12 11:08:08','2020-11-12 11:08:08'),(17629,'Whittington & Choe - Economic Benefits Available from the Provision of Improved Potable Water Supplies [1992]',93,'',2,'','','2020-11-12 11:08:08','2020-11-12 11:08:08'),(17630,'Wouters - Water Security [2010]',93,'',2,'','','2020-11-12 11:08:08','2020-11-12 11:08:08'),(17631,'WSP - Guide to Ring Fencing of Local Government-Run Water Utilities [2010]',93,'',2,'','','2020-11-12 11:08:08','2020-11-12 11:08:08'),(17632,'PRIA - Water Supply Sanitation and Solid Waste Management Services in India [2008]',93,'',2,'','','2020-11-12 11:08:08','2020-11-12 11:08:08'),(17633,'ADB - Wastewater Treatment in Shanghai [2010]',93,'',2,'','','2020-11-12 11:08:08','2020-11-12 11:08:08'),(17634,'Bergkamp & Sadoff - Water in a Sustainable Economy [2008]',93,'',2,'','','2020-11-12 11:08:08','2020-11-12 11:08:08'),(17635,'Castillo - Cultural Rehydration Mainstreaming Culture in Water Governance [2008]',93,'',2,'','','2020-11-12 11:08:08','2020-11-12 11:08:08'),(17636,'Chaplin - Water efficiency - The Next generation [1996]',93,'',2,'','','2020-11-12 11:08:08','2020-11-12 11:08:08'),(17637,'Economist 20120120 - Recycling Water - Difference Engine',93,'',2,'','','2020-11-12 11:08:08','2020-11-12 11:08:08'),(17638,'El Sadek - Virtual Water [2011]',93,'',2,'','','2020-11-12 11:08:08','2020-11-12 11:08:08'),(17639,'FDI 20120814 - Will Water Pressure Lead to Investment Opportunities',93,'',2,'','','2020-11-12 11:08:08','2020-11-12 11:08:08'),(17640,'Gardner-Andrews - Water Quality and Land Use Planning [2013]',93,'',2,'','','2020-11-12 11:08:08','2020-11-12 11:08:08'),(17641,'ICA - Global Water Security [2012]',93,'',2,'','','2020-11-12 11:08:08','2020-11-12 11:08:08'),(17642,'Johnson - Unaccounted-For Water [1996]',93,'',2,'','','2020-11-12 11:08:08','2020-11-12 11:08:08'),(17643,'Lee & Kushwaha - Water Programmes in Singapore [nd]',93,'',2,'','','2020-11-12 11:08:08','2020-11-12 11:08:08'),(17644,'Mckinsey The Business of Water [2009]',93,'',2,'','','2020-11-12 11:08:08','2020-11-12 11:08:08'),(17645,'Mehta et al - Water Grabbing [2012]',93,'',2,'','','2020-11-12 11:08:08','2020-11-12 11:08:08'),(17646,'NAHRIM - Water Infrastructure in Labuan Island Malaysia [nd]',93,'',2,'','','2020-11-12 11:08:08','2020-11-12 11:08:08'),(17647,'NYT 20110723 - Adversity Creates a Boom for Reclaimed Water',93,'',2,'','','2020-11-12 11:08:08','2020-11-12 11:08:08'),(17648,'NYT 20120321 - Liter by Liter Indians Get Cleaner Water',93,'',2,'','','2020-11-12 11:08:08','2020-11-12 11:08:08'),(17649,'NYT 20120725 - Taking the Ick Factor Out of Recycled Water',93,'',2,'','','2020-11-12 11:08:08','2020-11-12 11:08:08'),(17650,'Pinera & Reed - Urban Water in Post-Conflict Kabul and Monrovia [2011]',93,'',2,'','','2020-11-12 11:08:08','2020-11-12 11:08:08'),(17651,'Pinkham & Chaplin - Water 2010 [1996]',93,'',2,'','','2020-11-12 11:08:08','2020-11-12 11:08:08'),(17652,'Reuters 20100726 - Pollution Makes Quarter of China Water Unusable',93,'',2,'','','2020-11-12 11:08:08','2020-11-12 11:08:08'),(17653,'Reuters 20110422 - A Gold Mine in China\'s Polluted Waterways',93,'',2,'','','2020-11-12 11:08:08','2020-11-12 11:08:08'),(17654,'RMI - Economic Analysis and Community Decision Making for Decentralized Wastewater Systems [2004]',93,'',2,'','','2020-11-12 11:08:08','2020-11-12 11:08:08'),(17655,'RMI - Valuing Decentralized Wastewater Technologies [2004]',93,'',2,'','','2020-11-12 11:08:08','2020-11-12 11:08:08'),(17656,'Sangameswaran - Neoliberalism amnd Water Reform in Western India [2009]',93,'',2,'','','2020-11-12 11:08:08','2020-11-12 11:08:08'),(17657,'Singapore - Blue Paper [2010]',93,'',2,'','','2020-11-12 11:08:08','2020-11-12 11:08:08'),(17658,'Singapore International Water Week 2010 - Blue Paper [2010]',93,'',2,'','','2020-11-12 11:08:08','2020-11-12 11:08:08'),(17659,'Smith et al - Contamnation of drinking Water by Arsenic in Bangladesh [2000]',93,'',2,'','','2020-11-12 11:08:08','2020-11-12 11:08:08'),(17660,'Soviana & Puspa - Problems and Critics toward Water Management in Megacities - A Case of Indonesia [2009]',93,'',2,'','','2020-11-12 11:08:08','2020-11-12 11:08:08'),(17661,'Status and Challenges of Water Infrastructure Development in Mongolia [2008]',93,'',2,'','','2020-11-12 11:08:08','2020-11-12 11:08:08'),(17662,'The Water Leader [2011]',93,'',2,'','','2020-11-12 11:08:08','2020-11-12 11:08:08'),(17663,'Time 20111018 - Why the World May Be Running Out of Clean Water',93,'',2,'','','2020-11-12 11:08:08','2020-11-12 11:08:08'),(17664,'UNDP - Assessment of the Water_Sector in Turkmenistan [2010]',93,'',2,'','','2020-11-12 11:08:08','2020-11-12 11:08:08'),(17665,'UNESCAP - Decentralized Wastewater Management [2012]',93,'',2,'','','2020-11-12 11:08:08','2020-11-12 11:08:08'),(17666,'UNESCAP - Singapore\'s Water Pricing Policy [2012]',93,'',2,'','','2020-11-12 11:08:08','2020-11-12 11:08:08'),(17667,'WBCSD - Business in the World of Water [2006]',93,'',2,'','','2020-11-12 11:08:08','2020-11-12 11:08:08'),(17668,'WBCSD - Water and Sustainable Development [nd]',93,'',2,'','','2020-11-12 11:08:08','2020-11-12 11:08:08'),(17669,'Wouters - Water Security [2010]',93,'',2,'','','2020-11-12 11:08:08','2020-11-12 11:08:08'),(17670,'Benton-Short et al - Globalization from Below - Global Immigrant Cities',94,'',2,'','','2020-11-12 11:08:08','2020-11-12 11:08:08'),(17671,'Benton-Short et al - The Connections between Immigrants and World Cities',94,'',2,'','','2020-11-12 11:08:08','2020-11-12 11:08:08'),(17672,'Chen & Lai - Can World Cities Be Easier to Approach Sustainable Developmnet',94,'',2,'','','2020-11-12 11:08:08','2020-11-12 11:08:08'),(17673,'Demographia - World Urban Areas',94,'',2,'','','2020-11-12 11:08:08','2020-11-12 11:08:08'),(17674,'Derudder et al - Pathways to Growth and Decline',94,'',2,'','','2020-11-12 11:08:08','2020-11-12 11:08:08'),(17675,'Foreign Policy Nov-Dec 2008 - The 2008 Global Cities Index',94,'',2,'','','2020-11-12 11:08:08','2020-11-12 11:08:08'),(17676,'Foreign Policy Sep-Oct 2010 - The 2010 Global Cities Index',94,'',2,'','','2020-11-12 11:08:08','2020-11-12 11:08:08'),(17677,'Frug - Power - Shanghai New York London [2005]',94,'',2,'','','2020-11-12 11:08:08','2020-11-12 11:08:08'),(17678,'FT 20110914 - Vision Differ as World Cities Build for the Future',94,'',2,'','','2020-11-12 11:08:08','2020-11-12 11:08:08'),(17679,'Godfrey & Yu - Ranking and World Cities [1999]',94,'',2,'','','2020-11-12 11:08:08','2020-11-12 11:08:08'),(17680,'Gurria - Globalizing Cities and Regions [2007]',94,'',2,'','','2020-11-12 11:08:08','2020-11-12 11:08:08'),(17681,'Hall - World Urban Systems',94,'',2,'','','2020-11-12 11:08:08','2020-11-12 11:08:08'),(17682,'Han - Global City Making in Singapore [2005]',94,'',2,'','','2020-11-12 11:08:08','2020-11-12 11:08:08'),(17683,'Hasan - The World Class City Concept [2009]',94,'',2,'','','2020-11-12 11:08:08','2020-11-12 11:08:08'),(17684,'Huang et al - Cities and Globalization [2007]',94,'',2,'','','2020-11-12 11:08:08','2020-11-12 11:08:08'),(17685,'Hubbard - World Cities of Sex',94,'',2,'','','2020-11-12 11:08:08','2020-11-12 11:08:08'),(17686,'Lim & Malone - Singapore as a Global City [1994]',94,'',2,'','','2020-11-12 11:08:08','2020-11-12 11:08:08'),(17687,'Ng & Hills - World Cities or Great Cities [2003]',94,'',2,'','','2020-11-12 11:08:08','2020-11-12 11:08:08'),(17688,'OECD - What Policies for Globalizing Cities [2007]',94,'',2,'','','2020-11-12 11:08:08','2020-11-12 11:08:08'),(17689,'Sassen - Cities and City Regions in Today\'s Global Age [2007]',94,'',2,'','','2020-11-12 11:08:08','2020-11-12 11:08:08'),(17690,'Sassen - Cities in the Global Economy',94,'',2,'','','2020-11-12 11:08:08','2020-11-12 11:08:08'),(17691,'Sassen - Nurturing Asia\'s World Cities',94,'',2,'','','2020-11-12 11:08:08','2020-11-12 11:08:08'),(17692,'Sassen - Searching for the Global in the Urban [nd]',94,'',2,'','','2020-11-12 11:08:08','2020-11-12 11:08:08'),(17693,'Savills - World Cities Review [2011]',94,'',2,'','','2020-11-12 11:08:08','2020-11-12 11:08:08'),(17694,'Sharma - Cam Mumbai Become Shanghai [2003]',94,'',2,'','','2020-11-12 11:08:08','2020-11-12 11:08:08'),(17695,'Taylor et al - A Geograph of Global Change [2003]',94,'',2,'','','2020-11-12 11:08:08','2020-11-12 11:08:08'),(17696,'UN-HABITAT - State of the World\'s Cities - Asia and the Pacific',94,'',2,'','','2020-11-12 11:08:08','2020-11-12 11:08:08'),(17697,'Verhetsel & Sel - World Maritime Cities [2009]',94,'',2,'','','2020-11-12 11:08:08','2020-11-12 11:08:08'),(17698,'Wu & Ma - Transforming China\'s Globalizing Cities',94,'',2,'','','2020-11-12 11:08:08','2020-11-12 11:08:08'),(17699,'Yeung - Pacific Asia\'s World Cities in the New Global Economy [1994]',94,'',2,'','','2020-11-12 11:08:08','2020-11-12 11:08:08'),(17700,'World Bank - World Development Indicators 2004',95,'',2,'','','2020-11-12 11:08:08','2020-11-12 11:08:08'),(17701,'Bryceson et al - Critical Commentary on the World Development Report 2009 [2009]',96,'',2,'','','2020-11-12 11:08:08','2020-11-12 11:08:08'),(17702,'Buckley & Buckley - Discontent with the World Bank\'s Excursion into Economic Geography [2009]',96,'',2,'','','2020-11-12 11:08:08','2020-11-12 11:08:08'),(17703,'Deichmann Gill & Goh - A Practical Economic Geography [2010]',96,'',2,'','','2020-11-12 11:08:08','2020-11-12 11:08:08'),(17704,'Economist 20081106 - Cities and Growth - Lump Together and Like it',96,'',2,'','','2020-11-12 11:08:08','2020-11-12 11:08:08'),(17705,'Hart - Redrawing the Map of the World [2009]',96,'',2,'','','2020-11-12 11:08:08','2020-11-12 11:08:08'),(17706,'Harvey - Reshaping Economic Geography [2009]',96,'',2,'','','2020-11-12 11:08:08','2020-11-12 11:08:08'),(17707,'Lawson - Reshaping Economic Geography [2010]',96,'',2,'','','2020-11-12 11:08:08','2020-11-12 11:08:08'),(17708,'Montgomery - World Development Report 2009 [2009]',96,'',2,'','','2020-11-12 11:08:08','2020-11-12 11:08:08'),(17709,'Peck & Sheppard - Engaging with Reshaping Economic Geography [2010]',96,'',2,'','','2020-11-12 11:08:08','2020-11-12 11:08:08'),(17710,'Rigg et al - The World Development Report 2009 [2009]',96,'',2,'','','2020-11-12 11:08:08','2020-11-12 11:08:08'),(17711,'Rigg et al - The World Development Report 2009a [2009]',96,'',2,'','','2020-11-12 11:08:08','2020-11-12 11:08:08'),(17712,'Rodriquez-Pose - Economic Geography and the Limelight  [2009]',96,'',2,'','','2020-11-12 11:08:08','2020-11-12 11:08:08'),(17713,'Scott - World Development Report 2009 [2009]',96,'',2,'','','2020-11-12 11:08:08','2020-11-12 11:08:08'),(17714,'World Bank - Development and Climate Change WDR 2010',96,'',2,'','','2020-11-12 11:08:08','2020-11-12 11:08:08'),(17715,'World Bank - WDR2001-02 Attacking Poverty',96,'',2,'','','2020-11-12 11:08:08','2020-11-12 11:08:08'),(17716,'World Bank - WDR2006 Equity and Development',96,'',2,'','','2020-11-12 11:08:08','2020-11-12 11:08:08'),(17717,'World Bank - WDR2009 Reshaping Economic Geography Vol1',96,'',2,'','','2020-11-12 11:08:08','2020-11-12 11:08:08'),(17718,'World Bank - WDR2009 Reshaping Economic Geography Vol2',96,'',2,'','','2020-11-12 11:08:08','2020-11-12 11:08:08'),(17719,'World Bank - WDR2009 Reshaping Economic Geography',96,'',2,'','','2020-11-12 11:08:08','2020-11-12 11:08:08'),(17720,'World Bank - WDR2012 Gender Equality and Development [2012]',96,'',2,'','','2020-11-12 11:08:08','2020-11-12 11:08:08'),(17721,'World Bank - WDR2013 Jobs [2012]',96,'',2,'','','2020-11-12 11:08:08','2020-11-12 11:08:08'),(17722,'World Bank - World Development Report 2011',96,'',2,'','','2020-11-12 11:08:08','2020-11-12 11:08:08'),(17723,'World Development Report 1993 Investing in Health',96,'',2,'','','2020-11-12 11:08:08','2020-11-12 11:08:08'),(17724,'World Development Report 1999-2000 Entering 21st Century',96,'',2,'','','2020-11-12 11:08:08','2020-11-12 11:08:08'),(17725,'World Development Report 2000-2001 Attacking Poverty',96,'',2,'','','2020-11-12 11:08:08','2020-11-12 11:08:08'),(17726,'World Development Report 2002 Institutions for Markets',96,'',2,'','','2020-11-12 11:08:08','2020-11-12 11:08:08'),(17727,'World Development Report 2003 Sustainable Development',96,'',2,'','','2020-11-12 11:08:08','2020-11-12 11:08:08'),(17728,'World Development Report 2004 Services Work for Poor People',96,'',2,'','','2020-11-12 11:08:08','2020-11-12 11:08:08'),(17729,'World Development Report 2005 Investment Climate',96,'',2,'','','2020-11-12 11:08:08','2020-11-12 11:08:08'),(17730,'World Development Report 2006 Equity and Development',96,'',2,'','','2020-11-12 11:08:08','2020-11-12 11:08:08'),(17731,'World Development Report 2007 The Next Generation',96,'',2,'','','2020-11-12 11:08:08','2020-11-12 11:08:08'),(17732,'Aguirre - Government Response to Youth Poverty and Conflict in the Philippines [2003]',97,'',2,'','','2020-11-12 11:08:08','2020-11-12 11:08:08'),(17733,'Asian Youth and Rapid Globalization',97,'',2,'','','2020-11-12 11:08:08','2020-11-12 11:08:08'),(17734,'Guillebaud - Youthquake',97,'',2,'','','2020-11-12 11:08:08','2020-11-12 11:08:08'),(17735,'Hanley et al - Youth Poverty and Conflict in SEA Cities [2004]',97,'',2,'','','2020-11-12 11:08:08','2020-11-12 11:08:08'),(17736,'Hendrixson - Youth Bulge',97,'',2,'','','2020-11-12 11:08:08','2020-11-12 11:08:08'),(17737,'NYT 20121214 - The Challenge of Muslim Youth',97,'',2,'','','2020-11-12 11:08:08','2020-11-12 11:08:08'),(17738,'Ruble - Youth Explosion',97,'',2,'','','2020-11-12 11:08:08','2020-11-12 11:08:08'),(17739,'Ruble et al - Youth Explosion in Developing World Cities',97,'',2,'','','2020-11-12 11:08:08','2020-11-12 11:08:08'),(17740,'State of the World 2005 Global Security Brief #2_ Youth Bulge...',97,'',2,'','','2020-11-12 11:08:08','2020-11-12 11:08:08'),(17741,'UN-Habitat - State of the Urban Youth 2012-2013 [2012]',97,'',2,'','','2020-11-12 11:08:08','2020-11-12 11:08:08'),(17742,'Xenos - Demographic Forces Shaping Youth Populations in Asian Cities [2003]',97,'',2,'','','2020-11-12 11:08:08','2020-11-12 11:08:08'),(17743,'Yi - Challenges for Taiwan Youth Facing a Changing Society [2011]',97,'',2,'','','2020-11-12 11:08:08','2020-11-12 11:08:08');

--
-- Table structure for table `carousels`
--

CREATE TABLE `carousels` (
  `id` bigint(20) unsigned NOT NULL AUTO_INCREMENT,
  `image` varchar(255) COLLATE utf8mb4_unicode_ci NOT NULL,
  `created_at` timestamp NULL DEFAULT NULL,
  `updated_at` timestamp NULL DEFAULT NULL,
  PRIMARY KEY (`id`)
) ENGINE=InnoDB AUTO_INCREMENT=7 DEFAULT CHARSET=utf8mb4 COLLATE=utf8mb4_unicode_ci;

--
-- Dumping data for table `carousels`
--

INSERT INTO `carousels` VALUES (2,'urdi_slider01.jpg','2021-07-15 06:02:03','2021-07-15 06:02:03'),(3,'urdi_slider02.jpg','2021-07-15 06:02:18','2021-07-15 06:02:18'),(4,'urdi_slider03.jpg','2021-07-15 06:02:29','2021-07-15 06:02:29'),(5,'urdi_slider04.jpg','2021-07-15 06:02:39','2021-07-15 06:02:39'),(6,'urdi_slider05.jpg','2021-07-15 06:02:47','2021-07-15 06:02:47');

--
-- Table structure for table `division_cat_translations`
--

CREATE TABLE `division_cat_translations` (
  `id` bigint(20) unsigned NOT NULL AUTO_INCREMENT,
  `locale` varchar(255) COLLATE utf8mb4_unicode_ci NOT NULL,
  `division_cat_id` bigint(20) unsigned NOT NULL,
  `name` varchar(255) COLLATE utf8mb4_unicode_ci NOT NULL,
  `created_at` timestamp NULL DEFAULT NULL,
  `updated_at` timestamp NULL DEFAULT NULL,
  PRIMARY KEY (`id`),
  UNIQUE KEY `division_cat_translations_name_unique` (`name`),
  KEY `division_cat_translations_division_cat_id_foreign` (`division_cat_id`),
  CONSTRAINT `division_cat_translations_division_cat_id_foreign` FOREIGN KEY (`division_cat_id`) REFERENCES `division_cats` (`id`) ON DELETE CASCADE
) ENGINE=InnoDB AUTO_INCREMENT=19 DEFAULT CHARSET=utf8mb4 COLLATE=utf8mb4_unicode_ci;

--
-- Dumping data for table `division_cat_translations`
--

INSERT INTO `division_cat_translations` VALUES (1,'en',1,'administration',NULL,NULL),(2,'my',1,'စီမံရေးရာဌာနခွဲ',NULL,NULL),(3,'en',2,'finance',NULL,NULL),(4,'my',2,'ဘဏ္ဍာရေးဌာနခ',NULL,NULL),(5,'en',3,'urban-planning',NULL,NULL),(6,'my',3,'မြို့ပြအခြေခံအဆောက်အဦးစီမံကိန်း ဖွံ့ဖြိုးရေးဌာနခွဲ',NULL,NULL),(7,'en',4,'housing',NULL,NULL),(8,'my',4,'အိမ်ရာဖွံ့ဖြိုးရေးဌာနခွဲ',NULL,NULL),(9,'en',5,'urban-regional-dev',NULL,NULL),(10,'my',5,'မြို့ပြနှင့်ဒေသဖွံ့ဖြိုးရေးဌာနခွဲ',NULL,NULL),(11,'en',6,'land-&-property',NULL,NULL),(12,'my',6,'မြေနှင့်အိမ်ရာဌာနခွဲ',NULL,NULL),(13,'en',7,'yangon-hluttaw',NULL,NULL),(14,'my',7,'လွှတ်တော်/နေအိမ်(ရန်ကုန်)',NULL,NULL),(15,'en',8,'naypyitaw-hluttaw',NULL,NULL),(16,'my',8,'လွှတ်တော်/အိမ်တော်(နေပြည်တော်)',NULL,NULL),(17,'en',9,'states-&-divisions',NULL,NULL),(18,'my',9,'တိုင်း/ပြည်နယ်',NULL,NULL);

--
-- Table structure for table `division_cats`
--

CREATE TABLE `division_cats` (
  `id` bigint(20) unsigned NOT NULL AUTO_INCREMENT,
  `created_at` timestamp NULL DEFAULT NULL,
  `updated_at` timestamp NULL DEFAULT NULL,
  PRIMARY KEY (`id`)
) ENGINE=InnoDB AUTO_INCREMENT=10 DEFAULT CHARSET=utf8mb4 COLLATE=utf8mb4_unicode_ci;

--
-- Dumping data for table `division_cats`
--

INSERT INTO `division_cats` VALUES (1,NULL,NULL),(2,NULL,NULL),(3,NULL,NULL),(4,NULL,NULL),(5,NULL,NULL),(6,NULL,NULL),(7,NULL,NULL),(8,NULL,NULL),(9,NULL,NULL);

--
-- Table structure for table `division_translations`
--

CREATE TABLE `division_translations` (
  `id` bigint(20) unsigned NOT NULL AUTO_INCREMENT,
  `locale` varchar(255) COLLATE utf8mb4_unicode_ci NOT NULL,
  `division_id` bigint(20) unsigned NOT NULL,
  `title` varchar(255) COLLATE utf8mb4_unicode_ci NOT NULL,
  `body` text COLLATE utf8mb4_unicode_ci NOT NULL,
  `created_at` timestamp NULL DEFAULT NULL,
  `updated_at` timestamp NULL DEFAULT NULL,
  PRIMARY KEY (`id`),
  UNIQUE KEY `division_translations_division_id_locale_unique` (`division_id`,`locale`),
  KEY `division_translations_locale_index` (`locale`),
  CONSTRAINT `division_translations_division_id_foreign` FOREIGN KEY (`division_id`) REFERENCES `divisions` (`id`) ON DELETE CASCADE
) ENGINE=InnoDB AUTO_INCREMENT=21 DEFAULT CHARSET=utf8mb4 COLLATE=utf8mb4_unicode_ci;

--
-- Dumping data for table `division_translations`
--

INSERT INTO `division_translations` VALUES (1,'en',1,'Administration','<p>Lorem ipsum dolor sit amet, consectetur adipiscing elit. Ut id fermentum nisl. Nunc in elementum magna. Ut blandit dignissim felis, sed interdum arcu efficitur vitae. Donec malesuada ante et nibh imperdiet fringilla. Praesent tempus nunc vel euismod tincidunt. Aenean vel ligula justo. Pellentesque maximus velit arcu, in viverra sem rhoncus sed. Integer venenatis id est et iaculis. Sed dignissim condimentum magna, at volutpat odio consequat et.</p>',NULL,NULL),(2,'my',1,'စီမံရေးရာဌာနခွဲ','<p><strong>ဌာနခွဲ၏လုပ်ငန်းတာဝန်များ</strong></p>\r\n<ul>\r\n<li>ဖွဲ့စည်းပုံရေးဆွဲခြင်း ၊ ၀န်ထမ်းခန့်ထားခြင်း ၊ ရာထူးတိုးမြှင့်ခြင်း ၊ ပြောင်းရွှေ့ခြင်း ၊ နှုတ်ထွက် / ထုတ်ပယ်ခြင်း ၊ ရာထူးအနွယ်ပြောင်းခြင်း ၊ နေ့စား၀န်ထမ်းများခန့်ထားခြင်း ၊ စာမေးပွဲများ ပြုလုပ်ခြင်း ၊ ပင်စင်ကိစ္စ ဆောင်ရွက်ခြင်း ၊ ခွင့်ကိစ္စများ ၊ ၀န်ထမ်းမှတ်တမ်းများ ၊ နှစ်တိုး ဆောင်ရွက်ခြင်း ၊ လုပ်သက်စပ်ဆက်ခြင်း ၊ ဌာနကူးပြောင်း စသည့် ၀န်ထမ်းရေးရာ ကိစ္စများ ဆောင်ရွက်ခြင်း။</li>\r\n<li>ပြည်တွင်းပြည်ပသို့ သင်တန်းများစေလွှတ်ခြင်း ၊ လူ့စွမ်းအားအရင်း အမြစ်မြှင့်တင်ရေး (<strong>Capacity</strong> <strong>Building)</strong> ဆိုင်ရာကိစ္စရပ်များ ဆောင် ရွက်ခြင်း ဘွဲ့ထူးဂုဏ်ထူးများ ကိစ္စဆောင်ရွက်ခြင်း ၊ အမိန့်နှင့် ညွှန်ကြားချက်များ ထုတ်ပြန်ခြင်း ၊ ပြန်တမ်းများ ၊ စုံစမ်းစစ်ဆေးရေး ခုံရုံးဆိုင်ရာကိစ္စရပ်များ ဆောင်ရွက်ခြင်း ။</li>\r\n<li>ရုံးသုံးပရိဘောဂ ၊ စာရေးကိရိယာ နှင့် အထွေထွေလိုအပ်ချက်များ ၀ယ်ယူ ဖြည့်တင်းခြင်းနှင့် ပြင်ဆင်ထိန်းသိမ်းခြင်းလုပ်ငန်းများ ဆောင်ရွက်ခြင်း။</li>\r\n<li>၀န်ထမ်းများ၏ သာရေးနာရေး၊ သက်သာချောင်ချိရေးကိစ္စများ ဆောင်ရွက် ပေးခြင်း ၊ ရုံးလုံခြုံရေးနှင့် သန့်ရှင်းရေးကိစ္စများ ဆောင်ရွက်ခြင်း ။</li>\r\n<li>ယာဉ်နှင့်စက်ကိရိယာများ စက်ဆီချောဆီများ ၀ယ်ယူဖြည့်တင်းပေးခြင်း ၊ ပြင်ဆင်ထိန်းသိမ်းခြင်းနှင့် သယ်ယူပို့ဆောင်ရေးကိစ္စများ ဆောင်ရွက် ပေးခြင်း။</li>\r\n<li>အစည်းအဝေးများ ကျင်းပနိုင်ရေး စီစဉ်ဆောင်ရွက်ပေးခြင်း ၊ မှတ်တမ်း တင်ခြင်းကိစ္စများ ဆောင်ရွက်ခြင်း ။</li>\r\n<li><strong>e-Office </strong>ဆိုင်ရာကိစ္စရပ်များနှင့်ပတ်သက်၍ စာပေးစာယူကိစ္စများ ဆောင်ရွက်ခြင်း ၊ <strong>ICT</strong>ကဏ္ဍ ၊ ဌာနခွဲများအကြား <strong>Network </strong>ချိတ်ဆက်၍ <strong>Data</strong> များဖြန့်&zwnj;ဝေခြင်း ၊ သိမ်းဆည်းခြင်းနှင့် လုံခြုံရေးကိစ္စများ ဆောင်ရွက်ခြင်း ၊ ဌာနခွဲများ၏ အချက်အလက်များကို<strong> Data Bank</strong> ပြုစု၍ မှတ်တမ်းများ ထိန်းသိမ်းခြင်း ၊ <strong>Website</strong> တွင် <strong>Update Data</strong> များ တင်နိုင်ရေးအတွက် ဌာနခွဲများနှင့် ပေါင်းစပ် ဆောင်ရွက်ပေးခြင်း ၊ <strong>e-Government</strong> အကောင်အထည်ဖော် ဆောင်ရွက်နိုင်ရေးအတွက် ဆောင်ရွက်ပေးခြင်း။</li>\r\n</ul>\r\n<p><strong>ဌာန၏လုပ်ငန်းတာဝန်များ</strong></p>\r\n<ul>\r\n<li>ပြည်တွင်းပြည်ပ ရင်းနှီးမြုပ်နှံမှုများ ဆောင်ရွက်ပေးခြင်း ၊ <strong>BOT </strong>စနစ် ဖြင့်ဆောင်ရွက်သည့်ကိစ္စများ၊ နိုင်ငံခြားရင်းနှီးမြုပ်နှံမှု ဆိုင်ရာ ကိစ္စများ၊ ဖက်စပ်ကုမ္ပဏီများနှင့်အစည်းအ&zwnj;ဝေးများ ကျင်းပခြင်း ၊ နိုင်ငံတကာ ကိစ္စရပ်များနှင့်ပတ်သက်၍ ပေါင်းစပ်ညှိနှိုင်းဆောင်ရွက်ခြင်း ၊ သံရုံး အဆောက်အဦများ ဌားရမ်းခြင်းဆိုင်ရာကိစ္စရပ်များ ဆောင်ရွက်ခြင်း ။</li>\r\n<li>နိုင်ငံတကာဥပဒေများကိုလေ့လာ၍ ဥပဒေကြမ်းများရေးဆွဲခြင်း ၊ တည်ဆဲ ဥပဒေနှင့် နည်းဥပဒေများကို ခေတ်နှင့်လျော်ညီအောင်ပြင်ဆင်ရေးဆွဲခြင်း ၊ ဥပဒေမူကြမ်းနှင့် နည်းဥပဒေမူကြမ်းများ အတည်ပြုပြဌာန်းနိုင်ရေး ဆောင်ရွက်ခြင်း ၊ မိမိဌာနနှင့် အခြား၀န်ကြီးဌာနများသို့ ဥပဒေဆိုင်ရာ သဘောထားမှတ်ချက်များပေးပို့ခြင်း၊ ပြည်ထောင်စုရှေ့နေချုပ်ရုံး၏ လမ်းညွှန်မှု နှင့်အညီ အမှုလိုက်ပါဆောင်ရွက်ခြင်း ၊ အယူခံ၀င်ရောက်ခြင်း ကိစ္စရပ်များကို ဆောင်ရွက်ခြင်း။</li>\r\n<li>ဌာနနှင့်သက်ဆိုင်သော သတင်းအချက်အလက်များ ၊ မူဝါဒများ ၊ ဆောင်ရွက်မည့် လုပ်ငန်းများ ၊ လုပ်ထုံးလုပ်နည်းများကို ပြည်သူသို့ အသိပေးခြင်း ၊ သတင်းထုတ်ပြန်ခြင်း။</li>\r\n</ul>',NULL,NULL),(5,'en',3,'Finance','<p>Lorem ipsum dolor sit amet, consectetur adipiscing elit. Ut id fermentum nisl. Nunc in elementum magna. Ut blandit dignissim felis, sed interdum arcu efficitur vitae. Donec malesuada ante et nibh imperdiet fringilla. Praesent tempus nunc vel euismod tincidunt. Aenean vel ligula justo. Pellentesque maximus velit arcu, in viverra sem rhoncus sed. Integer venenatis id est et iaculis. Sed dignissim condimentum magna, at volutpat odio consequat et.</p>',NULL,NULL),(6,'my',3,'ဘဏ္ဍာရေးဌာနခွဲ','<p><strong>ဌာနခွဲ၏လုပ်ငန်းတာဝန်များ</strong></p>\r\n<ul>\r\n<li>ပြည်ထောင်စု၏ သာမန်ရသုံးခန့်မှန်းခြေနှင့်ငွေလုံးငွေရင်းရသုံးခန့်မှန်းခြေ စာရင်းများရေးဆွဲခြင်း၊ အကောင်အထည်ဖော်ခြင်းနှင့် စီစစ်အစီရင်ခံခြင်း။</li>\r\n<li>ပြည်ထောင်စု၏ လချုပ်စာရင်း၊ (၃)လပတ်အစီရင်ခံစာ ၊ (၆)လပတ် အစီရင်ခံစာ ၊ နှစ်ချုပ် စာရင်းစိစစ်ရေးဆွဲခြင်း ၊ အစီရင်ခံတင်ပြခြင်း ။</li>\r\n<li>တိုင်းဒေသကြီး/ပြည်နယ်များအားလုံးရှိ ဆောက်လုပ်ရန် စိစစ်အတည်ပြု ပြီးသည့် အိမ်ရာ စီမံကိန်းများ၏ လိုအပ်ငွေများ <strong>(Project&nbsp; Cost)</strong> စုစည်းပေါင်းချုပ်ခြင်း ၊&nbsp; စိစစ်သုံးသပ်ခြင်း နှင့် ဦးစားပေးအစီအစဉ်အလိုက် တွက်ချက်လျာထားခြင်း။</li>\r\n<li>ချေးငွေရန်ပုံငွေ <strong>(Local &amp; Foreign Loan)</strong> ၊ ထောက်ပံံ့ငွေ<strong> </strong><strong>(Grant)</strong> စသည်တို့ကို တိုင်းဒေသကြီး / ပြည်နယ်အလိုက် လိုအပ်ချက်အပေါ် အခြေခံ၍ ရန်ပုံငွေရရှိရေး အဆိုပြု တင်ပြခြင်း ၊ တိုင်းဒေသကြီး / ပြည်နယ်များသို့ အချိုးညီခွဲ&zwnj;ဝေချထားရေး စီမံခန့်ခွဲခြင်း။</li>\r\n<li>ချေးငွေရယူခြင်းနှင့်ပတ်သက်၍ ရင်းနှီးမြှုပ်နှံမှုအပေါ်ပြန်လည်ရရှိနိုင်မှု အခြေအနေ <strong>ROI</strong> <strong>(Return on Investment) </strong>ဖြစ်နိုင်ခြေ လေ့လာချက် များကို စိစစ်သုံးသပ်တင်ပြခြင်း။</li>\r\n<li>အိမ်ရာအပေါင်ခံချေးငွေနှင့် ပတ်သက်သော မူဝါဒညွှန်ကြားချက်များ ချမှတ်ပေးခြင်း ၊ ဆောက်လုပ်ရေး၊ အိမ်ရာနှင့်အခြေခံအဆောက်အအုံ ဖွံ့ဖြိုးရေးဘဏ်နှင့် ချိတ်ဆက် ဆောင်ရွက်ခြင်း။</li>\r\n<li>ဝယ်ယူနိုင်စွမ်းရှိသောအိမ်ရာစီမံကိန်း <strong>(Affordable Housing)</strong> အတွက် အိမ်ရာအပေါင်ခံချေးငွေ <strong>(Mortgage Loan) </strong>များရရှိရေး ၊ ပြန်လည်ပေးသွင်း ရန်အစီအမံများကို ဆောက်လုပ်ရေး၊ အိမ်ရာနှင့်အခြေခံအဆောက်အအုံ ဖွံ့ဖြိုးရေးဘဏ်နှင့် ၊ အိမ်ရာဖွံ့ဖြိုးတိုးတက်ရေး ကော်ပိုရေးရှင်းနှင့် တိုင်းဒေသကြီး/ ပြည်နယ် အစိုးရအဖွဲ့တို့ကြား ပေါင်းစပ်ညှိနှိုင်း ဆောင်ရွက်ခြင်း။</li>\r\n<li>ဝင်ငွေနည်းမိသားစုများ အိမ်ရာပိုင်ဆိုင်ခွင့်ရရှိရေးအတွက် လိုအပ်မည့် အိမ်ရာရန်ပုံငွေ တစ်ရပ်<strong>( Housing&nbsp;&nbsp; Fund )</strong> ထူထောင်ရေး&nbsp; အစီအမံများ အကြံပြုတင်ပြခြင်း ၊ အကောင် အထည်ဖော်ဆောင်ရွက်ခြင်း။</li>\r\n</ul>\r\n<p><strong>ဌာနခွဲ၏လုပ်ငန်းတာဝန်များ</strong></p>\r\n<ul>\r\n<li>တိုင်းဒေသကြီး/ပြည်နယ်များ၏ အိမ်ရာကဏ္ဍရင်းနှီးမြှုပ်နှံမှု အမျိုးမျိုးအပေါ် အကောင်အထည်ဖော်ခြင်းနှင့်ပတ်သက်၍ လိုအပ်သောညွှန်ကြားချက်များ ထုတ်ပြန်ခြင်း ၊ ညွှန်ကြားချက်အတိုင်းအကောင်အထည်ဖော်မှုအား ကြီးကြပ်ခြင်း ၊ စိစစ်သုံးသပ်ခြင်း ၊ တိုင်းဒေသကြီး/ ပြည်နယ်များအားလုံး၏ ချေးငွေရရှိမှ၊ အကောင်အထည်ဖော်မှုနှင့် ပြန်လည်ရရှိမှု ၊&nbsp;&nbsp; ထိန်းချုပ် စာရင်းများစုစည်း မှတ်တမ်းတင်ခြင်း၊ အစီရင်ခံတင်ပြခြင်း။</li>\r\n<li>တိုင်းဒေသကြီး/ပြည်နယ်များ၏ လချုပ်စာရင်းများ ၊နှစ်ချုပ်စာရင်း (ရသစ)များကိုစိစစ်ခြင်း ၊&nbsp; လိုအပ်ချက်များ ကြီးကြပ်လမ်းညွှန်ခြင်း။</li>\r\n<li>မြို့ပြနှင့်အိမ်ရာဖွံ့ဖြိုးရေးဦးစီးဌာန (ရုံးချုပ်)နှင့် တိုင်းဒေသကြီး / ပြည်နယ် အသီးသီးရှိ ရုံးခွဲများ၏ ရငွေ ၊ သုံးငွေစာရင်းများကို ပုံမှန်စာရင်း စစ်ဆေးနိုင်ရေး အတွက် စာရင်းစစ်အစီအစဉ် (<strong>Audit Program</strong>) များ ရေးဆွဲတင်ပြခြင်း။</li>\r\n<li>စာရင်းစစ်အစီအစဉ်အရ စာရင်းများကို သွားရောက်စစ်ဆေးခြင်း ၊ စာရင်းစစ်ဆေးတွေ့ရှိ ချက်&nbsp; အစီရင်ခံစာများ တင်ပြအစီရင်ခံခြင်း။ <strong>(Internal Audit Report)</strong></li>\r\n<li>စာရင်းစနစ် (<strong>Account System</strong>) နှင့် ဌာနတွင်းကြီးကြပ်ကွပ်ကဲမှုစနစ် <strong>(Internal Control</strong><strong>&nbsp; System)</strong> ကို စိစစ်သုံးသပ်ခြင်း ၊ အခါ အားလျော်စွာ လိုအပ်သည့် အကြောင်းကြားစာများ၊ ညွှန်ကြား စာများပေးပို့ခြင်း။</li>\r\n<li>ဒေသဆိုင်ရာစာရင်းရုံးများ၏ စာရင်းစစ်အစီရင်ခံစာများအပေါ် လိုက်နာ ဆောင်ရွက်ရေး အတွက် ကြီးကြပ်လမ်းညွှန်ခြင်း။</li>\r\n<li><strong>Housing Finance Mechanism</strong> နှင့် စပ်လျဉ်း၍ သုတေသနလုပ်ငန်းများ ဆောင်ရွက်ခြင်းနှင့် စံချိန်စံညွှန်းသတ်မှတ်ချက်များ ဆောင်ရွက်ခြင်း ၊ <strong>Review</strong> လုပ်ခြင်း။</li>\r\n</ul>',NULL,NULL),(7,'en',4,'Urban Infrastructure Planning & Project Development','<p>Lorem ipsum dolor sit amet, consectetur adipiscing elit. Ut id fermentum nisl. Nunc in elementum magna. Ut blandit dignissim felis, sed interdum arcu efficitur vitae. Donec malesuada ante et nibh imperdiet fringilla. Praesent tempus nunc vel euismod tincidunt. Aenean vel ligula justo. Pellentesque maximus velit arcu, in viverra sem rhoncus sed. Integer venenatis id est et iaculis. Sed dignissim condimentum magna, at volutpat odio consequat et.</p>',NULL,NULL),(8,'my',4,'မြို့ပြအခြေခံအဆောက်အဦးစီမံကိန်း ဖွံ့ဖြိုးရေးဌာနခွဲ','<p><strong>ဌာနခွဲ၏လုပ်ငန်းတာဝန်များ</strong></p>\r\n<ul>\r\n<li>အမျိုးသားအဆင့် မြို့ပြနှင့်အိမ်ရာမူဝါဒ၊ လမ်းညွှန်ချက်များနှင့်အညီ ရေးဆွဲ ပြဌာန်းထားသော တိုင်းဒေသကြီး ၊ ပြည်နယ် ၊ ကိုယ်ပိုင် အုပ်ချုပ်ခွင့်ရ တိုင်း/ဒေသများ၏ အိမ်ရာဖွံ့ဖြိုးရေး စီမံကိန်းများအတွက် နှင့် အမျိုးသား အိမ်ရာဖွံ့ဖြိုးတိုးတက်ရေးအဖွဲ့နှင့် ချိတ်ဆက်၍ အကောင်အထည်ဖော် ဆောင်ရွက်မည့် အိမ်ရာစီမံကိန်းများ အတွက် -</li>\r\n</ul>\r\n<p style=\"padding-left: 80px;\">(က)&nbsp; ဗိသုကာဒီဇိုင်းရေးဆွဲခြင်း။</p>\r\n<p style=\"padding-left: 80px;\">(ခ)&nbsp; ခိုင်ခံမှု&nbsp; Structure ဒီဇိုင်းရေးဆွဲခြင်း။</p>\r\n<p style=\"padding-left: 80px;\">(ဂ)&nbsp; ရေရရှိရေးနှင့် လျှပ်စစ်ဓာတ်အားရရှိရေးလုပ်ငန်းများ ဒီဇိုင်းပုံစံရေး ဆွဲခြင်း။</p>\r\n<p style=\"padding-left: 80px;\">(ဃ)&nbsp; ရေးဆွဲထားသော ဒီဇိုင်းပုံစံများအားလုံး၏ လုပ်ငန်းကုန်ကျ &nbsp; စရိတ်များ တွက်ချက်ခြင်း။</p>\r\n<p style=\"padding-left: 80px;\">(င)&nbsp; သဘာ၀ပတ်၀န်းကျင်ထိမ်းသိမ်းရေးနှင့်ရေစီးရေလာကောင်းမွန်ရေးအတွက်ဒီဇိုင်းပုံစံရေးဆွဲခြင်း၊ &nbsp; လုပ်ငန်းကုန်ကျစရိတ်များ &nbsp; တွက်ချက်ခြင်း။</p>\r\n<p style=\"padding-left: 80px;\">(စ)&nbsp; လမ်းခင်းခြင်းလုပ်ငန်းများအတွက် လုပ်ငန်းကုန်ကျစရိတ်များ တွက်ချက်ခြင်း။</p>\r\n<p style=\"padding-left: 80px;\">(ဆ)&nbsp; ပြင်ပလျှပ်စစ်ဓာတ်အားရရှိရေးလုပ်ငန်းများနှင့် ပတ်သက်ပြီး ၀န်အားတွက်ချက်ခြင်း၊ ဆောင်ရွက်ရမည့် လုပ်ငန်းစဉ်များ &nbsp; ချမှတ်ခြင်း ၊ ကုန်ကျစရိတ်တွက်ချက်ခြင်း၊ တိုင်းဒေသကြီး/ ပြည်နယ်များနှင့် ညှိနှိုင်းဆောင်ရွက်ပေးခြင်း။</p>\r\n<ul>\r\n<li>အမျိုးသားအဆင့် မြို့ပြမူဝါဒအရ တိုင်းဒေသကြီး / ပြည်နယ် ၊ ကိုယ်ပိုင်အုပ်ချုပ်ခွင့်ရ တိုင်း/ဒေသများ၏ ဖော်ထုတ်ဆောင်ရွက်နေသော အိမ်ရာစီမံကိန်းများအတွက် သတ်မှတ် ခွင့်ပြုသော ဒီဇိုင်းပုံစံအတိုင်း ဆောင်ရွက်မှုရှိ/မရှိကို မြို့ပြ ၊ ရေသန့် ၊ လျှပ်စစ်လုပ်ငန်းများ အလိုက် စစ်ဆေးခြင်း၊ ကြီးကြပ်ကွပ်ကဲ စစ်ဆေးခြင်း။</li>\r\n<li>နိုင်ငံတဝှမ်း အကောင်အထည်ဖော်ဆောင်ရွက်သော မြို့ပြဖွံ့ဖြိုးမှု အိမ်ရာ စီမံကိန်းများ ရေးရရှိရေးနှင့် သန့်ရှင်းရေး <strong>(Water Supply and Sanitation)</strong> ဆိုင်ရာလုပ်ငန်းများနှင့် စပ်လျဉ်း၍ ဆက်နွယ်သည့် ၀န်ကြီး ဌာနများ ၊ တိုင်းဒေသကြီး / ပြည်နယ် အစိုးရအဖွဲ့များနှင့် ပေါင်းစပ် ဆောင်ရွက်ခြင်း ၊ နည်းပညာ အကူအညီများ ပူးပေါင်း ဆောင်ရွက်ရန်။</li>\r\n<li>နိုင်ငံတစ်ဝှမ်း အကောင်အထည်ဖော်ဆောင်ရွက်သော မြို့ပြဖွံ့ဖြိုးမှုအိမ်ရာ စီမံကိန်းများ အတွက် ရေအရင်းအမြစ်စူးစမ်းရှာဖွေခြင်း။</li>\r\n<li>နိုင်ငံတစ်ဝှမ်းလုံး၏ မြေအောက်ရေ တူးဖော်ရေးလုပ်ငန်းများအား ထိန်းသိမ်းကြပ်မတ်ခြင်း ၊ လမ်းညွှန်ချက်များ ချမှတ်ခြင်း။</li>\r\n</ul>\r\n<p><strong>ဌာနခွဲ၏လုပ်ငန်းတာဝန်များ</strong></p>\r\n<ul>\r\n<li>မြို့ပြနှင့်အိမ်ရာကဏ္ဍဆိုင်ရာ ပြည်တွင်းပြည်ပရင်းနှီးမြှုပ်နှံမှု လုပ်ငန်းရှင် များမှ ဆောက် လုပ်မည့်စီမံကိန်းပုံစံများ အတွက် -</li>\r\n</ul>\r\n<p style=\"padding-left: 80px;\">&nbsp; (က)&nbsp; အိမ်ရာစီမံကိန်းတွင်ဆောက်လုပ်မည့် အဆောက်အဦအတွက် <strong>Architecture</strong> ဒီဇိုင်း <strong>standard </strong>များသတ်မှတ် &nbsp; &nbsp;ထုတ်ပြန်ခြင်း &nbsp; &nbsp;သတ်မှတ်ထားသည့်အတိုင်း ပုံစံရေးဆွဲ တင်ပြထားခြင်း ရှိ/မရှိ စစ်ဆေးခြင်း။</p>\r\n<p style=\"padding-left: 80px;\">&nbsp; (ခ)&nbsp; ထည့်သွင်းဆောက်လုပ်ရမည့် <strong>Design and Specifications</strong> များကို သတ်မှတ် ထုတ်ပြန်ခြင်း။</p>\r\n<p style=\"padding-left: 80px;\">&nbsp; (ဂ)&nbsp; အဆောက်အဦခိုင်ခံမှု <strong>Structure</strong> ဒီဇိုင်းကို လိုင်စင်ရပညာရှင် <strong>Professional Structural&nbsp; License Engineer</strong> တွက်ချက်မှုပုံစံအား &nbsp; &nbsp;&nbsp;&nbsp; &nbsp;&nbsp;&nbsp;&nbsp;&nbsp;&nbsp;&nbsp;&nbsp;&nbsp;&nbsp;တွက်ချက်မှုနှင့်အတူ <strong>CQHP</strong>(သို့မဟုတ်) အခြား အဆင့်မြင့်အဖွဲ့ တစ်ခု၏ စစ်ဆေး အတည်ပြု ချက်ရရှိပြီးခြင်းရှိ/မရှိစစ်ဆေးခြင်း။ &nbsp; (ဃ)&nbsp; အဆောက်အဦဆောက်လုပ်ခြင်း ကုန်ကျစရိတ်တွက်ချက်မှု (BQ) အား&zwnj; ဒေသပေါက်စျေးအလိုက်ကိုက်ညီမှု ရှိ/မရှိ တွက်ချက် &nbsp; &nbsp;&nbsp;&nbsp;&nbsp;&nbsp;&nbsp;&nbsp;&nbsp; &nbsp;&nbsp;&nbsp;&nbsp; &nbsp;စစ်ဆေးခြင်း၊&nbsp;&nbsp; Project Cost အား တွက်ချက် စစ်ဆေးခြင်း ။</p>\r\n<p style=\"padding-left: 80px;\">&nbsp; (င)&nbsp; ရေ/သန့်ပိုက်လိုင်း၊ မိလ္လာပိုက်လိုင်းနှင့် ရေဆိုးထုတ်ခြင်းစသဖြင့် ရေရရှိရေးနှင့် သန့်ရှင်းရေးလုပ်ငန်းဆိုင်ရာ ဒီဇိုင်းပုံစံများထုတ်ခြင်း &nbsp; ၊ ကုန်ကျစရိတ်တွက်ချက် စစ်ဆေးခြင်း ၊ အသုံးပြုရမည့် <strong>Qulality</strong><strong> Standard</strong> များသတ်မှတ်ခြင်း။</p>\r\n<p style=\"padding-left: 80px;\">&nbsp; (စ)&nbsp; စီမံကိန်းအတွင်း လျှပ်စစ်ဓာတ်အားရရှိရေးအတွက် ၀န်အား လိုအပ်ချက် တွက်ချက် ဆောင်ရွက်ခြင်း ၊ အဆောက်အဦအတွင်း &nbsp; လျှပ်စစ်ပုံစံဒီဇိုင်းများ မှန်ကန်မှုရှိ/မရှိ စစ်ဆေးခြင်း<strong>၊</strong><strong> Standard Specification</strong>များ သတ်မှတ်ခြင်းနှင့် လုပ်ငန်းတန်ဘိုး &nbsp; တွက်ချက်ခြင်း။</p>\r\n<p style=\"padding-left: 80px;\">&nbsp; (ဆ)&nbsp; အိမ်ရာစီမံကိန်းအတွင်း ဖောက်လုပ်မည့် လမ်းဒီဇိုင်းများ စစ်ဆေး အတည်ပြုခြင်း၊ ကုန်ကျစရိတ်တွက်ချက်ခြင်း။</p>\r\n<p style=\"padding-left: 80px;\">&nbsp; (ဇ)&nbsp; ရေစီးရေလာဒီဇိုင်းအား မြေပြင်အခြေအနေနှင့် ကိုက်ညီမှု ရှိ/မရှိ စစ်ဆေးအတည်ပြုခြင်း၊ အုတ်ရေမြောင်း၊ <strong>Box Culvert </strong>နှင့် &nbsp; ရေတံခါးများ၏ ဆောက်လုပ်မှု ကုန်ကျစရိတ် တွက်ချက်ခြင်း။</p>\r\n<ul>\r\n<li>ပြည်ထောင်စုအစိုးရမှ သီးခြားတာ၀န်ပေးအပ်သော အိမ်ရာစီမံကိန်းများ အကောင်အထည် ဖော်ဆောင်ရွက်ရာတွင် ဒီဇိုင်းပုံစံရေးဆွဲခြင်း၊ အကဲဖြတ် စိစစ်ခြင်း၊ ကြီးကြပ်ကွပ်ကဲခြင်း လုပ်ငန်းများ ဆောင်ရွက်ခြင်း။</li>\r\n</ul>\r\n<p>&nbsp;</p>',NULL,NULL),(9,'en',5,'Housing Development','<p>Lorem ipsum dolor sit amet, consectetur adipiscing elit. Ut id fermentum nisl. Nunc in elementum magna. Ut blandit dignissim felis, sed interdum arcu efficitur vitae. Donec malesuada ante et nibh imperdiet fringilla. Praesent tempus nunc vel euismod tincidunt. Aenean vel ligula justo. Pellentesque maximus velit arcu, in viverra sem rhoncus sed. Integer venenatis id est et iaculis. Sed dignissim condimentum magna, at volutpat odio consequat et.</p>',NULL,NULL),(10,'my',5,'အိမ်ရာဖွံ့ဖြိုးရေးဌာနခွဲ','<p><strong>ဌာနခွဲ၏လုပ်ငန်းတာဝန်များ</strong></p>\r\n<ul>\r\n<li>အိမ်ရာကဏ္ဍဆိုင်ရာ ကိန်းဂဏန်း ၊ အချက်အလက်နှင့် အညွှန်းကိန်းများ ကောက်ယူ ဆန်းစစ်ပြုစုရေးနှင့် အိမ်ရာမူ၀ါဒများ မဟာဗျူဟာများ ရေးဆွဲပြုစုပေးရန်။</li>\r\n<li>ဒေသအမျိုးမျိုး၏ လူမှုစီးပွားရေး အခြေအနေပေါ်မူတည်လျက် အိမ်ရာစီမံကိန်းအမျိုးမျိုး ချမှတ် ရေးဆွဲရေးနှင့် အကောင်အထည်ဖော် ဆောင်ရွက်ပေးရန်။</li>\r\n<li>တိုင်းဒေသကြီး/ပြည်နယ် ၊ ကိုယ်ပိုင်အုပ်ချုပ်ခွင့်ရတိုင်း / ဒေသ အိမ်ရာစီမံကိန်း <strong>(Housing Plan) </strong>များရေးဆွဲ၍ ဒေသအလိုက် အကောင်အထည်ဖော် ဆောင်ရွက်ရာတွင် နိုင်ငံတစ်ဝှမ်း ဟန်ချက်ညီဖွံ့ဖြိုး တိုးတက်မှုစီမံကိန်းများ <strong>(Myanmar Sustainable Development Plan)</strong> နှင့် ကိုက်ညီမှု ရှိ/မရှိ ကို အိုးအိမ်ဖွံ့ဖြိုးရေးအဖွဲ့ <strong>(Housing Development Board)</strong> နှင့် ချိတ်ဆက်၍ ကြီးကြပ်ဆောင်ရွက်ပေးရန်။</li>\r\n<li>မြို့ပြနှင့်ကျေးလက်ဒေသရှိ ပြည်သူများအတွက် ကျန်းမာရေးနှင့် ညီညွတ်ပြီး ဘေးကင်းလုံခြုံမှုရှိသောအိမ်ရာများ <strong>(Safe Shelter)</strong> ဖြည့်ဆည်း ဆောင်ရွက်ပေးနိုင်ရန်အတွက် လိုအပ်သော စံချိန်စံညွှန်း များချမှတ်ပေးရန်။</li>\r\n<li>မြို့ပြအမွေအနှစ်ထိန်းသိမ်းနိုင်ရေးအတွက် မြို့များတွင် အိမ်ရာအဆောက် အဦဆောက်လုပ်ခြင်း ၊ ပြင်ဆင်ခြင်းများ ဆောင်ရွက်ရာ၌ လိုက်နာရမည့် စံချိန်စံညွှန်းများ ချမှတ်ပေးရန်။</li>\r\n<li>ဆောက်လုပ်ဖြန့်ဖြူးသော အိမ်ရာများ၏ စံချိန်စံညွှန်းနှင့် အရည်အသွေး မြင့်မားစေရန် ပုဂ္ဂလိကကဏ္ဍနှင့်ပူးပေါင်း၍ ကျွမ်းကျင်မှုဆိုင်ရာ အကူအညီ များပေးရန်။</li>\r\n<li>မြို့ပြနှင့်အိမ်ရာကဏ္ဍဆိုင်ရာ ပြည်တွင်းပြည်ပရင်းနှီးမြှပ်နှံမှု လုပ်ငန်းရှင် များမှ တင်ပြလာသော အိမ်ရာစီမံကိန်းပုံစံများ <strong>(Master Plan)</strong>သည် <strong>(Myanmar Sustainable Development Plan)</strong>နှင့် ကိုက်ညီမှု ရှိ/မရှိ စစ်ဆေးအတည်ပြု ပေးရန်။</li>\r\n<li>ပြည်ထောင်စုအစိုးရနှင့် တိုင်းဒေသကြီး ၊ ပြည်နယ်အစိုးရတို့မှ သီးခြားတာ၀န်ပေးအပ်သော အိမ်ရာစီမံကိန်းများ အကောင်အထည်ဖော် ဆောင်ရွက်ရာတွင် အိမ်ရာစီမံကိန်းပုံစံ <strong>(Master Plans)</strong> များကို အကဲဖြတ် စိစစ်ခြင်း၊ <strong>(Myanmar Sustainable Development Plan)</strong> နှင့် ကိုက်ညီမှု ရှိ/မရှိ စစ်ဆေး အတည်ပြုပေးရန်။\r\n<p><strong>ဌာနခွဲ၏လုပ်ငန်းတာဝန်များ</strong></p>\r\n</li>\r\n<li>အိမ်ရာကဏ္ဍရေရှည်စဉ်ဆက်မပြတ် ဖွံ့ဖြိုးတိုးတက်ရေး <strong>(</strong><strong>Substainable</strong><strong> Development For Housing Sector)</strong>အတွက် သုတေသန လုပ်ငန်းများ နှင့် အိမ်ရာကဏ္ဍဆိုင်ရာ နည်းပညာများ ၊ ဗဟုသုတများ ၊ ဖွံ့ဖြိုးတိုးတက် စေရေးအတွက် ပြည်တွင်းပြည်ပ နိုင်ငံတကာအဖွဲ့အစည်း များနှင့်ပူးပေါင်း ဆောင်ရွက်ရန်။</li>\r\n</ul>',NULL,NULL),(11,'en',6,'Urban & Regional Development','<p>Lorem ipsum dolor sit amet, consectetur adipiscing elit. Ut id fermentum nisl. Nunc in elementum magna. Ut blandit dignissim felis, sed interdum arcu efficitur vitae. Donec malesuada ante et nibh imperdiet fringilla. Praesent tempus nunc vel euismod tincidunt. Aenean vel ligula justo. Pellentesque maximus velit arcu, in viverra sem rhoncus sed. Integer venenatis id est et iaculis. Sed dignissim condimentum magna, at volutpat odio consequat et.</p>',NULL,NULL),(12,'my',6,'မြို့ပြနှင့်ဒေသဖွံ့ဖြိုးရေးဌာနခွဲ','<p><strong>ဌာနခွဲ၏လုပ်ငန်းတာဝန်များ</strong></p>\r\n<ul>\r\n<li>မြန်မာနိုင်ငံတစ်ဝှမ်းလုံးရှိ တိုင်းဒေသကြီးများနှင့် ပြည်နယ်များတွင် မြို့ရွာသစ်များ တည်ဆောက်ခြင်း ၊ မြို့ကွက်တိုးချဲ့ခြင်း ၊ လူနေမြို့ရွာ ပြန်လည်နေရာချထားရေးနှင့် သဘာဝ အန္တရာယ် ကျရောက်သည့် မြို့ပြ ၊ ကျေးလက်ဒေသများတွင် ပြန်လည်စည်ပင် ရေးစီမံကိန်း ရေးဆွဲခြင်း၊ နယ်စပ်ဒေသဖွံ့ဖြိုးရေးလုပ်ငန်းများနှင့် ဆက်စပ်၍ မြို့ပြနှင့် ဒေသစီမံကိန်း ရေးဆွဲခြင်း ၊ အကူအညီပေးခြင်း ၊ လမ်းညွှန်မှုပြုခြင်း ၊ ကြီးကြပ် ကွပ်ကဲခြင်းနှင့် ကြပ်မတ် ထိန်းကြောင်းခြင်း။</li>\r\n<li>ဒေသဖွံ့ဖြိုးရေးနှင့်ဆက်စပ်၍ မြို့ပြနှင့်ဒေသစီမံကိန်းရေးဆွဲခြင်း ၊ မြို့ပြနှင့်ကျေးလက်ဖွံ့ဖြိုးရေးစီမံကိန်းရေးဆွဲခြင်း ၊ မြို့ပြအခြေခံအဆောက် အအုံဖွံ့ဖြိုးရေး စီမံကိန်းများရေးဆွဲခြင်း၊ ယင်းသို့ရေးဆွဲရန်အတွက် အချက် အလက်များကို လေ့လာစီစစ်ခြင်းနှင့် ခြုံငုံသုံးသပ်ခြင်း ၊ စီမံကိန်းပုံစံကြမ်း များရေးဆွဲခြင်း ၊ အသေးစိတ် စီမံကိန်းပုံစံရေးဆွဲခြင်း တို့ကို အကူအညီ ပေးခြင်း၊ လမ်းညွှန်မှုပြုခြင်းနှင့် ကြီးကြပ်ကွပ်ကဲခြင်း။</li>\r\n<li>ဗဟိုအစိုးရမှ တိုက်ရိုက်စီမံဆောင်ရွက်သော စီမံကိန်းလုပ်ငန်းများနှင့် နိုင်ငံတဝှမ်း ဆောင်ရွက်မည့်အထူးဖွံ့ဖြိုးရေးစီမံကိန်းလုပ်ငန်းများ မြို့ပြနှင့် ဒေသစီမံကိန်းရေးဆွဲခြင်း ကဏ္ဍတွင်ပါဝင်ဆောင်ရွက်ခြင်း ၊ ကြီးကြပ် ကွပ်ကဲခြင်း၊ အရည်အသွေးဆန်းစစ် အကဲ ဖြတ်ခြင်းနှင့် အထောက်အကူ ပြုလုပ်ငန်းများတွင် ပါဝင်ဆောင်ရွက်ခြင်း။</li>\r\n<li>အမျိုးသားနယ်မြေဒေသဖွံ့ဖြိုးရေးစီမံကိန်းရေးဆွဲခြင်း မြို့ပြနှင့်ဒေသ စီမံကိန်းပုံစံများ ၊ မြို့ပြဖွံ့ဖြိုးရေးလုပ်ငန်းများနှင့်စပ်လျဉ်းသည့် မူဝါဒ ရေးရာနှင့် မဟာဗျုဟာလုပ်ငန်းစဉ်များ ချမှတ်နိုင်ရေးအတွက် မိမိ ဝန်ကြီးဌာန ၊ လုပ်ငန်းဆက်စပ်သည့် အမျိုးသားအဆင့် ကော်မတီများနှင့် တကွ အခြားသောဝန်ကြီးဌာနများသို့ ပညာရပ်ဆိုင်ရာ ပူးပေါင်း ဆောင်ရွက်ခြင်း။</li>\r\n<li>မြို့ပြဖွံ့ဖြိုးရေးလုပ်ငန်းများ စနစ်တကျ ဆောင်ရွက်နိုင်ရန်အတွက် အထောက်အကူ ပြုမည့် အသုံးချသုတေသနလုပ်ငန်းများ လုပ်ဆောင်ခြင်း။</li>\r\n<li>မြို့ပြနှင့်ဒေသ စီမံကိန်းရေးဆွဲခြင်းနှင့် မြို့ပြဖွံ့ဖြိုးရေးလုပ်ငန်းဆိုင်ရာ လမ်းညွှန်စာအုပ် ၊ <strong>Development Control Guide line</strong> များ၊ လက်စွဲစာအုပ်များ ပြုစုရေးဆွဲခြင်း လုပ်ငန်း ဆောင်ရွက်ခြင်း။</li>\r\n<li>မြို့ပြနှင့်ဒေသစီမံကိန်းရေးဆွဲခြင်းနှင့် လုပ်ငန်းအကောင်အထည်ဖော် ဆောင်ရွက်ခြင်းကဏ္ဍတို့နှင့်ဆက်နွယ်သည့်အဖွဲ့အစည်းများနှင့် အလုပ်ရုံ ဆွေးနွေးပွဲများ ၊ ညီလာခံများ စီစဉ် ကျင်းပခြင်း ၊ စွမ်းရည်မြှင့်တင်ရေး လေ့ကျင့်ခြင်း ၊ သင်တန်းများပြုလုပ်ခြင်း။</li>\r\n</ul>\r\n<p><strong>ဌာနခွဲ၏လုပ်ငန်းတာဝန်များ</strong></p>\r\n<ul>\r\n<li>မြို့ပြနှင့်ဒေသစီမံကိန်းများ ရေးဆွဲရာတွင် အဆင့်မြင့်အထောက်အကူ ပြုနိုင်ရန် ပထဝီဝင်အချက်အလက်သတင်းစနစ်<strong>(GIS) </strong>ယူနစ်ထူထောင်ခြင်း ၊ မြို့ပြအညွှန်းကိန်းများ စစ်တမ်းကောက်ယူပြီး မြို့ပြကွန်ယက်စနစ် <strong>(Urban Network System)</strong> ထူထောင်ခြင်းနှင့် မြို့ပြဖွံ့ဖြိုးမှု အလား အလာများ ဆန်းစစ်တွက်ထုတ်ခြင်းကို ပြည်တွင်းပြည်ပနှင့် နိုင်ငံတကာ အဖွဲ့အစည်း များ၏ ကူညီပံ့ပိုးမှုဖြင့် ဆောင်ရွက် ခြင်း။</li>\r\n<li>မြို့ပြအမွေအနှစ် အဆောက်အအုံများနှင့် ပတ်၀န်းကျင်အား ရေရှည် တည်တံ့စေရန်အတွက် မြို့ပြနှင့်ဒေသစီမံကိန်းဆိုင်ရာ အကြံဉာဏ် ပေးခြင်း ၊ လမ်းညွှန်မှုများထုတ်ပြန်ခြင်း။</li>\r\n<li>ထူးခြားသောဒေသဆိုင်ရာ အခြေအနေအရလည်းကောင်း ၊ ကဏ္ဍဆိုင်ရာ လိုအပ်ချက်အရလည်းကောင်း ၊ ဒေသအတွင်း အထူးဆောင်ရွက်ရန် ရှိသည့် ဖွံ့ဖြိုးရေးစီမံကိန်းများတွင် တိုင်းဒေသကြီးနှင့် ပြည်နယ် အစိုးရအဖွဲ့များနှင့် ညှိနှိုင်းဆောင်ရွက်ခြင်း ၊ ပညာရပ်ဆိုင်ရာ ကူညီ ပံ့ပိုးခြင်း။</li>\r\n<li>မြို့ပြအခင်းအကျင်းဒီဇိုင်း <strong>(Urban Design)</strong> ပုံထုတ်ခြင်းနှင့် မြေယာရှုခင်း ဒီဇိုင်းပုံထုတ်ခြင်း လုပ်ငန်းများဆောင်ရွက်ခြင်း။</li>\r\n<li>အပြည်ပြည်ဆိုင်ရာ အဖွဲ့အစည်းများနှင့် ပူးပေါင်းဆောင်ရွက်မည့် စီမံကိန်းများအတွက် အဆိုပြုကဏ္ဍများကို ရေးဆွဲတင်ပြခြင်း။</li>\r\n</ul>',NULL,NULL),(13,'en',7,'Land & Property Management','<p>Lorem ipsum dolor sit amet, consectetur adipiscing elit. Ut id fermentum nisl. Nunc in elementum magna. Ut blandit dignissim felis, sed interdum arcu efficitur vitae. Donec malesuada ante et nibh imperdiet fringilla. Praesent tempus nunc vel euismod tincidunt. Aenean vel ligula justo. Pellentesque maximus velit arcu, in viverra sem rhoncus sed. Integer venenatis id est et iaculis. Sed dignissim condimentum magna, at volutpat odio consequat et.</p>',NULL,NULL),(14,'my',7,'မြို့ပြနှင့်ဒေသဖွံ့ဖြိုးရေးဌာနခွဲ','<p><strong>ဌာနခွဲ၏လုပ်ငန်းတာဝန်များ</strong></p>\r\n<ul>\r\n<li>တိုင်းဒေသကြီးနှင့် ပြည်နယ်များတွင်ပြည်ထောင်စုအဆင့် ဆောင်ရွက်မည့် မြို့ပြအိမ်ရာဖွံ့ဖြိုးရေးစီမံကိန်းများ ၊ ဤဦးစီးဌာနမှ အကောင်အထည် ဖော်ဆောင်ရွက်မည့်စီမံကိန်းများအတွက်မြေသိမ်းဆည်းရေးနှင့် စီမံခန့်ခွဲမှု ကိစ္စရပ်များ ဆောင်ရွက်ခြင်း။</li>\r\n<li>ဆောင်ရွက်ပြီးဖြစ်သည့် မြို့ပြဖွံ့ဖြိုးရေးစီမံကိန်း လုပ်ငန်းများအတွက် မြေပိုင်ဆိုင်မှု အ&zwnj;ထောက် အထားများ ထုတ်ပေးခြင်း။</li>\r\n<li>ပြည်ထောင်စုအစိုးရပိုင်မြေ ၊ မြို့ပြဖွံ့ဖြိုးရေးအရန်မြေ ၊ ၀န်ကြီးဌာန နှင့် ဦးစီးဌာနပိုင်မြေ များအား စီမံခန့်ခွဲထိန်းသိမ်းခြင်း။</li>\r\n<li>အိမ်ရာစခန်းများနှင့် နိုင်ငံပိုင် အဆောက်အဦများအား စီမံခန့်ခွဲကြပ်မတ် ထိန်းသိမ်းခြင်း။</li>\r\n<li>အိမ်ရာစခန်းများ သန့်ရှင်းသာယာရေးအတွက် နေထိုင်သူများပါဝင်မှုဖြင့် အိမ်ရာစခန်း သာယာရေးကော်မတီကို ဌာနမှ တာဝန်ရှိသူများ ပါဝင်ဖွဲ့စည်းဆောင်ရွက်ခြင်း။</li>\r\n<li>အပိုင်ရောင်း တိုက်ခန်းများ၏ ပိုင်ဆိုင်မှုနှင့် စီမံခန့်ခွဲမှုဆိုင်ရာကိစ္စရပ်များ ဆောင်ရွက်ခြင်း။</li>\r\n<li>အိမ်ရာစခန်းများ၏ ဘဏ္ဍာရေးနှစ်အလိုက် ကြွေးကျန်မရှိအောင် ကောက်ခံခြင်း ၊ ရသုံးငွေ စာရင်းပြုစုရေးဆွဲခြင်း။</li>\r\n<li><strong>Condominium</strong> နှင့် ဆိုင်သော မြေပိုင်ဆိုင်မှု မှတ်ပုံတင်စာရင်းသွင်းခြင်း ၊ အခန်းလွှဲပြောင်း ရောင်းချမှုကို မှတ်ပုံတင်ခြင်း နှင့် စီမံခန့်ခွဲမှုဆိုင်ရာ အငြင်းပွားမှုများကို ဖြေရှင်းခြင်း။</li>\r\n<li>အိမ်ရာစခန်းနှင့် အိမ်ရာစီမံကိန်းများ ဆောက်လုပ်ခြင်း ၊ ထိန်းသိမ်းခြင်းနှင့် စီမံခန့်ခွဲခြင်း တို့ကိုလိုအပ်သော စံနှုန်းများနှင့်အညီ ဆောင်ရွက်ရန် စစ်ဆေးကြီးကြပ်ခြင်း။</li>\r\n</ul>',NULL,NULL),(15,'en',8,'Yangon Hluttaw','<p>Lorem ipsum dolor sit amet, consectetur adipiscing elit. Ut id fermentum nisl. Nunc in elementum magna. Ut blandit dignissim felis, sed interdum arcu efficitur vitae. Donec malesuada ante et nibh imperdiet fringilla. Praesent tempus nunc vel euismod tincidunt. Aenean vel ligula justo. Pellentesque maximus velit arcu, in viverra sem rhoncus sed. Integer venenatis id est et iaculis. Sed dignissim condimentum magna, at volutpat odio consequat et.</p>',NULL,NULL),(16,'my',8,'လွှတ်တော်/နေအိမ်(ရန်ကုန်)','<p>Lorem ipsum dolor sit amet, consectetur adipiscing elit. Ut id fermentum nisl. Nunc in elementum magna. Ut blandit dignissim felis, sed interdum arcu efficitur vitae. Donec malesuada ante et nibh imperdiet fringilla. Praesent tempus nunc vel euismod tincidunt. Aenean vel ligula justo. Pellentesque maximus velit arcu, in viverra sem rhoncus sed. Integer venenatis id est et iaculis. Sed dignissim condimentum magna, at volutpat odio consequat et.</p>',NULL,NULL),(17,'en',9,'Naypyitaw Hluttaw','<p>Lorem ipsum dolor sit amet, consectetur adipiscing elit. Ut id fermentum nisl. Nunc in elementum magna. Ut blandit dignissim felis, sed interdum arcu efficitur vitae. Donec malesuada ante et nibh imperdiet fringilla. Praesent tempus nunc vel euismod tincidunt. Aenean vel ligula justo. Pellentesque maximus velit arcu, in viverra sem rhoncus sed. Integer venenatis id est et iaculis. Sed dignissim condimentum magna, at volutpat odio consequat et.</p>',NULL,NULL),(18,'my',9,'လွှတ်တော်/အိမ်တော်(နေပြည်တော်)','<p>Lorem ipsum dolor sit amet, consectetur adipiscing elit. Ut id fermentum nisl. Nunc in elementum magna. Ut blandit dignissim felis, sed interdum arcu efficitur vitae. Donec malesuada ante et nibh imperdiet fringilla. Praesent tempus nunc vel euismod tincidunt. Aenean vel ligula justo. Pellentesque maximus velit arcu, in viverra sem rhoncus sed. Integer venenatis id est et iaculis. Sed dignissim condimentum magna, at volutpat odio consequat et.</p>',NULL,NULL),(19,'en',10,'State & Divisions','<p>Lorem ipsum dolor sit amet, consectetur adipiscing elit. Ut id fermentum nisl. Nunc in elementum magna. Ut blandit dignissim felis, sed interdum arcu efficitur vitae. Donec malesuada ante et nibh imperdiet fringilla. Praesent tempus nunc vel euismod tincidunt. Aenean vel ligula justo. Pellentesque maximus velit arcu, in viverra sem rhoncus sed. Integer venenatis id est et iaculis. Sed dignissim condimentum magna, at volutpat odio consequat et.</p>',NULL,NULL),(20,'my',10,'တိုင်း/ပြည်နယ်','<p>Lorem ipsum dolor sit amet, consectetur adipiscing elit. Ut id fermentum nisl. Nunc in elementum magna. Ut blandit dignissim felis, sed interdum arcu efficitur vitae. Donec malesuada ante et nibh imperdiet fringilla. Praesent tempus nunc vel euismod tincidunt. Aenean vel ligula justo. Pellentesque maximus velit arcu, in viverra sem rhoncus sed. Integer venenatis id est et iaculis. Sed dignissim condimentum magna, at volutpat odio consequat et.</p>',NULL,NULL);

--
-- Table structure for table `divisions`
--

CREATE TABLE `divisions` (
  `id` bigint(20) unsigned NOT NULL AUTO_INCREMENT,
  `division_category_id` bigint(20) unsigned NOT NULL,
  `created_at` timestamp NULL DEFAULT NULL,
  `updated_at` timestamp NULL DEFAULT NULL,
  PRIMARY KEY (`id`),
  KEY `divisions_division_category_id_foreign` (`division_category_id`),
  CONSTRAINT `divisions_division_category_id_foreign` FOREIGN KEY (`division_category_id`) REFERENCES `division_cats` (`id`) ON DELETE CASCADE
) ENGINE=InnoDB AUTO_INCREMENT=11 DEFAULT CHARSET=utf8mb4 COLLATE=utf8mb4_unicode_ci;

--
-- Dumping data for table `divisions`
--

INSERT INTO `divisions` VALUES (1,1,'2021-10-01 02:16:25','2021-10-01 02:16:25'),(3,2,'2021-10-01 02:26:05','2021-10-01 02:26:05'),(4,3,'2021-10-01 02:30:29','2021-10-01 02:30:29'),(5,4,'2021-10-04 02:21:46','2021-10-04 02:21:46'),(6,5,'2021-10-04 02:24:53','2021-10-04 02:24:53'),(7,6,'2021-10-04 02:30:17','2021-10-04 02:30:17'),(8,7,'2021-10-04 02:31:43','2021-10-04 02:31:43'),(9,8,'2021-10-04 02:32:19','2021-10-04 02:32:19'),(10,9,'2021-10-04 02:32:57','2021-10-04 02:32:57');

--
-- Table structure for table `document_categories`
--

CREATE TABLE `document_categories` (
  `id` bigint(20) unsigned NOT NULL AUTO_INCREMENT,
  `name` varchar(255) COLLATE utf8mb4_unicode_ci NOT NULL,
  `created_at` timestamp NULL DEFAULT NULL,
  `updated_at` timestamp NULL DEFAULT NULL,
  `menu_id` bigint(20) unsigned NOT NULL,
  PRIMARY KEY (`id`),
  UNIQUE KEY `document_categories_name_unique` (`name`),
  KEY `document_categories_menu_id_foreign` (`menu_id`),
  CONSTRAINT `document_categories_menu_id_foreign` FOREIGN KEY (`menu_id`) REFERENCES `document_menus` (`id`) ON DELETE CASCADE
) ENGINE=InnoDB AUTO_INCREMENT=5 DEFAULT CHARSET=utf8mb4 COLLATE=utf8mb4_unicode_ci;

--
-- Dumping data for table `document_categories`
--

INSERT INTO `document_categories` VALUES (1,'Test Category with sub-cats','2021-02-02 08:57:34','2021-02-02 08:57:34',1),(2,'Test Category without sub-cats','2021-02-02 08:57:48','2021-02-02 08:57:48',2),(3,'Report Category One','2021-08-10 08:48:46','2021-08-10 08:48:46',3),(4,'Report Category Two','2021-08-10 08:49:00','2021-08-10 08:49:00',3);

--
-- Table structure for table `document_menus`
--

CREATE TABLE `document_menus` (
  `id` bigint(20) unsigned NOT NULL AUTO_INCREMENT,
  `name` varchar(255) COLLATE utf8mb4_unicode_ci NOT NULL,
  `created_at` timestamp NULL DEFAULT NULL,
  `updated_at` timestamp NULL DEFAULT NULL,
  PRIMARY KEY (`id`),
  UNIQUE KEY `document_menus_name_unique` (`name`)
) ENGINE=InnoDB AUTO_INCREMENT=4 DEFAULT CHARSET=utf8mb4 COLLATE=utf8mb4_unicode_ci;

--
-- Dumping data for table `document_menus`
--

INSERT INTO `document_menus` VALUES (1,'Action Plan','2021-02-02 08:55:51','2021-02-02 08:55:51'),(2,'Activiites','2021-02-02 08:55:51','2021-02-02 08:55:51'),(3,'Reports','2021-02-02 08:55:51','2021-02-02 08:55:51');

--
-- Table structure for table `document_sub_categories`
--

CREATE TABLE `document_sub_categories` (
  `id` bigint(20) unsigned NOT NULL AUTO_INCREMENT,
  `name` varchar(255) COLLATE utf8mb4_unicode_ci NOT NULL,
  `created_at` timestamp NULL DEFAULT NULL,
  `updated_at` timestamp NULL DEFAULT NULL,
  `category_id` bigint(20) unsigned NOT NULL,
  PRIMARY KEY (`id`),
  UNIQUE KEY `document_sub_categories_name_unique` (`name`),
  KEY `document_sub_categories_category_id_foreign` (`category_id`),
  CONSTRAINT `document_sub_categories_category_id_foreign` FOREIGN KEY (`category_id`) REFERENCES `document_categories` (`id`) ON DELETE CASCADE
) ENGINE=InnoDB AUTO_INCREMENT=4 DEFAULT CHARSET=utf8mb4 COLLATE=utf8mb4_unicode_ci;

--
-- Dumping data for table `document_sub_categories`
--

INSERT INTO `document_sub_categories` VALUES (1,'Test sub-category 1','2021-02-02 08:58:04','2021-02-02 08:58:04',1),(2,'Test sub-category 2','2021-02-02 08:58:17','2021-02-02 08:58:17',1),(3,'Test sub-category 3','2021-02-02 08:58:27','2021-02-02 08:58:27',1);

--
-- Table structure for table `document_translations`
--

CREATE TABLE `document_translations` (
  `id` bigint(20) unsigned NOT NULL AUTO_INCREMENT,
  `locale` varchar(255) COLLATE utf8mb4_unicode_ci NOT NULL,
  `document_id` bigint(20) unsigned NOT NULL,
  `name` varchar(255) COLLATE utf8mb4_unicode_ci DEFAULT NULL,
  `file_path` longtext COLLATE utf8mb4_unicode_ci DEFAULT NULL,
  PRIMARY KEY (`id`),
  UNIQUE KEY `document_translations_document_id_locale_unique` (`document_id`,`locale`),
  KEY `document_translations_locale_index` (`locale`),
  CONSTRAINT `document_translations_document_id_foreign` FOREIGN KEY (`document_id`) REFERENCES `documents` (`id`) ON DELETE CASCADE
) ENGINE=InnoDB AUTO_INCREMENT=15 DEFAULT CHARSET=utf8mb4 COLLATE=utf8mb4_unicode_ci;

--
-- Dumping data for table `document_translations`
--

INSERT INTO `document_translations` VALUES (1,'en',1,'Test Document 1','1612258869.pdf'),(2,'my',1,'Test Document 1(my)','1612258869.pdf'),(3,'en',2,'Test Document 2','1612259129.pdf'),(4,'my',2,'Test Document 2(my)','1612259129.pdf'),(5,'en',3,'Test Document 3','1612259156.pdf'),(6,'my',3,'Test Document 3(my)','1612259156.pdf'),(7,'en',4,'Test Document 4','1612259179.pdf'),(8,'my',4,'Test Document 4(my)','1612259179.pdf'),(9,'en',5,'Test Document 5','1612259204.pdf'),(10,'my',5,'Test Document 5(my)','1612259204.pdf'),(11,'en',6,'Test PDF for Report Section 001','1628587314.pdf'),(12,'my',6,'သီဟိုဠ်မှ ဉာဏ်ကြီးရှင်သည် အာယုဝဍ္ဎနဆေးညွှန်းစာကို ဇလွန်ဈေးဘေး ဗာဒံပင်ထက် အဓိဋ္ဌာန်လျက် ဂဃနဏဖတ်ခဲ့သည်။','1628587314.pdf'),(13,'en',7,'PDF testing for report category two','1628587464.pdf'),(14,'my',7,'သီဟိုဠ်မှ ဉာဏ်ကြီးရှင်သည် အာယုဝဍ္ဎနဆေးညွှန်းစာကို ဇလွန်ဈေးဘေး။','1628587464.pdf');

--
-- Table structure for table `documents`
--

CREATE TABLE `documents` (
  `id` bigint(20) unsigned NOT NULL AUTO_INCREMENT,
  `created_at` timestamp NULL DEFAULT NULL,
  `updated_at` timestamp NULL DEFAULT NULL,
  `menu_id` bigint(20) unsigned NOT NULL,
  `category_id` bigint(20) unsigned NOT NULL,
  `sub_category_id` bigint(20) unsigned DEFAULT NULL,
  PRIMARY KEY (`id`),
  KEY `documents_menu_id_foreign` (`menu_id`),
  KEY `documents_category_id_foreign` (`category_id`),
  KEY `documents_sub_category_id_foreign` (`sub_category_id`),
  CONSTRAINT `documents_category_id_foreign` FOREIGN KEY (`category_id`) REFERENCES `document_categories` (`id`) ON DELETE CASCADE,
  CONSTRAINT `documents_menu_id_foreign` FOREIGN KEY (`menu_id`) REFERENCES `document_menus` (`id`) ON DELETE CASCADE,
  CONSTRAINT `documents_sub_category_id_foreign` FOREIGN KEY (`sub_category_id`) REFERENCES `document_sub_categories` (`id`) ON DELETE CASCADE
) ENGINE=InnoDB AUTO_INCREMENT=8 DEFAULT CHARSET=utf8mb4 COLLATE=utf8mb4_unicode_ci;

--
-- Dumping data for table `documents`
--

INSERT INTO `documents` VALUES (1,'2021-02-02 09:11:09','2021-02-02 09:11:09',1,1,1),(2,'2021-02-02 09:15:29','2021-02-02 09:15:29',2,2,NULL),(3,'2021-02-02 09:15:56','2021-02-02 09:15:56',1,1,2),(4,'2021-02-02 09:16:19','2021-02-02 09:16:19',1,1,3),(5,'2021-02-02 09:16:44','2021-02-02 09:16:44',1,1,2),(6,'2021-08-10 08:51:54','2021-08-10 08:51:54',3,3,NULL),(7,'2021-08-10 08:54:24','2021-08-10 08:54:24',3,4,NULL);

--
-- Table structure for table `failed_jobs`
--

CREATE TABLE `failed_jobs` (
  `id` bigint(20) unsigned NOT NULL AUTO_INCREMENT,
  `connection` text COLLATE utf8mb4_unicode_ci NOT NULL,
  `queue` text COLLATE utf8mb4_unicode_ci NOT NULL,
  `payload` longtext COLLATE utf8mb4_unicode_ci NOT NULL,
  `exception` longtext COLLATE utf8mb4_unicode_ci NOT NULL,
  `failed_at` timestamp NOT NULL DEFAULT current_timestamp(),
  PRIMARY KEY (`id`)
) ENGINE=InnoDB DEFAULT CHARSET=utf8mb4 COLLATE=utf8mb4_unicode_ci;

--
-- Dumping data for table `failed_jobs`
--


--
-- Table structure for table `migrations`
--

CREATE TABLE `migrations` (
  `id` int(10) unsigned NOT NULL AUTO_INCREMENT,
  `migration` varchar(255) COLLATE utf8mb4_unicode_ci NOT NULL,
  `batch` int(11) NOT NULL,
  PRIMARY KEY (`id`)
) ENGINE=InnoDB AUTO_INCREMENT=38 DEFAULT CHARSET=utf8mb4 COLLATE=utf8mb4_unicode_ci;

--
-- Dumping data for table `migrations`
--

INSERT INTO `migrations` VALUES (1,'2014_10_12_000000_create_users_table',1),(2,'2014_10_12_100000_create_password_resets_table',1),(3,'2019_08_19_000000_create_failed_jobs_table',1),(4,'2020_06_03_081825_create_articles_table',1),(5,'2020_06_07_054003_create_article_translations_table',1),(6,'2020_06_18_222622_create_news_table',1),(7,'2020_10_12_182138_create_document_menus_table',1),(8,'2020_10_12_192541_create_document_categories_table',1),(9,'2020_10_12_193824_create_document_sub_categories_table',1),(10,'2020_10_13_125521_create_documents_table',1),(11,'2020_10_14_224258_create_document_translations',1),(12,'2020_10_20_084642_create_posts_table',1),(13,'2020_10_20_090546_create_post_translations_table',1),(14,'2020_10_22_135225_create_albums_table',1),(15,'2020_10_22_135243_create_photos_table',1),(16,'2020_10_22_135300_create_videos_table',1),(17,'2020_10_22_225108_create_announcements_table',1),(18,'2020_10_22_235621_create_announcement_translations_table',1),(19,'2020_11_01_051525_create_sectors_table',1),(20,'2020_11_01_083358_create_books_table',1),(21,'2020_12_12_210643_create_state_or_regions_table',1),(22,'2020_12_12_212109_create_town_plans_table',1),(23,'2021_01_19_112655_create_townships_table',1),(24,'2021_07_13_030205_create_carousels_table',1),(25,'2021_09_13_223159_create_about_us_table',1),(26,'2021_09_13_223513_create_about_us_translations_table',1),(27,'2021_09_16_225727_create_permissions_table',1),(28,'2021_09_16_225732_create_roles_table',1),(29,'2021_09_16_225956_create_users_permissions_table',1),(30,'2021_09_16_230213_create_users_roles_table',1),(31,'2021_09_16_230312_create_roles_permissions_table',1),(32,'2021_09_29_093055_create_division_cats_table',1),(33,'2021_09_29_093612_create_divisions_table',1),(34,'2021_09_29_093640_create_division_translations_table',1),(37,'2021_9_29_093115_create_division_cat_translations_table',1);

--
-- Table structure for table `news`
--

CREATE TABLE `news` (
  `id` bigint(20) unsigned NOT NULL AUTO_INCREMENT,
  `created_at` timestamp NULL DEFAULT NULL,
  `updated_at` timestamp NULL DEFAULT NULL,
  PRIMARY KEY (`id`)
) ENGINE=InnoDB DEFAULT CHARSET=utf8mb4 COLLATE=utf8mb4_unicode_ci;

--
-- Dumping data for table `news`
--


--
-- Table structure for table `permissions`
--

CREATE TABLE `permissions` (
  `id` int(10) unsigned NOT NULL AUTO_INCREMENT,
  `name` varchar(50) COLLATE utf8mb4_unicode_ci NOT NULL,
  `slug` varchar(50) COLLATE utf8mb4_unicode_ci NOT NULL,
  `created_at` timestamp NULL DEFAULT NULL,
  `updated_at` timestamp NULL DEFAULT NULL,
  PRIMARY KEY (`id`),
  UNIQUE KEY `permissions_name_unique` (`name`),
  UNIQUE KEY `permissions_slug_unique` (`slug`)
) ENGINE=InnoDB AUTO_INCREMENT=6 DEFAULT CHARSET=utf8mb4 COLLATE=utf8mb4_unicode_ci;

--
-- Dumping data for table `permissions`
--

INSERT INTO `permissions` VALUES (1,'Read E-Book','ebook-read','2021-09-29 14:54:16','2021-09-29 14:54:16'),(2,'User List','user-list','2021-09-29 14:54:16','2021-09-29 14:54:16'),(3,'Create New User','user-create','2021-09-29 14:54:16','2021-09-29 14:54:16'),(4,'Edit User','user-edit','2021-09-29 14:54:16','2021-09-29 14:54:16'),(5,'Delete User','user-delete','2021-09-29 14:54:16','2021-09-29 14:54:16');

--
-- Table structure for table `photos`
--

CREATE TABLE `photos` (
  `id` bigint(20) unsigned NOT NULL AUTO_INCREMENT,
  `name` varchar(255) COLLATE utf8mb4_unicode_ci NOT NULL,
  `description` varchar(255) COLLATE utf8mb4_unicode_ci DEFAULT NULL,
  `img_path` varchar(255) COLLATE utf8mb4_unicode_ci NOT NULL,
  `created_at` timestamp NULL DEFAULT NULL,
  `updated_at` timestamp NULL DEFAULT NULL,
  `album_id` bigint(20) unsigned NOT NULL,
  PRIMARY KEY (`id`),
  KEY `photos_album_id_foreign` (`album_id`),
  CONSTRAINT `photos_album_id_foreign` FOREIGN KEY (`album_id`) REFERENCES `albums` (`id`) ON DELETE CASCADE
) ENGINE=InnoDB AUTO_INCREMENT=33 DEFAULT CHARSET=utf8mb4 COLLATE=utf8mb4_unicode_ci;

--
-- Dumping data for table `photos`
--

INSERT INTO `photos` VALUES (2,'TUMP Closing Ceremony (NPT)',NULL,'15179022_635847876598194_5467922304591032233_n.jpg','2020-10-25 09:20:27','2020-10-25 09:20:27',3),(3,'TUMP Closing Ceremony (NPT)',NULL,'15181453_1272977372761671_3188471863172644568_n.jpg','2020-10-25 09:20:59','2020-10-25 09:20:59',3),(4,'TUMP Closing Ceremony (NPT)',NULL,'15192776_635848099931505_6027949481035395366_n.jpg','2020-10-25 09:21:14','2020-10-25 09:21:14',3),(5,'TUMP Closing Ceremony (NPT)',NULL,'15192808_635848079931507_5605268187697419176_n.jpg','2020-10-25 09:21:31','2020-10-25 09:21:31',3),(6,'TUMP Closing Ceremony (NPT)',NULL,'15193669_635847916598190_7222646736639802863_n.jpg','2020-10-25 09:21:54','2020-10-25 09:21:54',3),(7,'USBOPS (NPT)',NULL,'15032777_629866023863046_3831806228797614915_n.jpg','2020-10-26 02:38:30','2020-10-26 02:38:30',4),(8,'USBOPS (NPT)',NULL,'15036340_629866003863048_4087792428024283103_n.jpg','2020-10-26 02:38:41','2020-10-26 02:38:41',4),(9,'USBOPS (NPT)',NULL,'15078898_629865980529717_6135621802391230793_n.jpg','2020-10-26 02:38:58','2020-10-26 02:38:58',4),(10,'USBOPS (NPT)',NULL,'15094948_629866407196341_54430879781843254_n.jpg','2020-10-26 02:39:18','2020-10-26 02:39:18',4),(11,'USBOPS (NPT)',NULL,'15095452_629872107195771_1427029270787248414_n.jpg','2020-10-26 02:39:28','2020-10-26 02:39:28',4),(12,'USBOPS (NPT)',NULL,'15107417_629866273863021_4303771912305417981_n.jpg','2020-10-26 02:39:37','2020-10-26 02:39:37',4),(13,'National Consultation Workshop',NULL,'16114596_665788463604135_500200396745229443_n.jpg','2020-10-26 02:42:06','2020-10-26 02:42:06',5),(14,'National Consultation Workshop',NULL,'16114752_665787700270878_4893501125149284785_n.jpg','2020-10-26 02:42:18','2020-10-26 02:42:18',5),(15,'National Consultation Workshop',NULL,'16142359_665787243604257_5791804979520400688_n.jpg','2020-10-26 02:42:30','2020-10-26 02:42:30',5),(16,'National Consultation Workshop',NULL,'16142868_665787610270887_6809891408387745199_n.jpg','2020-10-26 02:42:44','2020-10-26 02:42:44',5),(17,'National Consultation Workshop',NULL,'16142964_665758923607089_4085118254759859752_n.jpg','2020-10-26 02:42:56','2020-10-26 02:42:56',5),(18,'National Consultation Workshop',NULL,'16143346_665787436937571_6246597396097780961_n.jpg','2020-10-26 02:43:09','2020-10-26 02:43:09',5),(19,'National Consultation Workshop',NULL,'16195512_665787920270856_4472768826916211179_n.jpg','2020-10-26 02:43:21','2020-10-26 02:43:21',5),(20,'National Consultation Workshop',NULL,'16265240_665787376937577_5427584802840176682_n.jpg','2020-10-26 02:43:39','2020-10-26 02:43:39',5),(21,'National Consultation Workshop',NULL,'16298931_665759040273744_1655434730837551378_n.jpg','2020-10-26 02:44:03','2020-10-26 02:44:03',5),(22,'National Housing Policy',NULL,'15977177_662744843908497_2903003728846346169_n.jpg','2020-10-26 02:58:35','2020-10-26 02:58:35',6),(23,'National Housing Policy',NULL,'16002798_662744077241907_7366134177197198616_n.jpg','2020-10-26 02:58:52','2020-10-26 02:58:52',6),(24,'National Housing Policy',NULL,'16002897_662744903908491_8071315130526778105_n.jpg','2020-10-26 02:59:17','2020-10-26 02:59:17',6),(25,'National Housing Policy',NULL,'16114552_662744390575209_4698216582292966611_n.jpg','2020-10-26 02:59:31','2020-10-26 02:59:31',6),(26,'National Housing Policy',NULL,'16142341_662744147241900_6018045292054159107_n.jpg','2020-10-26 02:59:43','2020-10-26 02:59:43',6),(27,'National Housing Policy',NULL,'16143007_662744657241849_7298473597456905372_n.jpg','2020-10-26 02:59:57','2020-10-26 02:59:57',6),(28,'National Housing Policy',NULL,'16143121_662743767241938_868187719327958611_n.jpg','2020-10-26 03:00:10','2020-10-26 03:00:10',6),(29,'National Housing Policy',NULL,'15337659_642573765925605_3397106189174398300_n.jpg','2020-10-26 03:00:27','2020-10-26 03:00:27',6),(30,'Meeting with UN-Habitat Housing Expert (9.12.18)',NULL,'15338687_642573719258943_7714458879459794857_n.jpg','2020-10-26 03:01:12','2020-10-26 03:01:12',6),(31,'Meeting with UN-Habitat Housing Expert (9.12.18)',NULL,'15356752_642573819258933_6821887272874436640_n.jpg','2020-10-26 03:01:23','2020-10-26 03:01:23',6),(32,'Meeting with UN-Habitat Housing Expert (9.12.18)',NULL,'15391092_642573852592263_3622396623376461649_n.jpg','2020-10-26 03:01:34','2020-10-26 03:01:34',6);

--
-- Table structure for table `post_translations`
--

CREATE TABLE `post_translations` (
  `id` bigint(20) unsigned NOT NULL AUTO_INCREMENT,
  `locale` varchar(255) COLLATE utf8mb4_unicode_ci NOT NULL,
  `post_id` int(10) unsigned NOT NULL,
  `title` varchar(255) COLLATE utf8mb4_unicode_ci DEFAULT NULL,
  `content` longtext COLLATE utf8mb4_unicode_ci DEFAULT NULL,
  PRIMARY KEY (`id`),
  UNIQUE KEY `post_translations_post_id_locale_unique` (`post_id`,`locale`),
  KEY `post_translations_locale_index` (`locale`),
  CONSTRAINT `post_translations_post_id_foreign` FOREIGN KEY (`post_id`) REFERENCES `posts` (`id`) ON DELETE CASCADE
) ENGINE=InnoDB DEFAULT CHARSET=utf8mb4 COLLATE=utf8mb4_unicode_ci;

--
-- Dumping data for table `post_translations`
--


--
-- Table structure for table `posts`
--

CREATE TABLE `posts` (
  `id` int(10) unsigned NOT NULL AUTO_INCREMENT,
  `author` varchar(255) COLLATE utf8mb4_unicode_ci NOT NULL,
  `created_at` timestamp NULL DEFAULT NULL,
  `updated_at` timestamp NULL DEFAULT NULL,
  PRIMARY KEY (`id`)
) ENGINE=InnoDB DEFAULT CHARSET=utf8mb4 COLLATE=utf8mb4_unicode_ci;

--
-- Dumping data for table `posts`
--


--
-- Table structure for table `roles`
--

CREATE TABLE `roles` (
  `id` int(10) unsigned NOT NULL AUTO_INCREMENT,
  `name` varchar(50) COLLATE utf8mb4_unicode_ci NOT NULL,
  `slug` varchar(50) COLLATE utf8mb4_unicode_ci NOT NULL,
  `created_at` timestamp NULL DEFAULT NULL,
  `updated_at` timestamp NULL DEFAULT NULL,
  PRIMARY KEY (`id`),
  UNIQUE KEY `roles_name_unique` (`name`),
  UNIQUE KEY `roles_slug_unique` (`slug`)
) ENGINE=InnoDB AUTO_INCREMENT=3 DEFAULT CHARSET=utf8mb4 COLLATE=utf8mb4_unicode_ci;

--
-- Dumping data for table `roles`
--

INSERT INTO `roles` VALUES (1,'Administrator','admin','2021-09-29 14:54:28','2021-09-29 14:54:28'),(2,'Visitor','visitor','2021-09-29 14:54:28','2021-09-29 14:54:28');

--
-- Table structure for table `roles_permissions`
--

CREATE TABLE `roles_permissions` (
  `role_id` int(10) unsigned NOT NULL,
  `permission_id` int(10) unsigned NOT NULL,
  PRIMARY KEY (`role_id`,`permission_id`),
  KEY `roles_permissions_permission_id_foreign` (`permission_id`),
  CONSTRAINT `roles_permissions_permission_id_foreign` FOREIGN KEY (`permission_id`) REFERENCES `permissions` (`id`) ON DELETE CASCADE,
  CONSTRAINT `roles_permissions_role_id_foreign` FOREIGN KEY (`role_id`) REFERENCES `roles` (`id`) ON DELETE CASCADE
) ENGINE=InnoDB DEFAULT CHARSET=utf8mb4 COLLATE=utf8mb4_unicode_ci;

--
-- Dumping data for table `roles_permissions`
--

INSERT INTO `roles_permissions` VALUES (1,2),(1,3),(1,4),(1,5),(2,1);

--
-- Table structure for table `sectors`
--

CREATE TABLE `sectors` (
  `id` bigint(20) unsigned NOT NULL AUTO_INCREMENT,
  `name` varchar(255) COLLATE utf8mb4_unicode_ci NOT NULL,
  `created_at` timestamp NULL DEFAULT NULL,
  `updated_at` timestamp NULL DEFAULT NULL,
  PRIMARY KEY (`id`),
  UNIQUE KEY `sectors_name_unique` (`name`)
) ENGINE=InnoDB AUTO_INCREMENT=98 DEFAULT CHARSET=utf8mb4 COLLATE=utf8mb4_unicode_ci;

--
-- Dumping data for table `sectors`
--

INSERT INTO `sectors` VALUES (1,'ACCA','2020-11-12 11:02:18','2020-11-12 11:02:18'),(2,'Agriculture','2020-11-12 11:02:18','2020-11-12 11:02:18'),(3,'Asian Currents','2020-11-12 11:02:18','2020-11-12 11:02:18'),(4,'Bauman','2020-11-12 11:02:18','2020-11-12 11:02:18'),(5,'Capacity Development','2020-11-12 11:02:18','2020-11-12 11:02:18'),(6,'Catalogue','2020-11-12 11:02:18','2020-11-12 11:02:18'),(7,'CCAS','2020-11-12 11:02:18','2020-11-12 11:02:18'),(8,'CDIA','2020-11-12 11:02:18','2020-11-12 11:02:18'),(9,'Cities','2020-11-12 11:02:18','2020-11-12 11:02:18'),(10,'City-to-City Cooperation','2020-11-12 11:02:18','2020-11-12 11:02:18'),(11,'Citynet','2020-11-12 11:02:18','2020-11-12 11:02:18'),(12,'Civil Society','2020-11-12 11:02:18','2020-11-12 11:02:18'),(13,'Climate Change','2020-11-12 11:02:18','2020-11-12 11:02:18'),(14,'Community','2020-11-12 11:02:18','2020-11-12 11:02:18'),(15,'Computer','2020-11-12 11:02:18','2020-11-12 11:02:18'),(16,'Contributed by YKS','2020-11-12 11:02:18','2020-11-12 11:02:18'),(17,'Decentralization','2020-11-12 11:02:18','2020-11-12 11:02:18'),(18,'Designing Cities','2020-11-12 11:02:18','2020-11-12 11:02:18'),(19,'Development','2020-11-12 11:02:18','2020-11-12 11:02:18'),(20,'Development Aid','2020-11-12 11:02:18','2020-11-12 11:02:18'),(21,'DFID','2020-11-12 11:02:18','2020-11-12 11:02:18'),(22,'Disaster Risk Reduction','2020-11-12 11:02:18','2020-11-12 11:02:18'),(23,'Drainage','2020-11-12 11:02:18','2020-11-12 11:02:18'),(24,'Economics','2020-11-12 11:02:18','2020-11-12 11:02:18'),(25,'Electricity','2020-11-12 11:02:18','2020-11-12 11:02:18'),(26,'Employment Labour','2020-11-12 11:02:18','2020-11-12 11:02:18'),(27,'Energy','2020-11-12 11:02:18','2020-11-12 11:02:18'),(28,'Environment','2020-11-12 11:02:18','2020-11-12 11:02:18'),(29,'Evaluation','2020-11-12 11:02:18','2020-11-12 11:02:18'),(30,'Eviction','2020-11-12 11:02:18','2020-11-12 11:02:18'),(31,'Gender','2020-11-12 11:02:18','2020-11-12 11:02:18'),(32,'Governance','2020-11-12 11:02:18','2020-11-12 11:02:18'),(33,'Housing','2020-11-12 11:02:18','2020-11-12 11:02:18'),(34,'Housing Finance','2020-11-12 11:02:18','2020-11-12 11:02:18'),(35,'Housing Policies','2020-11-12 11:02:18','2020-11-12 11:02:18'),(36,'Housing Analysis','2020-11-12 11:02:18','2020-11-12 11:02:18'),(37,'Human Development Report','2020-11-12 11:02:18','2020-11-12 11:02:18'),(38,'Human Right','2020-11-12 11:02:18','2020-11-12 11:02:18'),(39,'ICT','2020-11-12 11:02:18','2020-11-12 11:02:18'),(40,'Infrastructure','2020-11-12 11:02:18','2020-11-12 11:02:18'),(41,'Land','2020-11-12 11:02:18','2020-11-12 11:02:18'),(42,'Land & Land Used','2020-11-12 11:02:18','2020-11-12 11:02:18'),(43,'Land Related','2020-11-12 11:02:18','2020-11-12 11:02:18'),(44,'Laws & Regulations','2020-11-12 11:02:18','2020-11-12 11:02:18'),(45,'Management','2020-11-12 11:02:18','2020-11-12 11:02:18'),(46,'MDGs','2020-11-12 11:02:18','2020-11-12 11:02:18'),(47,'Mega Event and Evictions','2020-11-12 11:02:18','2020-11-12 11:02:18'),(48,'Micro Finance','2020-11-12 11:02:18','2020-11-12 11:02:18'),(49,'Migration','2020-11-12 11:02:18','2020-11-12 11:02:18'),(50,'Monitoring and Evaluation','2020-11-12 11:02:18','2020-11-12 11:02:18'),(51,'NGOs','2020-11-12 11:02:18','2020-11-12 11:02:18'),(52,'Planning','2020-11-12 11:02:18','2020-11-12 11:02:18'),(53,'Policy and Planning','2020-11-12 11:02:18','2020-11-12 11:02:18'),(54,'Population','2020-11-12 11:02:18','2020-11-12 11:02:18'),(55,'Poverty','2020-11-12 11:02:18','2020-11-12 11:02:18'),(56,'Poverty Right','2020-11-12 11:02:18','2020-11-12 11:02:18'),(57,'Public Private Partnership','2020-11-12 11:02:18','2020-11-12 11:02:18'),(58,'Regional Cooperation','2020-11-12 11:02:18','2020-11-12 11:02:18'),(59,'Regional Development','2020-11-12 11:02:18','2020-11-12 11:02:18'),(60,'Regionalism','2020-11-12 11:02:18','2020-11-12 11:02:18'),(61,'Report','2020-11-12 11:02:18','2020-11-12 11:02:18'),(62,'Rural','2020-11-12 11:02:18','2020-11-12 11:02:18'),(63,'Rural Development','2020-11-12 11:02:18','2020-11-12 11:02:18'),(64,'Rural Urban Linkages','2020-11-12 11:02:18','2020-11-12 11:02:18'),(65,'Sanatitation','2020-11-12 11:02:18','2020-11-12 11:02:18'),(66,'Social','2020-11-12 11:02:18','2020-11-12 11:02:18'),(67,'Social Issue','2020-11-12 11:02:18','2020-11-12 11:02:18'),(68,'Solid Waste Management','2020-11-12 11:02:18','2020-11-12 11:02:18'),(69,'Specification','2020-11-12 11:02:18','2020-11-12 11:02:18'),(70,'Standard of living or well being','2020-11-12 11:02:18','2020-11-12 11:02:18'),(71,'Statistics','2020-11-12 11:02:18','2020-11-12 11:02:18'),(72,'Sustainablity','2020-11-12 11:02:18','2020-11-12 11:02:18'),(73,'Transportation','2020-11-12 11:02:18','2020-11-12 11:02:18'),(74,'UN EP','2020-11-12 11:02:18','2020-11-12 11:02:18'),(75,'UN ESCAP','2020-11-12 11:02:18','2020-11-12 11:02:18'),(76,'UN-Habitat','2020-11-12 11:02:18','2020-11-12 11:02:18'),(77,'UNICEF','2020-11-12 11:02:18','2020-11-12 11:02:18'),(78,'Urban','2020-11-12 11:02:18','2020-11-12 11:02:18'),(79,'Urban Age','2020-11-12 11:02:18','2020-11-12 11:02:18'),(80,'Urban Agriculture','2020-11-12 11:02:18','2020-11-12 11:02:18'),(81,'Urban Conservation','2020-11-12 11:02:18','2020-11-12 11:02:18'),(82,'Urban Culture','2020-11-12 11:02:19','2020-11-12 11:02:19'),(83,'Urban Development','2020-11-12 11:02:19','2020-11-12 11:02:19'),(84,'Urban Finance','2020-11-12 11:02:19','2020-11-12 11:02:19'),(85,'Urban Management','2020-11-12 11:02:19','2020-11-12 11:02:19'),(86,'Urban Planning','2020-11-12 11:02:19','2020-11-12 11:02:19'),(87,'Urban Redefined','2020-11-12 11:02:19','2020-11-12 11:02:19'),(88,'Urban Research','2020-11-12 11:02:19','2020-11-12 11:02:19'),(89,'Urban Safety and Violence','2020-11-12 11:02:19','2020-11-12 11:02:19'),(90,'Urban Solutions','2020-11-12 11:02:19','2020-11-12 11:02:19'),(91,'Urbanization','2020-11-12 11:02:19','2020-11-12 11:02:19'),(92,'Urbanization and Development','2020-11-12 11:02:19','2020-11-12 11:02:19'),(93,'Water','2020-11-12 11:02:19','2020-11-12 11:02:19'),(94,'World Cities','2020-11-12 11:02:19','2020-11-12 11:02:19'),(95,'World Development Indicators','2020-11-12 11:02:19','2020-11-12 11:02:19'),(96,'World Development Report','2020-11-12 11:02:19','2020-11-12 11:02:19'),(97,'Youth Bulge','2020-11-12 11:02:19','2020-11-12 11:02:19');

--
-- Table structure for table `state_or_regions`
--

CREATE TABLE `state_or_regions` (
  `id` int(10) unsigned NOT NULL AUTO_INCREMENT,
  `name` varchar(100) COLLATE utf8mb4_unicode_ci NOT NULL,
  `type` enum('state','region') COLLATE utf8mb4_unicode_ci NOT NULL,
  `created_at` timestamp NULL DEFAULT NULL,
  `updated_at` timestamp NULL DEFAULT NULL,
  PRIMARY KEY (`id`)
) ENGINE=InnoDB AUTO_INCREMENT=15 DEFAULT CHARSET=utf8mb4 COLLATE=utf8mb4_unicode_ci;

--
-- Dumping data for table `state_or_regions`
--

INSERT INTO `state_or_regions` VALUES (1,'Kachin','state','2020-12-14 05:38:31','2020-12-14 05:38:31'),(2,'Kayah','state','2020-12-14 05:38:31','2020-12-14 05:38:31'),(3,'Kayin','state','2020-12-14 05:38:31','2020-12-14 05:38:31'),(4,'Chin','state','2020-12-14 05:38:31','2020-12-14 05:38:31'),(5,'Sagaing','region','2020-12-14 05:38:31','2020-12-14 05:38:31'),(6,'Taninthayi','region','2020-12-14 05:38:31','2020-12-14 05:38:31'),(7,'Bago','region','2020-12-14 05:38:31','2020-12-14 05:38:31'),(8,'Magway','region','2020-12-14 05:38:31','2020-12-14 05:38:31'),(9,'Mandalay','region','2020-12-14 05:38:31','2020-12-14 05:38:31'),(10,'Mon','state','2020-12-14 05:38:31','2020-12-14 05:38:31'),(11,'Rakhine','state','2020-12-14 05:38:31','2020-12-14 05:38:31'),(12,'Yangon','region','2020-12-14 05:38:31','2020-12-14 05:38:31'),(13,'Shan','state','2020-12-14 05:38:31','2020-12-14 05:38:31'),(14,'Ayeyarwady','region','2020-12-14 05:38:31','2020-12-14 05:38:31');

--
-- Table structure for table `town_plans`
--

CREATE TABLE `town_plans` (
  `id` bigint(20) unsigned NOT NULL AUTO_INCREMENT,
  `title` varchar(255) COLLATE utf8mb4_unicode_ci NOT NULL,
  `township_id` int(10) unsigned NOT NULL,
  `town_plan` varchar(255) COLLATE utf8mb4_unicode_ci NOT NULL,
  `created_at` timestamp NULL DEFAULT NULL,
  `updated_at` timestamp NULL DEFAULT NULL,
  PRIMARY KEY (`id`)
) ENGINE=InnoDB AUTO_INCREMENT=278 DEFAULT CHARSET=utf8mb4 COLLATE=utf8mb4_unicode_ci;

--
-- Dumping data for table `town_plans`
--

INSERT INTO `town_plans` VALUES (1,'Myitkyina Report',11,'1-Myitkyina Report.pdf','2020-12-14 05:39:00','2021-01-29 05:19:44'),(2,'Town Plan Two',2,'computer_programming_tutorial.pdf','2020-12-14 05:39:22','2020-12-14 05:39:22'),(3,'Myitkyina Report Revised',11,'11.MyitkyinaReport (Revised).pdf','2021-01-29 04:41:32','2021-01-29 05:19:14'),(4,'Myitkyina Report Summary',11,'11.MyitkyinaReport(Revised)- Summary.pdf','2021-01-29 05:22:06','2021-01-29 05:22:06'),(5,'Putao Report',13,'3-Putao Report.pdf','2021-01-29 07:25:44','2021-01-29 07:25:44'),(6,'Putao Report',13,'3-Putao Report.pdf','2021-01-29 07:26:24','2021-01-29 07:26:24'),(7,'Mohnyin',9,'4-Mohnyin Report.pdf','2021-02-08 05:15:20','2021-02-08 05:15:20'),(12,'Mogaung',8,'5-Mogaung Report.pdf','2021-02-08 08:35:10','2021-02-08 08:35:10'),(13,'Tanai',16,'7-Tanai Report.pdf','2021-02-08 08:39:33','2021-02-08 08:39:33'),(14,'Winemaw Industrial Zone',18,'8-Winemaw Industrial Zone Report.pdf','2021-02-08 08:41:07','2021-02-08 08:41:07'),(15,'Bamaw Industrial',1,'9-Bamaw Industrial  Report.pdf','2021-02-08 08:43:27','2021-02-08 08:43:27'),(16,'Winemaw',18,'10.Winemaw Report.pdf','2021-02-08 09:03:47','2021-02-08 09:03:48'),(17,'Winemaw (summary)',18,'10.Winemaw-Report -(Summary).pdf','2021-02-08 09:27:12','2021-02-08 09:27:12'),(18,'Myitkyina',11,'11.MyitkyinaReport (Revised).pdf','2021-02-08 09:30:19','2021-02-08 09:30:19'),(19,'Myitkyina (summary)',11,'11.MyitkyinaReport(Revised)- Summary.pdf','2021-02-08 09:32:34','2021-02-08 09:32:34'),(20,'Mansi',7,'12.Mansi town plan report.pdf','2021-02-08 09:33:22','2021-02-08 09:33:22'),(21,'Mansi (summary)',7,'12.Mansi_TownPlanReport_Summary.pdf','2021-02-08 09:33:59','2021-02-08 09:33:59'),(22,'Shwe Gu',14,'13.Shwe Gu Report.pdf','2021-02-08 09:34:56','2021-02-08 09:34:56'),(23,'Shwe Gu (summary)',14,'13.ShweGu Summary.pdf','2021-02-08 09:35:30','2021-02-08 09:35:30'),(24,'Naung Mon',12,'15.Naung Mon Report.pdf','2021-02-08 09:37:01','2021-02-08 09:37:01'),(25,'Naung Mon (summary)',12,'15.Naung Mon Report-Summary.pdf','2021-02-08 09:37:36','2021-02-08 09:37:36'),(26,'Loikaw',23,'Loikaw town planning report (2013, december).pdf','2021-02-08 09:47:24','2021-02-08 09:47:24'),(27,'Bawlakhe',19,'2) Bawlakhe report Summary  Cover _ Report (May.2014).pdf','2021-02-08 09:49:12','2021-02-08 09:49:12'),(28,'Demoso',20,'Demoso Report_Summary Final (20.2-2017).pdf','2021-02-08 09:50:01','2021-02-08 09:50:01'),(29,'Hpurso',22,'3 Hpurso Report Combine_26-3-2018_.pdf','2021-02-08 09:50:50','2021-02-08 09:50:50'),(30,'Hpurso sum',22,'Hpurso sum.pdf','2021-02-08 09:51:12','2021-02-08 09:51:12'),(31,'Shardaw',25,'1 Shardaw Report combine_16-3-2018_.pdf','2021-02-08 09:51:46','2021-02-08 09:51:46'),(32,'Shardaw sum',25,'2 Shardaw  sum.pdf','2021-02-08 09:52:07','2021-02-08 09:52:07'),(33,'Masenam',24,'Masenam_Report_Combine.pdf','2021-02-08 09:55:22','2021-02-08 09:55:22'),(34,'Masenam (summary)',24,'MSN_Report Summary.pdf','2021-02-08 09:56:20','2021-02-08 09:56:20'),(35,'Hpa-An',28,'1-Hpa-an Report-(Jan.2014).pdf','2021-02-08 10:05:43','2021-02-08 10:05:43'),(36,'Hpa-An (final)',28,'5-Hpa-An Final-(July.2020).pdf','2021-02-08 10:06:37','2021-02-08 10:06:37'),(37,'Hpa-An (summary)',28,'5-Hpa-An Report Summary-(July.2020).pdf','2021-02-08 10:07:33','2021-02-08 10:07:33'),(38,'Kawkareik',30,'3- Kawkareik Report (June.2015).pdf','2021-02-08 10:10:30','2021-02-08 10:10:30'),(39,'Myawaddy',32,'2-Myawaddy Report All(Jan-2014).pdf','2021-02-10 03:50:46','2021-02-10 03:50:46'),(40,'Kyarinnseikkyi',31,'6-Kyarinnseikkyi -(July.2020).pdf','2021-02-10 03:53:52','2021-02-10 03:53:52'),(41,'Kyarinnseikkyi (summary)',31,'6-Kyarinnseikkyi for Summary-(July-2020).pdf','2021-02-10 03:54:34','2021-02-10 03:54:34'),(43,'Hakha Rellocation',35,'4. Hakhar Rellocation Report (2015-Dec).pdf','2021-02-10 04:00:42','2021-02-10 04:00:42'),(44,'Hakha',35,'1. Hakha Report (2013-May).pdf','2021-02-10 04:02:20','2021-02-10 04:02:20'),(45,'Hakha',35,'5. Hakha Report(2018-March).pdf','2021-02-10 04:02:59','2021-02-10 04:02:59'),(46,'Falam',34,'2.Falam (Lonpee Town Extenction) Report (2013-May).pdf','2021-02-10 04:05:34','2021-02-10 04:05:34'),(47,'Mindat',38,'3. Mindat Report(2014-Sep).pdf','2021-02-10 04:06:34','2021-02-10 04:06:34'),(48,'Paletwa',39,'6. Paletwa Report(2018-May).pdf','2021-02-10 04:08:24','2021-02-10 04:08:24'),(49,'Paletwa (summary)',39,'6. Paletwa ReporSummary(2018-May).pdf','2021-02-10 04:09:32','2021-02-10 04:09:32'),(50,'Matupi (Summary)',37,'7.Matupi ReportSummary(2018-Nov).pdf','2021-02-10 04:10:26','2021-02-10 04:10:26'),(51,'Tedim',40,'8. Tedim Report(2019-Jan).pdf','2021-02-10 04:13:07','2021-02-10 04:13:07'),(52,'Tedim (summary)',40,'8. Tedim ReportSummary(2019-Jan).pdf','2021-02-10 04:16:39','2021-02-10 04:16:39'),(53,'Tonzang',42,'9. Tonzang Report(2019-Feb).pdf','2021-02-10 04:19:56','2021-02-10 04:19:56'),(54,'Tonzang (summary)',42,'9.Tonzang Summery Report(2019-Feb).pdf','2021-02-10 04:20:49','2021-02-10 04:20:49'),(55,'Monywa Report combine',62,'2. Monywa Report combine (2012).pdf','2021-02-10 04:30:23','2021-02-10 04:30:23'),(56,'Monywa Report',62,'10. Monywa Report (Review) (2016).pdf','2021-02-10 04:36:22','2021-02-10 04:36:22'),(57,'Sagaing',69,'3. Sagaing Report (Combine) (2012).pdf','2021-02-10 04:41:27','2021-02-10 04:41:27'),(58,'Shwe Bo',71,'4. Shwe Bo  (2012-June).pdf','2021-02-10 04:43:11','2021-02-10 04:43:11'),(59,'Tamu',73,'7. Tamu Report (2014).pdf','2021-02-10 04:48:22','2021-02-10 04:48:22'),(60,'Lahe',58,'9. Lahae (Report) (1-6-2017).pdf','2021-02-10 04:51:00','2021-02-10 04:51:00'),(61,'Lahe (summary)',58,'9. lahe Report (Summary).pdf','2021-02-10 04:51:52','2021-02-10 04:51:52'),(62,'Homalin',48,'11. Homalin Town Plan Report Final.pdf','2021-02-10 04:55:57','2021-02-10 04:55:58'),(63,'Homalin (summary)',48,'11. Homalin Town Plan Sammary Report Final.pdf','2021-02-10 04:57:33','2021-02-10 04:57:33'),(64,'Katha',54,'13. Katha Town Plan Summary Report Final (Softcopy).pdf','2021-02-10 05:01:27','2021-02-10 05:01:27'),(65,'Indaw',49,'14. Indaw Town Plan Summary Report Final (Softcopy).pdf','2021-02-10 05:02:06','2021-02-10 05:02:06'),(66,'Bamauk',44,'15. Bamauk Town Plan Report Final (Softcopy).pdf','2021-02-10 05:03:41','2021-02-10 05:03:41'),(67,'Kawlin',55,'17. Kawlin Town Plan Summary Report Final (Softcopy).pdf','2021-02-10 05:04:51','2021-02-10 05:04:51'),(68,'Kawthaung',82,'3.Kawthaung report.pdf','2021-02-10 05:05:54','2021-02-10 05:05:54'),(69,'Palaw',86,'4.Palaw_Report_Summary.pdf','2021-02-10 05:10:51','2021-02-10 05:10:51'),(70,'Tanintharyi',87,'8.Tanintharyi Report.pdf','2021-02-10 05:14:57','2021-02-10 05:14:57'),(71,'Tanintharyi (summary)',87,'8.Tanintharyi Report Summery.pdf','2021-02-10 05:16:57','2021-02-10 05:16:57'),(72,'Dawei',81,'9.Dawei Report pdf.pdf','2021-02-10 05:19:27','2021-02-10 05:19:27'),(73,'Taungoo final',100,'2.Taungoo report final- (Dec.-2013).pdf','2021-02-10 05:22:22','2021-02-10 05:22:22'),(74,'Taungoo (summary)',100,'2.Taungoo report summary9Dec.2013).pdf','2021-02-10 05:24:38','2021-02-10 05:24:38'),(75,'Taungoo',100,'13.Taungoo Report(Oct.2019).pdf','2021-02-10 05:26:25','2021-02-10 05:26:25'),(76,'Pyay  Summary',113,'3.Pyay  Summary Report  (2014, January).pdf','2021-02-10 05:29:47','2021-02-10 05:29:47'),(77,'Pyay',113,'3-Pyay Town Planning Report  (2014, January).pdf','2021-02-10 05:33:10','2021-02-10 05:33:10'),(78,'Pyay Commercial',113,'9. Pyay Commercial Report.pdf','2021-02-10 05:36:42','2021-02-10 05:36:42'),(79,'Pyay (Summary) (Combine)',113,'12. Pyay Report (Summary) (Combine)-(July.2019).pdf','2021-02-10 06:02:45','2021-02-10 06:02:45'),(80,'Nyaung Lay Pin',96,'4.Nyaung Lay Pin REPORT (Combine) (July-2016).pdf','2021-02-10 06:05:03','2021-02-10 06:05:03'),(81,'PTS',96,'6.PTS Report 15-Dec17.pdf','2021-02-10 06:07:58','2021-02-10 06:07:58'),(82,'PTS (Summary)',96,'6.PTS Summary 19_Dec17.pdf','2021-02-10 06:10:35','2021-02-10 06:10:35'),(83,'BG',90,'8.BG Summary_25-Oct-2017.pdf','2021-02-10 06:11:43','2021-02-10 06:11:43'),(84,'Waw',102,'16.Waw Report final (July.2020).pdf','2021-02-10 06:14:56','2021-02-10 06:14:56'),(85,'Waw (summary)',102,'16.Waw Report Summary-(July.2020).pdf','2021-02-10 06:15:34','2021-02-10 06:15:34'),(86,'Gyobingauk',104,'17.Gyobingauk Report_Final Report (Sep.2020).pdf','2021-02-10 06:17:54','2021-02-10 06:17:54'),(87,'Gyobingauk (summary)',104,'17.Gyobingauk Summary_Final Report(Sep.2020).pdf','2021-02-10 06:19:17','2021-02-10 06:19:17'),(88,'Gyobingauk (summary)',104,'17.Gyobingauk Summary_Final Report(Sep.2020).pdf','2021-02-10 06:21:40','2021-02-10 06:21:40'),(89,'Kawa',93,'18.Kawa Report-(Aug.2020).pdf','2021-02-10 06:25:25','2021-02-10 06:25:25'),(90,'Kawa (summary)',93,'18.Kawa Report(Summary)-(Aug.2020.pdf','2021-02-10 06:26:39','2021-02-10 06:26:39'),(91,'Hpakant',3,'6-Hpakant Report.pdf','2021-02-10 06:36:48','2021-02-10 06:36:52'),(92,'Bawlakhe',19,'1) Bawlakhe Town Plan Report Final (May,2014).pdf','2021-02-10 06:37:31','2021-02-10 06:37:31'),(93,'Hpasaung',21,'Hpasaung Report.pdf','2021-02-10 06:40:12','2021-02-10 06:40:12'),(94,'Mase',24,'Mese  Report.pdf','2021-02-10 06:43:00','2021-02-10 06:43:00'),(95,'Demoso',20,'Demoso Report Final _(20.2.2017).pdf','2021-02-10 06:44:24','2021-02-10 06:44:24'),(96,'KhoneHant',19,'KH_Report Final (23-8-2019).pdf','2021-02-10 06:45:27','2021-02-10 06:45:27'),(97,'KhoneHant (summary)',19,'KH_Report_Summary_Combine.pdf','2021-02-10 06:46:53','2021-02-10 06:46:53'),(98,'Hakha',35,'5. Hakha Town Plan Report(2018-March).pdf','2021-02-10 06:50:21','2021-02-10 06:50:21'),(99,'Matupi',37,'7. Matupi Report(2018-Nov).pdf','2021-02-10 06:50:54','2021-02-10 06:50:54'),(100,'Tikir (summary)',35,'12. Tikir town planning report_Summary(2019-Sep).pdf','2021-02-10 06:51:31','2021-02-10 06:51:31'),(101,'Tikir',35,'12. Tikir town planning report (2019-Sep).pdf','2021-02-10 06:52:49','2021-02-10 06:52:49'),(102,'Tamu',73,'7. Tamu Report Sammary.pdf','2021-02-10 06:55:53','2021-02-10 06:55:53'),(103,'Kalay',73,'8. Kalay Village Report (PDF) (2015) (၄ခုပေါင်း).pdf','2021-02-10 07:02:11','2021-02-10 07:02:11'),(104,'Ye Oo',78,'12. Ye Oo Town Plan Report Final.pdf','2021-02-10 07:10:11','2021-02-10 07:10:13'),(105,'Ye Oo (summary)',78,'12. Ye Oo Town Plan Sammary  Report Final.pdf','2021-02-10 07:50:12','2021-02-10 07:50:15'),(106,'Katha',54,'13. Katha Town Plan Report Final (Softcopy).pdf','2021-02-10 07:55:26','2021-02-10 07:55:26'),(107,'Indaw',49,'14. Indaw Town Plan Report Final (Softcopy).pdf','2021-02-10 08:09:06','2021-02-10 08:09:06'),(108,'Bamauk',44,'15. Bamauk Town Plan Summary Report Final (Softcopy).pdf','2021-02-10 08:12:40','2021-02-10 08:12:40'),(109,'Mawlu',69,'16. Mawlu Town Plan Report Final (Softcopy).pdf','2021-02-10 08:19:58','2021-02-10 08:19:58'),(110,'Kawlin',55,'17. Kawlin Town Plan Report Final (Softcopy).pdf','2021-02-10 08:22:18','2021-02-10 08:22:18'),(111,'Kanbalu',52,'18. Kanbalu Town Plan Report Combined Final Pdf.pdf','2021-02-10 08:24:53','2021-02-10 08:24:53'),(112,'Kanbalu (summary)',52,'18. Kanbalu Town Plan Report Summary Combined Final Pdf.pdf','2021-02-10 08:27:39','2021-02-10 08:27:39'),(113,'Dawei',81,'1.Dawei Report.pdf','2021-02-10 08:31:44','2021-02-10 08:31:44'),(114,'Dawei (summary)',81,'1.Dawei Report (summary).pdf','2021-02-10 08:35:31','2021-02-10 08:35:31'),(115,'Myeik',85,'2.Myeik Report.pdf','2021-02-10 08:43:19','2021-02-10 08:43:19'),(116,'Myeik (summary)',85,'2.Myeik_Report_Summary.pdf','2021-02-10 08:45:35','2021-02-10 08:45:35'),(117,'Palaw',86,'4.Palaw_Report.pdf','2021-02-10 08:48:52','2021-02-10 08:48:52'),(118,'Palaw final',86,'6.PALA REPORT FINAL.pdf','2021-02-10 08:50:48','2021-02-10 08:50:48'),(119,'Hteekhee',81,'10. Hteekhee Report Final (28-9-2020).pdf','2021-02-10 08:56:24','2021-02-10 08:56:24'),(120,'Bago',90,'1-Bago report (Combine)-(8.2012).pdf','2021-02-10 09:06:29','2021-02-10 09:06:29'),(121,'Nyaung Lay Pin (summary)',96,'4.Nyaung Lay Pin REPORT Summary-(Jul.2016).pdf','2021-02-10 09:08:55','2021-02-10 09:13:10'),(122,'Tharyarwaddy combined',115,'5.Tharyarwaddy combined-(May-2017).pdf','2021-02-10 09:16:49','2021-02-10 09:16:49'),(123,'Tharyarwaddy (summary)',115,'5.Tharyarwaddy Summary - (May-2017).pdf','2021-02-10 09:37:02','2021-02-10 09:37:02'),(124,'BG',90,'8.BG REPORT_(26-Oct -2017).pdf','2021-02-10 09:40:11','2021-02-10 09:40:11'),(125,'OSP Summary',90,'10.OSP Summary_Combine-(July.2019).pdf','2021-02-10 09:43:13','2021-02-10 09:43:13'),(126,'Pyay (Combine)',90,'12. Pyay Report (Combine)-(July.2019 ).pdf','2021-02-10 09:45:18','2021-02-10 09:45:18'),(127,'Taungoo (Summary)',100,'13.Taungoo Report(Summary)-(Oct.2019).pdf','2021-02-10 09:46:49','2021-02-10 09:46:49'),(128,'Sone Si Myaing',32,'4-Sone Si Myaing-(March.2016).pdf','2021-02-10 09:53:22','2021-02-10 09:53:22'),(129,'Phayathonesu',30,'7-Phayathonesu Report (July.(2020).pdf','2021-02-10 09:55:18','2021-02-10 09:55:18'),(130,'Phayathonesu (summary)',30,'7-Phayathonesu Report Summary-(July.2020).pdf','2021-02-10 09:57:36','2021-02-10 09:57:36'),(131,'Cikha',42,'10. Cikha Report(2019-Feb).pdf','2021-02-10 10:03:47','2021-02-10 10:03:47'),(132,'Cikha (summary)',42,'10. Cikha Report Summery (2019-Feb).pdf','2021-02-10 10:05:01','2021-02-10 10:05:01'),(133,'Htantalang',35,'11.Htantalang Report (2019-September).pdf','2021-02-10 10:07:14','2021-02-10 10:07:14'),(134,'Htantalang (Summary)',35,'11. Htantalang Summary(2019-September).pdf','2021-02-10 10:08:05','2021-02-10 10:08:05'),(135,'Khantee',69,'1. Khantee Report (Combine) (28.4.2016).pdf','2021-02-10 10:10:31','2021-02-10 10:10:31'),(136,'Kyauk Myoung',71,'5. Kyauk Myoung (2013-May) Combine.pdf','2021-02-10 10:11:35','2021-02-10 10:11:35'),(137,'Kyauk Myoung combine',71,'5. Kyaukmyaung (Combine) (2012-June).pdf','2021-02-10 10:13:15','2021-02-10 10:13:15'),(138,'kalay combine',69,'6. kalay Report combine 2014.pdf','2021-02-10 10:14:32','2021-02-10 10:14:32'),(139,'kalay (Summary)',69,'6. kalay Report Sammary combine 2014.pdf','2021-02-10 10:16:17','2021-02-10 10:16:17'),(140,'Namtaw',53,'11. Namtaw Report.pdf','2021-02-10 10:18:05','2021-02-10 10:18:05'),(141,'Mawtaung',87,'5.Mawtaung_Report.pdf','2021-02-10 10:19:19','2021-02-10 10:19:19'),(142,'Maungmagan',87,'7.Maungmagan_Report.pdf','2021-02-10 10:23:30','2021-02-10 10:23:30'),(143,'YDS Housing',90,'7.YDS Housing Report(Aug.2018).pdf','2021-02-10 10:26:16','2021-02-10 10:26:16'),(144,'YDS (Summary)',90,'7.YDS (Summary) (July.2018).pdf','2021-02-10 10:27:07','2021-02-10 10:27:07'),(145,'YDS  (Combine)',90,'7.YDS Report  (Combine) (July.2018).pdf','2021-02-10 10:28:49','2021-02-10 10:28:49'),(146,'OSP Combine',90,'10.OSP Report_Combine-(July.2019).pdf','2021-02-10 10:30:42','2021-02-10 10:30:42'),(147,'YDS village plan',103,'11. yds village plan repor(Nov.2018).pdf','2021-02-10 10:31:51','2021-02-10 10:31:51'),(148,'Slin',133,'1. Slin Report (2013-Jan).pdf','2021-02-14 12:35:15','2021-02-14 12:35:16'),(149,'Magway',122,'2. MAGWAY REPORT(March 2014).pdf','2021-02-14 12:37:56','2021-02-14 12:37:56'),(150,'Magway (summary)',122,'2. Magway Report Summary(2014-March).pdf','2021-02-14 12:40:16','2021-02-14 12:40:16'),(151,'Pakokku (Summary)',130,'3. Pakokku (Summary) (2014-April).pdf','2021-02-14 12:42:01','2021-02-14 12:42:01'),(152,'Pakokku',130,'3. Pakokku Report (2014-April).pdf','2021-02-14 12:43:11','2021-02-14 12:43:11'),(153,'YaeNanGaung',141,'4. YaeNanGaung Reoprt (2014-Sep).pdf','2021-02-14 12:46:02','2021-02-14 12:46:02'),(154,'YaeNanGaung (Summary)',141,'4. YaeNanGaung Summary(2014-Sep).pdf','2021-02-14 13:00:04','2021-02-14 13:00:04'),(155,'YaeNanGaung (Summary)',141,'4. YaeNanGaung Summary(2014-Sep).pdf','2021-02-14 13:00:19','2021-02-14 13:00:19'),(156,'Chauk (Summary)',119,'5. Chauk (Summary)  (2014-Sep).pdf','2021-02-14 13:03:59','2021-02-14 13:03:59'),(157,'Chauk',119,'5.Chauk Report Combine(2014-Sep).pdf','2021-02-14 13:08:15','2021-02-14 13:08:15'),(158,'Taungdwingyi',138,'6. Taungdwingyi  Report(2016-March).pdf','2021-02-14 13:11:38','2021-02-14 13:11:38'),(159,'Taungdwingyi (Summary)',138,'6. Taungdwingyi Report Summary (2016-March).pdf','2021-02-14 13:13:59','2021-02-14 13:13:59'),(160,'AungLan',118,'7. AungLan Report(2016-Dec).pdf','2021-02-14 13:17:07','2021-02-14 13:17:07'),(161,'AungLan (summary)',118,'7. Aunglan Report Summary(2016-Dec).pdf','2021-02-14 13:19:09','2021-02-14 13:19:09'),(162,'Thayet',139,'8. Thayet Report(2016-Dec).pdf','2021-02-14 13:24:02','2021-02-14 13:24:02'),(163,'Thayet (summary)',139,'8. Thayet Report Summary(2016-Dec).pdf','2021-02-14 13:39:36','2021-02-14 13:39:36'),(164,'Gangaw',120,'9. Gangaw (Report) (6-9-2016).pdf','2021-02-14 13:46:51','2021-02-14 13:46:51'),(165,'Gangaw (Summary)',120,'9. Gangaw (Summary) (6.9.2016).pdf','2021-02-14 13:56:19','2021-02-14 13:56:19'),(166,'Minbu (Summary)',123,'10. Minbu Summary Report(2017-March).pdf','2021-02-16 05:50:28','2021-02-16 05:50:28'),(167,'PwintPhyu_urban_planning',132,'11. PwintPhyu_urban_planning_report(2017-NoV).pdf','2021-02-16 05:51:38','2021-02-16 05:51:38'),(168,'PwintPhyu_urban_planning(summary)',132,'11. PwintPhyu_urban_planning_report_Summary(2017-NoV).pdf','2021-02-16 05:52:38','2021-02-16 05:52:38'),(169,'Paden_village_development_planning',129,'12. Paden_village_development_planning_report(2018-Oct).pdf','2021-02-16 05:54:09','2021-02-16 05:54:09'),(170,'NatMauk_urban_planning',128,'13. NatMauk_urban_planning_report(2018-Nov).pdf','2021-02-16 05:57:24','2021-02-16 05:57:24'),(171,'Pakkoukku Town Extenction',130,'14. Pakkoukku Town Extenction Report (2018-July).pdf','2021-02-16 05:58:16','2021-02-16 05:58:16'),(172,'Pakaukku Reviewed _ Revised_IHS',130,'14.Pakaukku Reviewed _ Revised_IHS_2018-Aunust.pdf','2021-02-16 05:59:19','2021-02-16 05:59:19'),(173,'Meikhtila',152,'Meikhtila Report.pdf','2021-02-16 06:02:13','2021-02-16 06:02:13'),(174,'Meikhtila (Summary)',152,'Meikhtila report Summary.pdf','2021-02-16 06:04:50','2021-02-16 06:04:50'),(175,'Overall Report Final(Bagan NyaungU)',158,'Overall Report Final(Bagan NyaungU)(PDF).pdf','2021-02-16 06:06:32','2021-02-16 06:06:32'),(176,'PyinOoLwin',162,'PyinOoLwin Report (2-3-2015).pdf','2021-02-16 06:08:33','2021-02-16 06:08:33'),(177,'PyinOoLwin (summary)',162,'PyinOoLwin Report (summary).pdf','2021-02-16 06:09:14','2021-02-16 06:09:14'),(178,'Mogok',153,'Mogok Report(Final).pdf','2021-02-16 06:10:27','2021-02-16 06:10:27'),(179,'Yamethin (summary)',170,'Report Summary Yamethin.pdf','2021-02-16 06:11:47','2021-02-16 06:11:47'),(180,'Yamethin',170,'Yamethin reports Final (KNW).pdf','2021-02-16 06:18:34','2021-02-16 06:18:34'),(181,'Kyaukpadaung_urban_planning',147,'Kyaukpadaung_urban_planning_report (24.3.2017).pdf','2021-02-16 06:21:24','2021-02-16 06:21:24'),(182,'Kyaukpadaung_urban_planning_report (Summary)',147,'Kyaukpadaung_urban_planning_report (Summary) (29.3.2017).pdf','2021-02-16 06:22:35','2021-02-16 06:22:35'),(183,'Mandalay Report (JICA)',149,'05_Part2_Mandalay_Bilingual_20170213.pdf','2021-02-16 06:27:03','2021-02-16 06:27:03'),(184,'Kyaukse Combine',148,'Kyaukse Report Combine.pdf','2021-02-16 06:31:28','2021-02-16 06:31:28'),(185,'Kyaukse (Summary)',148,'kyaukse Report Summary Combine.pdf','2021-02-16 06:32:19','2021-02-16 06:32:19'),(186,'Myittha (Summary)',155,'Myittha REPORT Summary Combine.pdf','2021-02-16 06:33:06','2021-02-16 06:33:06'),(187,'Wandwin',169,'Wandwin (Report)-final.pdf','2021-02-16 06:35:19','2021-02-16 06:35:19'),(188,'Mawlamyaing TOWN PLAN',178,'1-Mawlamyaing TOWN PLAN (July-2013).pdf','2021-02-16 06:38:37','2021-02-16 06:38:37'),(189,'Mawlamyaing with JICA',178,'7-Mawlamyaing with JICA(August-2016).pdf','2021-02-16 06:40:44','2021-02-16 06:40:44'),(190,'Tathon',182,'2-Tathon Town Plan (July-2013).pdf','2021-02-16 06:41:05','2021-02-16 06:41:05'),(191,'Kyaikhto',177,'3-Kyaikhto Town Plan (July-2013).pdf','2021-02-16 06:42:36','2021-02-16 06:42:36'),(192,'KyaikHto JICA',177,'11- KyaikHto JICA Report (May-2019).pdf','2021-02-16 06:43:58','2021-02-16 06:43:58'),(193,'Mudon',179,'4-Mudon _Town Plan (July-2013).pdf','2021-02-16 06:52:28','2021-02-16 06:52:28'),(194,'Chaung Zon',175,'5-Chaung Zon Final Report (Nov-2017).pdf','2021-02-16 06:53:33','2021-02-16 06:53:33'),(195,'Chaung Zon (Summary)',175,'5-Chaung Zon Summary Report(Nov-2017).pdf','2021-02-16 06:55:14','2021-02-16 06:55:14'),(196,'KyaikHteeyoe (Summary)',177,'6-KyaikHteeyoe- Report _Summary (Nov-2017).pdf','2021-02-16 06:57:55','2021-02-16 06:57:55'),(197,'KyaikHteeYoe',177,'6-KyaikHteeYoe_Report Final (Nov-2017).pdf','2021-02-16 07:13:38','2021-02-16 07:13:38'),(198,'TaungSoon',178,'8-TaungSoon Report (July-2017).pdf','2021-02-16 07:16:15','2021-02-16 07:16:15'),(199,'Ye',183,'9-Ye Urban Planning Report (April-2019).pdf','2021-02-16 07:18:37','2021-02-16 07:18:37'),(200,'Ye (summary)',183,'9-Ye_urban_planning_report_Summary (April-2019).pdf','2021-02-16 07:20:04','2021-02-16 07:20:04'),(201,'Thanbyuzayat',181,'10-Thanbyuzayat Report (Oct-2019).pdf','2021-02-16 07:24:51','2021-02-16 07:24:51'),(202,'Thanbyuzayat (summary)',181,'10-Thanbyuzayat Report Summary (Oct-2019).pdf','2021-02-16 07:25:55','2021-02-16 07:25:55'),(203,'Sittwe',198,'2-Sittwe Report (2013).pdf','2021-02-16 07:27:52','2021-02-16 07:27:52'),(204,'Ponnagyun',195,'3-Ponnagyun Report (2013).pdf','2021-02-16 07:28:45','2021-02-16 07:28:45'),(205,'Ngapali (2013)',199,'4-Ngapali Report (2013).pdf','2021-02-16 07:31:36','2021-02-16 07:31:36'),(206,'Ngapali (2015)',199,'9. Ngapali Report (2015).pdf','2021-02-16 07:33:54','2021-02-16 07:33:54'),(207,'Ngapali Hotels Zone',199,'11-Ngapali Hotels Zone Report (2017).pdf','2021-02-16 08:12:39','2021-02-16 08:12:40'),(208,'Kyauk Phyu',187,'6-Kyauk Phyu Report (2015).pdf','2021-02-16 08:25:57','2021-02-16 08:25:57'),(209,'Myauk U',191,'7-Myauk U Report (2015).pdf','2021-02-16 08:30:25','2021-02-16 08:30:25'),(210,'Thandwe',199,'8-Thandwe Report (2015).pdf','2021-02-16 08:47:57','2021-02-16 08:47:57'),(211,'Maungdaw',189,'10-Maungdaw Report (2018).pdf','2021-02-16 08:51:15','2021-02-16 08:51:15'),(212,'Twantay',244,'1. twantay town planning report (all).pdf','2021-02-16 08:55:30','2021-02-16 08:55:30'),(213,'Khanyan',220,'2. Khanyan Report.pdf','2021-02-16 08:59:39','2021-02-16 08:59:39'),(214,'Hmawbi',215,'3. Hmawbi Town Plan Combine.pdf','2021-02-16 09:00:39','2021-02-16 09:00:39'),(215,'Hlegu',214,'4. HLEGU TOWN PLANNING REPORT _JULY_2015.pdf','2021-02-16 09:06:14','2021-02-16 09:06:14'),(216,'Kungyangon',221,'5. KUNGYANGON_TOWNPLANNING_REPORT_JULY_2016.pdf','2021-02-16 09:09:26','2021-02-16 09:09:26'),(217,'Kawhmu',219,'6. KAWHMU_TOWNPLANNING_REPORT_JULY_2016.pdf','2021-02-16 09:10:20','2021-02-16 09:10:20'),(218,'Myaynigone',218,'7. MYAYNIGONE_TOWNPLANNING_REPORT_JULY_2016.pdf','2021-02-16 09:12:40','2021-02-16 09:12:40'),(219,'Apyauk',238,'8. Apyauk.pdf','2021-02-16 09:15:24','2021-02-16 09:15:24'),(220,'Lashio',265,'1-Lashio Report (2013).pdf','2021-02-16 09:18:10','2021-02-16 09:18:10'),(221,'Hopong',258,'2-Hopong Report (2016).pdf','2021-02-16 09:22:13','2021-02-16 09:22:14'),(222,'Muse',273,'3-Muse Report (2012).pdf','2021-02-16 09:28:11','2021-02-16 09:28:11'),(223,'Nyaung Shwe',297,'4-Nyaung Shwe Report (2012).pdf','2021-02-16 12:02:44','2021-02-16 12:02:44'),(224,'Kyaing Tong',246,'5-Kyaing Tong (2014).pdf','2021-02-16 12:07:20','2021-02-16 12:07:20'),(225,'Tachileik',257,'6-Tachileik Report (2014).pdf','2021-02-16 12:12:33','2021-02-16 12:12:33'),(226,'Kyaing Lup',246,'8-Kyaing Lup Report (2015).pdf','2021-02-16 12:20:39','2021-02-16 12:20:39'),(227,'Muse (2015)',273,'9-Muse Report (2015).pdf','2021-02-16 12:41:41','2021-02-16 12:41:41'),(228,'Taunggyi',301,'10-Taunggyi Report (2015).pdf','2021-02-16 12:58:25','2021-02-16 12:58:25'),(229,'Kalaw',284,'11-Kalaw Report (2015).pdf','2021-02-16 13:15:28','2021-02-16 13:15:29'),(230,'Nanhsam',296,'12-Nanhsam Report (2016).pdf','2021-02-16 13:20:01','2021-02-16 13:20:01'),(231,'Ayethayar',301,'13-Ayethayar Industrial Report (2015).pdf','2021-02-16 13:24:17','2021-02-16 13:24:17'),(232,'Moemeik',271,'14-Moemeik Report (2017).pdf','2021-02-16 13:28:18','2021-02-16 13:28:18'),(233,'Mongton _ Pan Kyaing',253,'15-Mongton _ Pan Kyaing Report (2019).pdf','2021-02-16 13:31:22','2021-02-16 13:31:22'),(234,'Lauk Kaing',266,'16-Lauk Kaing Report (2019).pdf','2021-02-16 13:36:48','2021-02-16 13:36:48'),(235,'Aungban',301,'17-Aungban Report (2020).pdf','2021-02-16 13:38:54','2021-02-16 13:38:54'),(236,'Mong Hsat',249,'18-Mong Hsat Report (2020).pdf','2021-02-16 13:41:14','2021-02-16 13:41:14'),(237,'Kalaw',284,'19-Kalaw Report (Review) (2020).pdf','2021-02-16 13:52:29','2021-02-16 13:52:29'),(238,'Pathein (summary)',323,'Pathein summary_24-1-2014_.pdf','2021-02-16 13:54:43','2021-02-16 13:54:43'),(239,'Pathein',323,'Pathein Town Plan  Report Final.pdf','2021-02-16 13:56:59','2021-02-16 13:56:59'),(240,'Hinthada (Surmmary)',307,'Hinthada Report  _ Surmmary PDF (Final).pdf','2021-02-16 13:58:00','2021-02-16 13:58:00'),(241,'Hinthada',307,'Hinthada Report PDF (Final).pdf','2021-02-16 14:00:45','2021-02-16 14:00:45'),(242,'Bogalay',303,'Bogalay Report (30-4-2015).pdf','2021-02-16 14:04:25','2021-02-16 14:04:25'),(243,'Bogalay (Summary)',303,'Bogalay Report (Summary) (30-4-2015).pdf','2021-02-16 14:05:21','2021-02-16 14:05:21'),(244,'Pyar Pon (summary)',324,'Pyar Pon Final summary  (7.6.pdf','2021-02-16 14:06:32','2021-02-16 14:06:32'),(245,'Pyar Pon',324,'Pyarpon Report.pdf','2021-02-16 14:07:22','2021-02-16 14:07:22'),(246,'Maubin (summary)',316,'Maubin summary.pdf','2021-02-16 14:08:57','2021-02-16 14:08:57'),(247,'Maubin',316,'MaU Bin Final Report.pdf','2021-02-16 14:16:37','2021-02-16 14:16:37'),(248,'Ngwe Saung',320,'Ngwe Saung Report (Combine).pdf','2021-02-17 08:37:59','2021-02-17 08:37:59'),(249,'Ngwesaung(summary)',320,'Ngwesaung_summary.pdf','2021-02-17 08:38:51','2021-02-17 08:38:51'),(250,'LPT',314,'LPT REPORT.pdf','2021-02-17 08:39:49','2021-02-17 08:39:49'),(251,'Mawgyun',317,'Mawgyun REPORT.pdf','2021-02-17 08:41:03','2021-02-17 08:41:03'),(252,'Mawgyun (summary)',317,'Mawgyun summary.pdf','2021-02-17 08:41:52','2021-02-17 08:41:52'),(253,'Pathein(02_FR_Summary_Eng_3 Cities)',323,'02_FR_Summary_Eng_3 Cities_20170207.pdf','2021-02-17 08:43:29','2021-02-17 08:43:29'),(254,'Myanaung',318,'Myanaung Report  Final.pdf','2021-02-17 08:48:43','2021-02-17 08:48:43'),(255,'Myanaung  (Summary)',318,'Myanaung Report  Summary-Final.pdf','2021-02-17 08:50:49','2021-02-17 08:50:49'),(256,'Shwethaungyan',319,'Shwethaungyan  Rerport final _.pdf','2021-02-17 08:56:17','2021-02-17 08:56:17'),(257,'Shwethaungyan (summary)',319,'Shwethaungyan Summary Report  final.pdf','2021-02-17 08:58:04','2021-02-17 08:58:04'),(258,'Pathein',323,'Pathein_Report Final (Combine).pdf','2021-02-17 09:00:20','2021-02-17 09:00:20'),(259,'Mandalay industrial',149,'Mandalay Indrstrial Report.pdf','2021-02-17 09:01:58','2021-02-17 09:01:58'),(260,'Meikhtila industrial',152,'Meikhtila  Industrial Report.pdf','2021-02-17 09:03:14','2021-02-17 09:03:14'),(261,'Monywa Industrial',62,'Monywa Industrial Report.pdf','2021-02-17 09:05:18','2021-02-17 09:05:18'),(262,'Myingyan Industrial',154,'Myingyan Industrial Report.pdf','2021-02-17 09:06:16','2021-02-17 09:06:16'),(263,'Mandalay',149,'Mandalay Report (Combine).pdf','2021-02-17 09:15:05','2021-02-17 09:15:05'),(264,'Myingyan',154,'Myingyan Report.pdf','2021-02-17 09:18:47','2021-02-17 09:18:47'),(265,'Meikhtila Disaster',152,'Meikhtila  Report.pdf (First).pdf','2021-02-17 09:23:14','2021-02-17 09:23:14'),(266,'Mogok (Summary)',153,'Mogok Report(Summary).pdf','2021-02-17 09:29:25','2021-02-17 09:29:25'),(267,'Myittha',155,'Myittha REPORT FINAL _Combine 16-11-2017.pdf','2021-02-17 09:34:08','2021-02-17 09:34:08'),(268,'Wundwin',169,'Wundwin Summary report-Final.pdf','2021-02-17 09:36:32','2021-02-17 09:36:32'),(269,'Chaungsoon',175,'5-Chaungsoon State Office Report (June-2017).pdf','2021-02-17 09:53:17','2021-02-17 09:53:18'),(270,'Kyauk Phyu',187,'1-Kyauk Phyu Report (2013).pdf','2021-02-17 10:04:25','2021-02-17 10:04:25'),(271,'Sittwe',198,'5-Sittwe Report (2015).pdf','2021-02-17 10:13:43','2021-02-17 10:13:43'),(272,'Naung kaung Ti',271,'7-Naung kaung Ti  Report (2014).pdf','2021-02-17 10:23:52','2021-02-17 10:23:52'),(273,'Pathein JICA',323,'Pathein  Report -JICA Myanmar.pdf','2021-02-17 10:25:23','2021-02-17 10:25:23'),(274,'04_3Cities (Pathein)',323,'04_3Cities (Pathein) (29.9.2017) Myanmar.pdf','2021-02-17 10:25:45','2021-02-17 10:25:45'),(275,'Chaungtha (Summary)',323,'Chaungtha Summary Report  Final.pdf','2021-02-17 10:28:24','2021-02-17 10:28:24'),(276,'ChaungThar',323,'ChaungThar Report final.pdf','2021-02-17 10:30:22','2021-02-17 10:30:22'),(277,'test',1,'php_tutorial.pdf','2021-09-29 15:50:38','2021-09-29 15:50:38');

--
-- Table structure for table `townships`
--

CREATE TABLE `townships` (
  `id` bigint(20) unsigned NOT NULL AUTO_INCREMENT,
  `state_or_region_id` bigint(20) unsigned NOT NULL,
  `name` varchar(50) COLLATE utf8mb4_unicode_ci NOT NULL,
  `code` varchar(15) COLLATE utf8mb4_unicode_ci NOT NULL,
  `created_at` timestamp NULL DEFAULT NULL,
  `updated_at` timestamp NULL DEFAULT NULL,
  PRIMARY KEY (`id`)
) ENGINE=InnoDB AUTO_INCREMENT=337 DEFAULT CHARSET=utf8mb4 COLLATE=utf8mb4_unicode_ci;

--
-- Dumping data for table `townships`
--

INSERT INTO `townships` VALUES (1,1,'Bamaw','BaMaNa','2021-01-18 22:27:21','2021-01-18 22:27:21'),(2,1,'Chipwi','KhaPhaNa','2021-01-18 22:27:21','2021-01-18 22:27:21'),(3,1,'Hpakant','PhaKaNa','2021-01-18 22:27:21','2021-01-18 22:27:21'),(4,1,'Injangyang','AhGaYa','2021-01-18 22:27:21','2021-01-18 22:27:21'),(5,1,'Khaunglanhpu','KhaLaPha','2021-01-18 22:27:21','2021-01-18 22:27:21'),(6,1,'Machanbaw','MaKhaBa','2021-01-18 22:27:21','2021-01-18 22:27:21'),(7,1,'Mansi','MaSaNa','2021-01-18 22:27:21','2021-01-18 22:27:21'),(8,1,'Mogaung','MaKaNa','2021-01-18 22:27:21','2021-01-18 22:27:21'),(9,1,'Mohnyin','MaNgaNa','2021-01-18 22:27:21','2021-01-18 22:27:21'),(10,1,'Momauk','MaMaNa','2021-01-18 22:27:21','2021-01-18 22:27:21'),(11,1,'Myitkyina','MaKaNa','2021-01-18 22:27:21','2021-01-18 22:27:21'),(12,1,'Naung Mon','NaMaNa','2021-01-18 22:27:21','2021-01-18 22:27:21'),(13,1,'Puta-O','PaTaAh','2021-01-18 22:27:21','2021-01-18 22:27:21'),(14,1,'Shwegu','YaKaNa','2021-01-18 22:27:21','2021-01-18 22:27:21'),(15,1,'Sumprabum','SaPaBa','2021-01-18 22:27:21','2021-01-18 22:27:21'),(16,1,'Tanai','TaNaNa','2021-01-18 22:27:21','2021-01-18 22:27:21'),(17,1,'Tsawlaw','SaLaNa','2021-01-18 22:27:21','2021-01-18 22:27:21'),(18,1,'Winemaw','WaMaNa','2021-01-18 22:27:21','2021-01-18 22:27:21'),(19,2,'Bawlakhe','BaLaKha','2021-01-18 22:27:21','2021-01-18 22:27:21'),(20,2,'Demoso','DaMaSa','2021-01-18 22:27:21','2021-01-18 22:27:21'),(21,2,'Hpasawng','PhaSaNa','2021-01-18 22:27:21','2021-01-18 22:27:21'),(22,2,'Hpurso','PhaYaSa','2021-01-18 22:27:21','2021-01-18 22:27:21'),(23,2,'Loikaw','LaKaNa','2021-01-18 22:27:21','2021-01-18 22:27:21'),(24,2,'Masenam','MaSaNa','2021-01-18 22:27:21','2021-01-18 22:27:21'),(25,2,'Shadaw','YaTaNa','2021-01-18 22:27:21','2021-01-18 22:27:21'),(26,2,'YwarThit','YaThaNa','2021-01-18 22:27:21','2021-01-18 22:27:21'),(27,3,'Hlaingbwe','LaBaNa','2021-01-18 22:27:21','2021-01-18 22:27:21'),(28,3,'Hpa-An','BaAhNa','2021-01-18 22:27:21','2021-01-18 22:27:21'),(29,3,'Hpapun','PhaPaNa','2021-01-18 22:27:21','2021-01-18 22:27:21'),(30,3,'Kawkareik','KaKaYa','2021-01-18 22:27:21','2021-01-18 22:27:21'),(31,3,'Kyainseikgyi','KaSaKa','2021-01-18 22:27:21','2021-01-18 22:27:21'),(32,3,'Myawaddy','MaWaTa','2021-01-18 22:27:21','2021-01-18 22:27:21'),(33,3,'Thandaunggyi','ThaTaNa','2021-01-18 22:27:21','2021-01-18 22:27:21'),(34,4,'Falam','PhaLaNa','2021-01-18 22:27:21','2021-01-18 22:27:21'),(35,4,'Hakha','HaKhaNa','2021-01-18 22:27:21','2021-01-18 22:27:21'),(36,4,'Kanpetlet','KaPaLa','2021-01-18 22:27:21','2021-01-18 22:27:21'),(37,4,'Matupi','MaTaPa','2021-01-18 22:27:21','2021-01-18 22:27:21'),(38,4,'Mindat','MaTaNa','2021-01-18 22:27:21','2021-01-18 22:27:21'),(39,4,'Paletwa','PaLaWa','2021-01-18 22:27:21','2021-01-18 22:27:21'),(40,4,'Tedim','TaTaNa','2021-01-18 22:27:21','2021-01-18 22:27:21'),(41,4,'Thantlang','HtaTaLa','2021-01-18 22:27:21','2021-01-18 22:27:21'),(42,4,'Tonzang','TaZaNa','2021-01-18 22:27:21','2021-01-18 22:27:21'),(43,5,'Ayadaw','AhYaTa','2021-01-18 22:27:21','2021-01-18 22:27:21'),(44,5,'Banmauk','BaMaNa','2021-01-18 22:27:21','2021-01-18 22:27:21'),(45,5,'Budalin','BaTaLa','2021-01-18 22:27:21','2021-01-18 22:27:21'),(46,5,'Chaung-U','KhaOuNa','2021-01-18 22:27:21','2021-01-18 22:27:21'),(47,5,'Hkamti','KhaNaTa','2021-01-18 22:27:21','2021-01-18 22:27:21'),(48,5,'Homalin','HaMaLa','2021-01-18 22:27:21','2021-01-18 22:27:21'),(49,5,'Indaw','AhTaNa','2021-01-18 22:27:21','2021-01-18 22:27:21'),(50,5,'Kale','KaLaHta','2021-01-18 22:27:21','2021-01-18 22:27:21'),(51,5,'Kalewa','KaLaWa','2021-01-18 22:27:21','2021-01-18 22:27:21'),(52,5,'Kanbalu','KaBaLa','2021-01-18 22:27:21','2021-01-18 22:27:21'),(53,5,'Kani','KaNaNa','2021-01-18 22:27:21','2021-01-18 22:27:21'),(54,5,'Katha','KaThaNa','2021-01-18 22:27:21','2021-01-18 22:27:21'),(55,5,'Kawlin','KaLaNa','2021-01-18 22:27:21','2021-01-18 22:27:21'),(56,5,'Khin-U','KhaOuNa','2021-01-18 22:27:21','2021-01-18 22:27:21'),(57,5,'Kyunhla','KaLaNa','2021-01-18 22:27:21','2021-01-18 22:27:21'),(58,5,'Lahe','LaHaNa','2021-01-18 22:27:21','2021-01-18 22:27:21'),(59,5,'Lay Shi (Leshi)','LaYaNa','2021-01-18 22:27:21','2021-01-18 22:27:21'),(60,5,'Mawlaik','MaLaNa','2021-01-18 22:27:21','2021-01-18 22:27:21'),(61,5,'Mingin','MaKaNa','2021-01-18 22:27:21','2021-01-18 22:27:21'),(62,5,'Monywa','MaYaNa','2021-01-18 22:27:21','2021-01-18 22:27:21'),(63,5,'Myaung','MaMaNa','2021-01-18 22:27:21','2021-01-18 22:27:21'),(64,5,'Myinmu','MaMaNa','2021-01-18 22:27:21','2021-01-18 22:27:21'),(65,5,'Nanyun','NaYaNa','2021-01-18 22:27:21','2021-01-18 22:27:21'),(66,5,'Pale','PaLaNa','2021-01-18 22:27:21','2021-01-18 22:27:21'),(67,5,'Paungbyin','PhaPaNa','2021-01-18 22:27:21','2021-01-18 22:27:21'),(68,5,'Pinlebu','PaLaBa','2021-01-18 22:27:21','2021-01-18 22:27:21'),(69,5,'Sagaing','SaKaNa','2021-01-18 22:27:21','2021-01-18 22:27:21'),(70,5,'Salingyi','SaLaKa','2021-01-18 22:27:21','2021-01-18 22:27:21'),(71,5,'Shwebo','YaBaNa','2021-01-18 22:27:21','2021-01-18 22:27:21'),(72,5,'Tabayin','DaPaYa','2021-01-18 22:27:21','2021-01-18 22:27:21'),(73,5,'Tamu','TaMaNa','2021-01-18 22:27:21','2021-01-18 22:27:21'),(74,5,'Taze','TaSaNa','2021-01-18 22:27:21','2021-01-18 22:27:21'),(75,5,'Tigyaing','HtaKhaNa','2021-01-18 22:27:21','2021-01-18 22:27:21'),(76,5,'Wetlet','WaLaNa','2021-01-18 22:27:21','2021-01-18 22:27:21'),(77,5,'Wuntho','WaThaNa','2021-01-18 22:27:21','2021-01-18 22:27:21'),(78,5,'Ye-U','YaOuNa','2021-01-18 22:27:21','2021-01-18 22:27:21'),(79,5,'Yinmarbin','YaMaPa','2021-01-18 22:27:21','2021-01-18 22:27:21'),(80,6,'Bokpyin','BaPaNa','2021-01-18 22:27:21','2021-01-18 22:27:21'),(81,6,'Dawei','HtaWaNa','2021-01-18 22:27:21','2021-01-18 22:27:21'),(82,6,'Kawthoung','KaThaNa','2021-01-18 22:27:21','2021-01-18 22:27:21'),(83,6,'Kyunsu','KaSaNa','2021-01-18 22:27:21','2021-01-18 22:27:21'),(84,6,'Launglon','LaLaNa','2021-01-18 22:27:21','2021-01-18 22:27:21'),(85,6,'Myeik','MaMaNa','2021-01-18 22:27:21','2021-01-18 22:27:21'),(86,6,'Palaw','PaLaNa','2021-01-18 22:27:21','2021-01-18 22:27:21'),(87,6,'Tanintharyi','TaNaTha','2021-01-18 22:27:21','2021-01-18 22:27:21'),(88,6,'Thayetchaung','ThaYaKha','2021-01-18 22:27:21','2021-01-18 22:27:21'),(89,6,'Yebyu','YaPhaNa','2021-01-18 22:27:21','2021-01-18 22:27:21'),(90,7,'Bago','PaKhaNa','2021-01-18 22:27:21','2021-01-18 22:27:21'),(91,7,'Daik-U','DaOuNa','2021-01-18 22:27:21','2021-01-18 22:27:21'),(92,7,'Htantabin(Tantabin)','HtaTaPa','2021-01-18 22:27:21','2021-01-18 22:27:21'),(93,7,'Kawa','KaWaNa','2021-01-18 22:27:21','2021-01-18 22:27:21'),(94,7,'Kyaukkyi','KaKaNa','2021-01-18 22:27:21','2021-01-18 22:27:21'),(95,7,'Kyauktaga','KaTaKha','2021-01-18 22:27:21','2021-01-18 22:27:21'),(96,7,'Nyaunglebin','NyaLaPa','2021-01-18 22:27:21','2021-01-18 22:27:21'),(97,7,'Oktwin','AhTaNa','2021-01-18 22:27:21','2021-01-18 22:27:21'),(98,7,'Phyu','PhaMaNa','2021-01-18 22:27:21','2021-01-18 22:27:21'),(99,7,'Shwegyin','YaKaNa','2021-01-18 22:27:21','2021-01-18 22:27:21'),(100,7,'Taungoo','TaNgaNa','2021-01-18 22:27:21','2021-01-18 22:27:21'),(101,7,'Thanatpin','ThaNaPa','2021-01-18 22:27:21','2021-01-18 22:27:21'),(102,7,'Waw','WaMaNa','2021-01-18 22:27:21','2021-01-18 22:27:21'),(103,7,'Yedashe','YaTaYa','2021-01-18 22:27:21','2021-01-18 22:27:21'),(104,7,'Gyobingauk','KaPaKa','2021-01-18 22:27:21','2021-01-18 22:27:21'),(105,7,'Letpadan','LaPaTa','2021-01-18 22:27:21','2021-01-18 22:27:21'),(106,7,'Minhla(Bago Region)','MaLaNa','2021-01-18 22:27:21','2021-01-18 22:27:21'),(107,7,'Monyo','MaNgaNa','2021-01-18 22:27:21','2021-01-18 22:27:21'),(108,7,'Nattalin','NaTaLa','2021-01-18 22:27:21','2021-01-18 22:27:21'),(109,7,'Okpho','AhPhaNa','2021-01-18 22:27:21','2021-01-18 22:27:21'),(110,7,'Padaung','PaTaNa','2021-01-18 22:27:21','2021-01-18 22:27:21'),(111,7,'Paukkhaung','PaKhaNa','2021-01-18 22:27:21','2021-01-18 22:27:21'),(112,7,'Paungde','PaTaNa','2021-01-18 22:27:21','2021-01-18 22:27:21'),(113,7,'Pyay','PaMaNa','2021-01-18 22:27:21','2021-01-18 22:27:21'),(114,7,'Shwedaung','YaTaNa','2021-01-18 22:27:21','2021-01-18 22:27:21'),(115,7,'Thayarwady','ThaWaTa','2021-01-18 22:27:21','2021-01-18 22:27:21'),(116,7,'Thegon','ThaKaNa','2021-01-18 22:27:21','2021-01-18 22:27:21'),(117,7,'Zigon','ZaKaNa','2021-01-18 22:27:21','2021-01-18 22:27:21'),(118,8,'Aunglan','AhLaNa','2021-01-18 22:27:21','2021-01-18 22:27:21'),(119,8,'Chauk','KhaMaNa','2021-01-18 22:27:21','2021-01-18 22:27:21'),(120,8,'Gangaw','GaGaNa','2021-01-18 22:27:21','2021-01-18 22:27:21'),(121,8,'Kamma','KaMaNa','2021-01-18 22:27:21','2021-01-18 22:27:21'),(122,8,'Magway','MaKaNa','2021-01-18 22:27:21','2021-01-18 22:27:21'),(123,8,'Minbu','MaBaNa','2021-01-18 22:27:21','2021-01-18 22:27:21'),(124,8,'Mindon','MaTaNa','2021-01-18 22:27:21','2021-01-18 22:27:21'),(125,8,'Minhla','MaLaNa','2021-01-18 22:27:21','2021-01-18 22:27:21'),(126,8,'Myaing','MaMaNa','2021-01-18 22:27:21','2021-01-18 22:27:21'),(127,8,'Myothit','MaThaNa','2021-01-18 22:27:21','2021-01-18 22:27:21'),(128,8,'Natmauk','NaMaNa','2021-01-18 22:27:21','2021-01-18 22:27:21'),(129,8,'Ngape','NgaPhaNa','2021-01-18 22:27:21','2021-01-18 22:27:21'),(130,8,'Pakokku','PaKhaNa','2021-01-18 22:27:21','2021-01-18 22:27:21'),(131,8,'Pauk','PaMaNa','2021-01-18 22:27:21','2021-01-18 22:27:21'),(132,8,'Pwintbyu','PaPhaNa','2021-01-18 22:27:21','2021-01-18 22:27:21'),(133,8,'Salin','SaPaWa','2021-01-18 22:27:21','2021-01-18 22:27:21'),(134,8,'Saw','SaMaNa','2021-01-18 22:27:21','2021-01-18 22:27:21'),(135,8,'Seikphyu','SaPhaNa','2021-01-18 22:27:21','2021-01-18 22:27:21'),(136,8,'Sidoktaya','SaTaYa','2021-01-18 22:27:21','2021-01-18 22:27:21'),(137,8,'Sinbaungwe','SaPaWa','2021-01-18 22:27:21','2021-01-18 22:27:21'),(138,8,'Taungdwingyi','TaTaKa','2021-01-18 22:27:21','2021-01-18 22:27:21'),(139,8,'Thayet','ThaYaNa','2021-01-18 22:27:21','2021-01-18 22:27:21'),(140,8,'Tilin','HtaLaNa','2021-01-18 22:27:21','2021-01-18 22:27:21'),(141,8,'Yenangyaung','YaNaKha','2021-01-18 22:27:21','2021-01-18 22:27:21'),(142,8,'Yesagyo','YaSaKa','2021-01-18 22:27:21','2021-01-18 22:27:21'),(143,9,'Amarapura','AhMaYa','2021-01-18 22:27:21','2021-01-18 22:27:21'),(144,9,'Aungmyaythazan','AhMaZa','2021-01-18 22:27:21','2021-01-18 22:27:21'),(145,9,'Chanayethazan','KhaAhZa','2021-01-18 22:27:21','2021-01-18 22:27:21'),(146,9,'Chanmyathazi','KhaMaSa','2021-01-18 22:27:21','2021-01-18 22:27:21'),(147,9,'Kyaukpadaung','KaPaTa','2021-01-18 22:27:21','2021-01-18 22:27:21'),(148,9,'Kyaukse','KaSaNa','2021-01-18 22:27:21','2021-01-18 22:27:21'),(149,9,'Madaya','MaTaYa','2021-01-18 22:27:21','2021-01-18 22:27:21'),(150,9,'Mahaaungmyay','MaHaMa','2021-01-18 22:27:21','2021-01-18 22:27:21'),(151,9,'Mahlaing','MaLaNa','2021-01-18 22:27:21','2021-01-18 22:27:21'),(152,9,'Meiktila','MaHtaLa','2021-01-18 22:27:21','2021-01-18 22:27:21'),(153,9,'Mogoke','MaKaNa','2021-01-18 22:27:21','2021-01-18 22:27:21'),(154,9,'Myingyan','MaKhaNa','2021-01-18 22:27:21','2021-01-18 22:27:21'),(155,9,'Myittha','MaThaNa','2021-01-18 22:27:21','2021-01-18 22:27:21'),(156,9,'Natogyi','NaHtaKa','2021-01-18 22:27:21','2021-01-18 22:27:21'),(157,9,'Ngazun','NgaZaNa','2021-01-18 22:27:21','2021-01-18 22:27:21'),(158,9,'Nyaung-U','NyaOuNa','2021-01-18 22:27:21','2021-01-18 22:27:21'),(159,9,'Patheingyi','PaThaKa','2021-01-18 22:27:21','2021-01-18 22:27:21'),(160,9,'Pyawbwe','PaBaNa','2021-01-18 22:27:21','2021-01-18 22:27:21'),(161,9,'Pyigyitagon','PaKaKha','2021-01-18 22:27:21','2021-01-18 22:27:21'),(162,9,'Pyinoolwin','PaOuLa','2021-01-18 22:27:21','2021-01-18 22:27:21'),(163,9,'Singu','SaKaNa','2021-01-18 22:27:21','2021-01-18 22:27:21'),(164,9,'Sintgaing','SaKaNa','2021-01-18 22:27:21','2021-01-18 22:27:21'),(165,9,'Tada-U','TaTaOu','2021-01-18 22:27:21','2021-01-18 22:27:21'),(166,9,'Taungtha','TaThaNa','2021-01-18 22:27:21','2021-01-18 22:27:21'),(167,9,'Thabeikkyin','ThaPaKa','2021-01-18 22:27:21','2021-01-18 22:27:21'),(168,9,'Thazi','ThaSaNa','2021-01-18 22:27:21','2021-01-18 22:27:21'),(169,9,'Wundwin','WaTaNa','2021-01-18 22:27:21','2021-01-18 22:27:21'),(170,9,'Yamethin','YaMaTha','2021-01-18 22:27:21','2021-01-18 22:27:21'),(171,9,'Lewe (old)','LaWaNa','2021-01-18 22:27:21','2021-01-18 22:27:21'),(172,9,'Pyinmana (old)','PaMaNa','2021-01-18 22:27:21','2021-01-18 22:27:21'),(173,9,'Tatkon (old)','TaKaNa','2021-01-18 22:27:21','2021-01-18 22:27:21'),(174,10,'Bilin','BaLaNa','2021-01-18 22:27:21','2021-01-18 22:27:21'),(175,10,'Chaungzon','KhaSaNa','2021-01-18 22:27:21','2021-01-18 22:27:21'),(176,10,'Kyaikmaraw','KaMaYa','2021-01-18 22:27:21','2021-01-18 22:27:21'),(177,10,'Kyaikto','KaMaNa','2021-01-18 22:27:21','2021-01-18 22:27:21'),(178,10,'Mawlamyine','MaLaMa','2021-01-18 22:27:21','2021-01-18 22:27:21'),(179,10,'Mudon','MaDaNa','2021-01-18 22:27:21','2021-01-18 22:27:21'),(180,10,'Paung','PaMaNa','2021-01-18 22:27:21','2021-01-18 22:27:21'),(181,10,'Thanbyuzayat','ThaPhaYa','2021-01-18 22:27:21','2021-01-18 22:27:21'),(182,10,'Thaton','ThaHtaNa','2021-01-18 22:27:21','2021-01-18 22:27:21'),(183,10,'Ye','YaMaNa','2021-01-18 22:27:21','2021-01-18 22:27:21'),(184,11,'Ann','AhMaNa','2021-01-18 22:27:21','2021-01-18 22:27:21'),(185,11,'Buthidaung','BaThaTa','2021-01-18 22:27:21','2021-01-18 22:27:21'),(186,11,'Gwa','GaMaNa','2021-01-18 22:27:21','2021-01-18 22:27:21'),(187,11,'Kyaukpyu','KaPhaNa','2021-01-18 22:27:21','2021-01-18 22:27:21'),(188,11,'Kyauktaw','KaTaNa','2021-01-18 22:27:21','2021-01-18 22:27:21'),(189,11,'Maungdaw','MaTaNa','2021-01-18 22:27:21','2021-01-18 22:27:21'),(190,11,'Minbya','MaPaNa','2021-01-18 22:27:21','2021-01-18 22:27:21'),(191,11,'Mrauk-U','MaOuNa','2021-01-18 22:27:21','2021-01-18 22:27:21'),(192,11,'Munaung','MaAhNa','2021-01-18 22:27:21','2021-01-18 22:27:21'),(193,11,'Myebon','MaPaNa','2021-01-18 22:27:21','2021-01-18 22:27:21'),(194,11,'Pauktaw','PaTaNa','2021-01-18 22:27:21','2021-01-18 22:27:21'),(195,11,'Ponnagyun','PaNaKa','2021-01-18 22:27:21','2021-01-18 22:27:21'),(196,11,'Ramree','YaBaNa','2021-01-18 22:27:21','2021-01-18 22:27:21'),(197,11,'Rathedaung','YaThaTa','2021-01-18 22:27:21','2021-01-18 22:27:21'),(198,11,'Sittwe','SaTaNa','2021-01-18 22:27:21','2021-01-18 22:27:21'),(199,11,'Thandwe','ThaTaNa','2021-01-18 22:27:21','2021-01-18 22:27:21'),(200,11,'Toungup','TaKaNa','2021-01-18 22:27:21','2021-01-18 22:27:21'),(201,12,'Ahlone','AhLaNa','2021-01-18 22:27:21','2021-01-18 22:27:21'),(202,12,'Bahan','BaHaNa','2021-01-18 22:27:21','2021-01-18 22:27:21'),(203,12,'Botahtaung','ATaHta','2021-01-18 22:27:21','2021-01-18 22:27:21'),(204,12,'Cocokyun','KaKaKa','2021-01-18 22:27:21','2021-01-18 22:27:21'),(205,12,'Dagon','DaGaNa','2021-01-18 22:27:21','2021-01-18 22:27:21'),(206,12,'Dagon Myothit (East)','DaGaYa','2021-01-18 22:27:21','2021-01-18 22:27:21'),(207,12,'Dagon Myothit (North)','DaGaMa','2021-01-18 22:27:21','2021-01-18 22:27:21'),(208,12,'Dagon Myothit (Seikkan)','DaGaSa','2021-01-18 22:27:21','2021-01-18 22:27:21'),(209,12,'Dagon Myothit (South)','DaGaTa','2021-01-18 22:27:21','2021-01-18 22:27:21'),(210,12,'Dala','DaLaNa','2021-01-18 22:27:21','2021-01-18 22:27:21'),(211,12,'Dawbon','DaPaNa','2021-01-18 22:27:21','2021-01-18 22:27:21'),(212,12,'Hlaing','LaMaNa','2021-01-18 22:27:21','2021-01-18 22:27:21'),(213,12,'Hlaingtharya','LaThaYa','2021-01-18 22:27:21','2021-01-18 22:27:21'),(214,12,'Hlegu','LaKaNa','2021-01-18 22:27:21','2021-01-18 22:27:21'),(215,12,'Hmawbi','MaBaNa','2021-01-18 22:27:21','2021-01-18 22:27:21'),(216,12,'Htantabin','HtaTaPa','2021-01-18 22:27:21','2021-01-18 22:27:21'),(217,12,'Insein','AhSaNa','2021-01-18 22:27:21','2021-01-18 22:27:21'),(218,12,'Kamaryut','KaMaYa','2021-01-18 22:27:21','2021-01-18 22:27:21'),(219,12,'Kawhmu','KaMaNa','2021-01-18 22:27:21','2021-01-18 22:27:21'),(220,12,'Kayan','KhaYaNa','2021-01-18 22:27:21','2021-01-18 22:27:21'),(221,12,'Kungyangon','KaKhaKa','2021-01-18 22:27:21','2021-01-18 22:27:21'),(222,12,'Kyauktada','KaTaTa','2021-01-18 22:27:21','2021-01-18 22:27:21'),(223,12,'Kyauktan','KaTaNa','2021-01-18 22:27:21','2021-01-18 22:27:21'),(224,12,'Kyeemyindaing','KaMaTa','2021-01-18 22:27:21','2021-01-18 22:27:21'),(225,12,'Lanmadaw','LaMaTa','2021-01-18 22:27:21','2021-01-18 22:27:21'),(226,12,'Latha','LaThaNa','2021-01-18 22:27:21','2021-01-18 22:27:21'),(227,12,'Mayangone','MaYaKa','2021-01-18 22:27:21','2021-01-18 22:27:21'),(228,12,'Mingaladon','MaGaDa','2021-01-18 22:27:21','2021-01-18 22:27:21'),(229,12,'Mingalartaungnyunt','MaGaTa','2021-01-18 22:27:21','2021-01-18 22:27:21'),(230,12,'North Okkalapa','OuKaMa','2021-01-18 22:27:21','2021-01-18 22:27:21'),(231,12,'Pabedan','PaBaTa','2021-01-18 22:27:21','2021-01-18 22:27:21'),(232,12,'Pazundaung','PaZaTa','2021-01-18 22:27:21','2021-01-18 22:27:21'),(233,12,'Sanchaung','SaKhaNa','2021-01-18 22:27:21','2021-01-18 22:27:21'),(234,12,'Seikgyikanaungto','SaKaKha','2021-01-18 22:27:21','2021-01-18 22:27:21'),(235,12,'Seikkan','SaKaNa','2021-01-18 22:27:21','2021-01-18 22:27:21'),(236,12,'Shwepyithar','YaPaTha','2021-01-18 22:27:21','2021-01-18 22:27:21'),(237,12,'South Okkalapa','OuKaTa','2021-01-18 22:27:21','2021-01-18 22:27:21'),(238,12,'Taikkyi','TaKaNa','2021-01-18 22:27:21','2021-01-18 22:27:21'),(239,12,'Tamwe','TaMaNa','2021-01-18 22:27:21','2021-01-18 22:27:21'),(240,12,'Thaketa','ThaKaTa','2021-01-18 22:27:21','2021-01-18 22:27:21'),(241,12,'Thanlyin','ThaLaNa','2021-01-18 22:27:21','2021-01-18 22:27:21'),(242,12,'Thingangyun','ThaYaKa','2021-01-18 22:27:21','2021-01-18 22:27:21'),(243,12,'Thongwa','ThaKhaNa','2021-01-18 22:27:21','2021-01-18 22:27:21'),(244,12,'Twantay','TaTaNa','2021-01-18 22:27:21','2021-01-18 22:27:21'),(245,12,'Yankin','YaKaNa','2021-01-18 22:27:21','2021-01-18 22:27:21'),(246,13,'Kengtung','KaTaNa','2021-01-18 22:27:21','2021-01-18 22:27:21'),(247,13,'Mong Pawk','MaPaNa','2021-01-18 22:27:21','2021-01-18 22:27:21'),(248,13,'Monghpyak','MaPhaNa','2021-01-18 22:27:21','2021-01-18 22:27:21'),(249,13,'Monghsat','MaSaNa','2021-01-18 22:27:21','2021-01-18 22:27:21'),(250,13,'Mongkhet','MaKhaNa','2021-01-18 22:27:21','2021-01-18 22:27:21'),(251,13,'Mongla','MaLaNa','2021-01-18 22:27:21','2021-01-18 22:27:21'),(252,13,'Mongping','MaPaNa','2021-01-18 22:27:21','2021-01-18 22:27:21'),(253,13,'Mongton','MaTaNa','2021-01-18 22:27:21','2021-01-18 22:27:21'),(254,13,'Mongyang','MaYaNa','2021-01-18 22:27:21','2021-01-18 22:27:21'),(255,13,'Mongyawng','MaYaNa','2021-01-18 22:27:21','2021-01-18 22:27:21'),(256,13,'Nam Hpai','NaPhaNa','2021-01-18 22:27:21','2021-01-18 22:27:21'),(257,13,'Tachileik','TaKhaLa','2021-01-18 22:27:21','2021-01-18 22:27:21'),(258,13,'Hopang','HaPaNa','2021-01-18 22:27:21','2021-01-18 22:27:21'),(259,13,'Hseni(Hsenwi)','ThaNaNa','2021-01-18 22:27:21','2021-01-18 22:27:21'),(260,13,'Hsipaw','ThaPaNa','2021-01-18 22:27:21','2021-01-18 22:27:21'),(261,13,'Konkyan','KaKhaNa','2021-01-18 22:27:21','2021-01-18 22:27:21'),(262,13,'Kunlong','KaLaNa','2021-01-18 22:27:21','2021-01-18 22:27:21'),(263,13,'Kutkai','KaKhaNa','2021-01-18 22:27:21','2021-01-18 22:27:21'),(264,13,'Kyaukme','KaMaNa','2021-01-18 22:27:21','2021-01-18 22:27:21'),(265,13,'Lashio','LaYaNa','2021-01-18 22:27:21','2021-01-18 22:27:21'),(266,13,'Laukkaing','LaKaNa','2021-01-18 22:27:21','2021-01-18 22:27:21'),(267,13,'Mabein','MaBaNa','2021-01-18 22:27:21','2021-01-18 22:27:21'),(268,13,'Manton','MaTaNa','2021-01-18 22:27:21','2021-01-18 22:27:21'),(269,13,'Matman','MaMaNa','2021-01-18 22:27:21','2021-01-18 22:27:21'),(270,13,'Mongmao','MaMaNa','2021-01-18 22:27:21','2021-01-18 22:27:21'),(271,13,'Mongmit','MaMaNa','2021-01-18 22:27:21','2021-01-18 22:27:21'),(272,13,'Mongyai','MaYaNa','2021-01-18 22:27:21','2021-01-18 22:27:21'),(273,13,'Muse','MaSaNa','2021-01-18 22:27:21','2021-01-18 22:27:21'),(274,13,'Namhkan','NaKhaNa','2021-01-18 22:27:21','2021-01-18 22:27:21'),(275,13,'Namhsan','NaMaSa','2021-01-18 22:27:21','2021-01-18 22:27:21'),(276,13,'Namtu','NaMaTa','2021-01-18 22:27:21','2021-01-18 22:27:21'),(277,13,'Namphan','NaPhaNa','2021-01-18 22:27:21','2021-01-18 22:27:21'),(278,13,'Nawnghkio','NaKhaNa','2021-01-18 22:27:21','2021-01-18 22:27:21'),(279,13,'Pangsang (Panghkam)','PaSaNa','2021-01-18 22:27:21','2021-01-18 22:27:21'),(280,13,'Pangwaun','PaWaNa','2021-01-18 22:27:21','2021-01-18 22:27:21'),(281,13,'Tangyan','TaYaNa','2021-01-18 22:27:21','2021-01-18 22:27:21'),(282,13,'Hopong','HaPaNa','2021-01-18 22:27:21','2021-01-18 22:27:21'),(283,13,'Hsihseng','SaSaNa','2021-01-18 22:27:21','2021-01-18 22:27:21'),(284,13,'Kalaw','KaLaNa','2021-01-18 22:27:21','2021-01-18 22:27:21'),(285,13,'Kunhing','KaHaNa','2021-01-18 22:27:21','2021-01-18 22:27:21'),(286,13,'Kyethi','KaThaNa','2021-01-18 22:27:21','2021-01-18 22:27:21'),(287,13,'Laihka','LaKhaNa','2021-01-18 22:27:21','2021-01-18 22:27:21'),(288,13,'Langkho','LaKhaNa','2021-01-18 22:27:21','2021-01-18 22:27:21'),(289,13,'Lawksawk','YaSaNa','2021-01-18 22:27:21','2021-01-18 22:27:21'),(290,13,'Loilem','LaLaNa','2021-01-18 22:27:21','2021-01-18 22:27:21'),(291,13,'Mawkmai','MaMaNa','2021-01-18 22:27:21','2021-01-18 22:27:21'),(292,13,'Monghsu','MaYaNa','2021-01-18 22:27:21','2021-01-18 22:27:21'),(293,13,'Mongkung (Mongkaing)','MaKaNa','2021-01-18 22:27:21','2021-01-18 22:27:21'),(294,13,'Mongnai','MaNaNa','2021-01-18 22:27:21','2021-01-18 22:27:21'),(295,13,'Mongpan','MaPaNa','2021-01-18 22:27:21','2021-01-18 22:27:21'),(296,13,'Nansang','NaSaNa','2021-01-18 22:27:21','2021-01-18 22:27:21'),(297,13,'Nyaungshwe','NgaYaNa','2021-01-18 22:27:21','2021-01-18 22:27:21'),(298,13,'Pekon','PhaKhaNa','2021-01-18 22:27:21','2021-01-18 22:27:21'),(299,13,'Pindaya','PaTaYa','2021-01-18 22:27:21','2021-01-18 22:27:21'),(300,13,'Pinlaung','PaLaNa','2021-01-18 22:27:21','2021-01-18 22:27:21'),(301,13,'Taunggyi','TaKaNa','2021-01-18 22:27:21','2021-01-18 22:27:21'),(302,13,'Ywangan','YaNgaNa','2021-01-18 22:27:21','2021-01-18 22:27:21'),(303,14,'Bogale','BaKaLa','2021-01-18 22:27:21','2021-01-18 22:27:21'),(304,14,'Danubyu','DaNaPha','2021-01-18 22:27:21','2021-01-18 22:27:21'),(305,14,'Dedaye','DaDaYa','2021-01-18 22:27:21','2021-01-18 22:27:21'),(306,14,'Einme','AhMaNa','2021-01-18 22:27:21','2021-01-18 22:27:21'),(307,14,'Hinthada','HaThaTa','2021-01-18 22:27:21','2021-01-18 22:27:21'),(308,14,'Ingapu','AhGaPa','2021-01-18 22:27:21','2021-01-18 22:27:21'),(309,14,'Kangyidaunt','KaKaHta','2021-01-18 22:27:21','2021-01-18 22:27:21'),(310,14,'Kyaiklat','KaLaNa','2021-01-18 22:27:21','2021-01-18 22:27:21'),(311,14,'Kyangin','KaKhaNa','2021-01-18 22:27:21','2021-01-18 22:27:21'),(312,14,'Kyaunggon','KaKaNa','2021-01-18 22:27:21','2021-01-18 22:27:21'),(313,14,'Kyonpyaw','KaPaNa','2021-01-18 22:27:21','2021-01-18 22:27:21'),(314,14,'Labutta','LaPaTa','2021-01-18 22:27:21','2021-01-18 22:27:21'),(315,14,'Lemyethna','LaMaNa','2021-01-18 22:27:21','2021-01-18 22:27:21'),(316,14,'Maubin','MaAhPa','2021-01-18 22:27:21','2021-01-18 22:27:21'),(317,14,'Mawlamyinegyun','MaMaKa','2021-01-18 22:27:21','2021-01-18 22:27:21'),(318,14,'Myanaung','MaAhNa','2021-01-18 22:27:21','2021-01-18 22:27:21'),(319,14,'Myaungmya','MaMaNa','2021-01-18 22:27:21','2021-01-18 22:27:21'),(320,14,'Ngapudaw','NgaPaTa','2021-01-18 22:27:21','2021-01-18 22:27:21'),(321,14,'Nyaungdon','NgaTaNa','2021-01-18 22:27:21','2021-01-18 22:27:21'),(322,14,'Pantanaw','PaTaNa','2021-01-18 22:27:21','2021-01-18 22:27:21'),(323,14,'Pathein','PaThaNa','2021-01-18 22:27:21','2021-01-18 22:27:21'),(324,14,'Pyapon','PhaPaNa','2021-01-18 22:27:21','2021-01-18 22:27:21'),(325,14,'Thabaung','ThaPaNa','2021-01-18 22:27:21','2021-01-18 22:27:21'),(326,14,'Wakema','WaKhaMa','2021-01-18 22:27:21','2021-01-18 22:27:21'),(327,14,'Yegyi','YaKaNa','2021-01-18 22:27:21','2021-01-18 22:27:21'),(328,14,'Zalun','ZaLaNa','2021-01-18 22:27:21','2021-01-18 22:27:21'),(329,15,'Det Khi Na Thi Ri','-','2021-01-18 22:27:21','2021-01-18 22:27:21'),(330,15,'Lewe','-','2021-01-18 22:27:21','2021-01-18 22:27:21'),(331,15,'Oke Ta Ra Thi Ri','-','2021-01-18 22:27:21','2021-01-18 22:27:21'),(332,15,'Poke Ba Thi Ri','-','2021-01-18 22:27:21','2021-01-18 22:27:21'),(333,15,'Pyinmana','-','2021-01-18 22:27:21','2021-01-18 22:27:21'),(334,15,'Tatkon','-','2021-01-18 22:27:21','2021-01-18 22:27:21'),(335,15,'Za Bu Thi Ri','-','2021-01-18 22:27:21','2021-01-18 22:27:21'),(336,15,'Zay Yar Thi Ri','-','2021-01-18 22:27:21','2021-01-18 22:27:21');

--
-- Table structure for table `users_permissions`
--

CREATE TABLE `users_permissions` (
  `user_id` int(10) unsigned NOT NULL,
  `permission_id` int(10) unsigned NOT NULL,
  PRIMARY KEY (`user_id`,`permission_id`),
  KEY `users_permissions_permission_id_foreign` (`permission_id`),
  CONSTRAINT `users_permissions_permission_id_foreign` FOREIGN KEY (`permission_id`) REFERENCES `permissions` (`id`) ON DELETE CASCADE,
  CONSTRAINT `users_permissions_user_id_foreign` FOREIGN KEY (`user_id`) REFERENCES `users` (`id`) ON DELETE CASCADE
) ENGINE=InnoDB DEFAULT CHARSET=utf8mb4 COLLATE=utf8mb4_unicode_ci;

--
-- Dumping data for table `users_permissions`
--


--
-- Table structure for table `users_roles`
--

CREATE TABLE `users_roles` (
  `user_id` int(10) unsigned NOT NULL,
  `role_id` int(10) unsigned NOT NULL,
  PRIMARY KEY (`user_id`,`role_id`),
  KEY `users_roles_role_id_foreign` (`role_id`),
  CONSTRAINT `users_roles_role_id_foreign` FOREIGN KEY (`role_id`) REFERENCES `roles` (`id`) ON DELETE CASCADE,
  CONSTRAINT `users_roles_user_id_foreign` FOREIGN KEY (`user_id`) REFERENCES `users` (`id`) ON DELETE CASCADE
) ENGINE=InnoDB DEFAULT CHARSET=utf8mb4 COLLATE=utf8mb4_unicode_ci;

--
-- Dumping data for table `users_roles`
--

INSERT INTO `users_roles` VALUES (1,1),(2,2);

--
-- Table structure for table `videos`
--

CREATE TABLE `videos` (
  `id` bigint(20) unsigned NOT NULL AUTO_INCREMENT,
  `name` varchar(255) COLLATE utf8mb4_unicode_ci NOT NULL,
  `description` varchar(255) COLLATE utf8mb4_unicode_ci NOT NULL,
  `video_path` varchar(255) COLLATE utf8mb4_unicode_ci NOT NULL,
  `created_at` timestamp NULL DEFAULT NULL,
  `updated_at` timestamp NULL DEFAULT NULL,
  PRIMARY KEY (`id`)
) ENGINE=InnoDB DEFAULT CHARSET=utf8mb4 COLLATE=utf8mb4_unicode_ci;

--
-- Dumping data for table `videos`
--



